{"id":31755,"date":"2026-04-01T11:52:52","date_gmt":"2026-04-01T11:52:52","guid":{"rendered":"https:\/\/esquell.eu\/product\/plaque-de-sechage-pour-largile-metallique-usb-3-reglages-de-temperature\/"},"modified":"2026-04-01T11:52:52","modified_gmt":"2026-04-01T11:52:52","slug":"plaque-de-sechage-pour-largile-metallique-usb-3-reglages-de-temperature","status":"publish","type":"product","link":"https:\/\/esquell.eu\/fr\/produit\/plaque-de-sechage-pour-largile-metallique-usb-3-reglages-de-temperature\/","title":{"rendered":"Plaque de s\u00e9chage pour l&rsquo;argile m\u00e9tallique. Usb. 3 r\u00e9glages de temp\u00e9rature"},"content":{"rendered":"<p>Plaque de s\u00e9chage pour l&rsquo;argile m\u00e9tallique. Usb.<br \/>\n3 r\u00e9glages de temp\u00e9rature<br \/>\n55-65-75 degr\u00e9s <\/p>\n<p>Taille pratique pour la table de travail.  <\/p>\n<p>Acc\u00e9l\u00e8re le s\u00e9chage par rapport au s\u00e9chage \u00e0 l&rsquo;air et ne chauffe pas trop.<br \/>\nAlimentation \u00e9lectrique par USB.  <\/p>\n<p>Conseil : prot\u00e9gez la plaque avec un tapis en t\u00e9flon ou un tuffcard.  <\/p>\n","protected":false},"excerpt":{"rendered":"<p>Plaque de s\u00e9chage pour l&rsquo;argile m\u00e9tallique. Usb.<br \/>\n3 r\u00e9glages de temp\u00e9rature<br \/>\n55-65-75 degr\u00e9s <\/p>\n<p>Taille pratique pour la table de travail.  <\/p>\n<p>Acc\u00e9l\u00e8re le s\u00e9chage par rapport au s\u00e9chage \u00e0 l&rsquo;air et ne chauffe pas trop.<br \/>\nAlimentation \u00e9lectrique par USB.  <\/p>\n","protected":false},"featured_media":31531,"comment_status":"closed","ping_status":"closed","template":"","meta":{"_acf_changed":false,"_seopress_robots_primary_cat":"none","_seopress_titles_title":"","_seopress_titles_desc":"","_seopress_robots_index":""},"more":[],"product_brand":[6398],"product_cat":[9823,6364,11931,7412,6366],"product_tag":[6404,6378,22483,22482,14308,21553,8081,13141,22484],"class_list":{"0":"post-31755","1":"product","2":"type-product","3":"status-publish","4":"has-post-thumbnail","6":"product_brand-l1","7":"product_cat-bake-off","8":"product_cat-materiel-supplementaire","9":"product_cat-nouveau","10":"product_cat-outils-de-base","11":"product_cat-poncage-limage-et-polissage","12":"product_tag-argile-argentee","13":"product_tag-argile-metallique","14":"product_tag-en-attente","15":"product_tag-faible-2","16":"product_tag-image-2","17":"product_tag-plaque-de-sechage","18":"product_tag-sec","19":"product_tag-temperature","20":"product_tag-terme-de-temperature","22":"first","23":"instock","24":"taxable","25":"shipping-taxable","26":"purchasable","27":"product-type-simple"},"acf":[],"_links":{"self":[{"href":"https:\/\/esquell.eu\/fr\/wp-json\/wp\/v2\/product\/31755","targetHints":{"allow":["GET"]}}],"collection":[{"href":"https:\/\/esquell.eu\/fr\/wp-json\/wp\/v2\/product"}],"about":[{"href":"https:\/\/esquell.eu\/fr\/wp-json\/wp\/v2\/types\/product"}],"replies":[{"embeddable":true,"href":"https:\/\/esquell.eu\/fr\/wp-json\/wp\/v2\/comments?post=31755"}],"wp:featuredmedia":[{"embeddable":true,"href":"https:\/\/esquell.eu\/fr\/wp-json\/wp\/v2\/media\/31531"}],"wp:attachment":[{"href":"https:\/\/esquell.eu\/fr\/wp-json\/wp\/v2\/media?parent=31755"}],"wp:term":[{"taxonomy":"more","embeddable":true,"href":"https:\/\/esquell.eu\/fr\/wp-json\/wp\/v2\/more?post=31755"},{"taxonomy":"product_brand","embeddable":true,"href":"https:\/\/esquell.eu\/fr\/wp-json\/wp\/v2\/product_brand?post=31755"},{"taxonomy":"product_cat","embeddable":true,"href":"https:\/\/esquell.eu\/fr\/wp-json\/wp\/v2\/product_cat?post=31755"},{"taxonomy":"product_tag","embeddable":true,"href":"https:\/\/esquell.eu\/fr\/wp-json\/wp\/v2\/product_tag?post=31755"}],"curies":[{"name":"wp","href":"https:\/\/api.w.org\/{rel}","templated":true}]}}

Plaque de séchage pour l&rsquo;argile métallique. Usb. 3 réglages de température

<p>Plaque de séchage pour l&rsquo;argile métallique. Usb.<br />
3 réglages de température<br />
55-65-75 degrés </p>
<p>Taille pratique pour la table de travail.  </p>
<p>Accélère le séchage par rapport au séchage à l&rsquo;air et ne chauffe pas trop.<br />
Alimentation électrique par USB.  </p>
<p>Conseil : protégez la plaque avec un tapis en téflon ou un tuffcard.  </p>

<p>Plaque de séchage pour l&rsquo;argile métallique. Usb.<br />
3 réglages de température<br />
55-65-75 degrés </p>
<p>Taille pratique pour la table de travail.  </p>
<p>Accélère le séchage par rapport au séchage à l&rsquo;air et ne chauffe pas trop.<br />
Alimentation électrique par USB.  </p>
