{"id":29565,"date":"2026-01-09T21:09:33","date_gmt":"2026-01-09T21:09:33","guid":{"rendered":"https:\/\/esquell.eu\/?post_type=product&#038;p=29565"},"modified":"2026-01-10T14:33:18","modified_gmt":"2026-01-10T14:33:18","slug":"crochets-doreille-hauteur-34-mm-ovale-avec-anneau-pendentif-argent-925-kopie","status":"publish","type":"product","link":"https:\/\/esquell.eu\/fr\/produit\/crochets-doreille-hauteur-34-mm-ovale-avec-anneau-pendentif-argent-925-kopie\/","title":{"rendered":"Crochets d&rsquo;oreilles en argent 925. Par paire. Hauteur : 1,5 cm"},"content":{"rendered":"<p>Crochets d&rsquo;oreilles en argent fin<\/p>\n<p>Fil de 0,8 mm, crochets extra-longs, hauteur env. 1,5 cm.<br \/>\nSollid argent 925.<\/p>\n<p>Qualit\u00e9 joailli\u00e8re. Fa\u00e7ade large, qualit\u00e9 lourde.<br \/>\nAvec anneau pendentif.<br \/>\nFinition brillante. <\/p>\n<p>Si vous le souhaitez, les bouchons en silicone peuvent \u00eatre utilis\u00e9s comme butoirs.<\/p>\n","protected":false},"excerpt":{"rendered":"<div class=\"product-addition-content\">\n<p>Crochets d&rsquo;oreilles,<\/p>\n<p>Fil de 0,8 mm, crochets extra longs, hauteur d&rsquo;environ 1,5 cm.<br \/>\nArgent massif 925.<\/p>\n<p>Qualit\u00e9 joailli\u00e8re<br \/>\nAvec \u0153illet de pendentif.<br \/>\nFinition hautement polie.<\/p>\n<p>&nbsp;<\/p>\n<\/div>\n","protected":false},"featured_media":29569,"comment_status":"closed","ping_status":"closed","template":"","meta":{"_acf_changed":false,"_seopress_robots_primary_cat":"none","_seopress_titles_title":"","_seopress_titles_desc":"","_seopress_robots_index":""},"more":[],"product_brand":[6914],"product_cat":[11982,11931],"product_tag":[11988,6755,9296,7469,9299,12048,9303,7664,12038,12046,6645,7760,6646,6939,7409,10091,6945,7024,7647,6923,7096,12077,6947,6949,6393,12085,6402,12105,6641,7814,8994,12027,9407,8426,12121,12132,10330,6389,6796,12108,6409,7770,12119,12126,7817,8739,7762,6649,6706,12111,7778,8897,12071,7047,7053,8489,9652,12034,12059,12114,8503,7038,12016,6647,6724,12040,12242,12031,7766,6374,6798,11027,9280,11996,6712,12024,6651,9304,6951,7120,12089,12006,6801,10092,11992,7121,6930,7026,8501,7042,8837,7040,10255,12097,7034,11155,12056,8901,6637,7313,7353,6643,12000,12068,12241,6391,12117,12243,6927,12101,12135,12054,12043,12123,6925,12020,12093,8511,9300,6805,11295,11984,7651,9295,7764,6787,8495,10094,9648,6803,6807,9977,7032],"class_list":{"0":"post-29565","1":"product","2":"type-product","3":"status-publish","4":"has-post-thumbnail","6":"product_brand-ayu","7":"product_cat-boucles-doreilles-925","8":"product_cat-nouveau","9":"product_tag-11988","10":"product_tag-6755","11":"product_tag-9296","12":"product_tag-7469","13":"product_tag-9299","14":"product_tag-12048","15":"product_tag-9303","16":"product_tag-7664","17":"product_tag-12038","18":"product_tag-12046","19":"product_tag-a","20":"product_tag-achats-2","21":"product_tag-acheter","22":"product_tag-acheter-2","23":"product_tag-acier","24":"product_tag-acier-inoxydable-3","25":"product_tag-alkmaar","26":"product_tag-almere","27":"product_tag-ameland","28":"product_tag-amsterdam","29":"product_tag-apeldoorn","30":"product_tag-appelscha","31":"product_tag-arnhem","32":"product_tag-assen","33":"product_tag-belgique","34":"product_tag-bellingwolde","35":"product_tag-bon-marche","36":"product_tag-bouchons-4","37":"product_tag-boucles-doreilles","38":"product_tag-boucles-doreilles-2","39":"product_tag-boucles-doreilles-4","40":"product_tag-boucles-doreilles-5","41":"product_tag-boucles-doreilles-diy","42":"product_tag-boucles-doreilles-en-argile","43":"product_tag-boucles-doreilles-en-verre","44":"product_tag-boucles-doreilles-epoxy","45":"product_tag-boucles-doreilles-perlees","46":"product_tag-boutique-en-ligne","47":"product_tag-boutique-en-ligne-2","48":"product_tag-bouton","49":"product_tag-bricolage","50":"product_tag-camps","51":"product_tag-clip-doreille","52":"product_tag-clips-doreille","53":"product_tag-clous-doreilles","54":"product_tag-clous-doreilles-2","55":"product_tag-coevorden","56":"product_tag-commande","57":"product_tag-commerce-de-gros","58":"product_tag-contre-feux","59":"product_tag-corne","60":"product_tag-cornes-doreilles","61":"product_tag-cornes-doreilles-2","62":"product_tag-delft","63":"product_tag-delftzijl","64":"product_tag-den-bosch","65":"product_tag-den-helder","66":"product_tag-doetichem","67":"product_tag-dos","68":"product_tag-dos-de-boucles-doreilles","69":"product_tag-dronten","70":"product_tag-eindhoven","71":"product_tag-elburg","72":"product_tag-en-ligne","73":"product_tag-envoyer","74":"product_tag-epingle","75":"product_tag-epingle-a-boucle-doreille","76":"product_tag-etalon","77":"product_tag-etreilen","78":"product_tag-faire","79":"product_tag-faire-2","80":"product_tag-forgeage","81":"product_tag-grand","82":"product_tag-grande","83":"product_tag-gratuit","84":"product_tag-gratuit-2","85":"product_tag-groningue","86":"product_tag-hardenberg","87":"product_tag-heerenveen","88":"product_tag-hoogeveen","89":"product_tag-hoogezand","90":"product_tag-hypoallergenique","91":"product_tag-il","92":"product_tag-inox","93":"product_tag-inoxydable","94":"product_tag-la-haye","95":"product_tag-leeuwarden","96":"product_tag-lelystad","97":"product_tag-lemmer","98":"product_tag-maastricht","99":"product_tag-meilleur","100":"product_tag-middelburg","101":"product_tag-mm","102":"product_tag-nes","103":"product_tag-nijmegen","104":"product_tag-ommen","105":"product_tag-oreille","106":"product_tag-oreillettes","107":"product_tag-orfevre","108":"product_tag-orfevre-2","109":"product_tag-orfevres-3","110":"product_tag-ou","111":"product_tag-ovale-2","112":"product_tag-papillons","113":"product_tag-papillons-2","114":"product_tag-pays-bas","115":"product_tag-pieces-de-boucles-doreilles","116":"product_tag-pince-oreille","117":"product_tag-plomb","118":"product_tag-poucette","119":"product_tag-poucettes","120":"product_tag-qualite-des-bijoux","121":"product_tag-retour","122":"product_tag-riles","123":"product_tag-rotterdam","124":"product_tag-rouille","125":"product_tag-sappermeer","126":"product_tag-se-faufiler","127":"product_tag-serrure","128":"product_tag-soi","129":"product_tag-taille","130":"product_tag-terneuzen","131":"product_tag-texel","132":"product_tag-tiel","133":"product_tag-urk","134":"product_tag-utrecht","135":"product_tag-venlo","136":"product_tag-voler","137":"product_tag-vollenhove","138":"product_tag-votre","139":"product_tag-vous-2","140":"product_tag-winschoten","141":"product_tag-zwolle","142":"product_shipping_class-standard","144":"first","145":"instock","146":"taxable","147":"shipping-taxable","148":"purchasable","149":"product-type-simple"},"acf":[],"_links":{"self":[{"href":"https:\/\/esquell.eu\/fr\/wp-json\/wp\/v2\/product\/29565","targetHints":{"allow":["GET"]}}],"collection":[{"href":"https:\/\/esquell.eu\/fr\/wp-json\/wp\/v2\/product"}],"about":[{"href":"https:\/\/esquell.eu\/fr\/wp-json\/wp\/v2\/types\/product"}],"replies":[{"embeddable":true,"href":"https:\/\/esquell.eu\/fr\/wp-json\/wp\/v2\/comments?post=29565"}],"wp:featuredmedia":[{"embeddable":true,"href":"https:\/\/esquell.eu\/fr\/wp-json\/wp\/v2\/media\/29569"}],"wp:attachment":[{"href":"https:\/\/esquell.eu\/fr\/wp-json\/wp\/v2\/media?parent=29565"}],"wp:term":[{"taxonomy":"more","embeddable":true,"href":"https:\/\/esquell.eu\/fr\/wp-json\/wp\/v2\/more?post=29565"},{"taxonomy":"product_brand","embeddable":true,"href":"https:\/\/esquell.eu\/fr\/wp-json\/wp\/v2\/product_brand?post=29565"},{"taxonomy":"product_cat","embeddable":true,"href":"https:\/\/esquell.eu\/fr\/wp-json\/wp\/v2\/product_cat?post=29565"},{"taxonomy":"product_tag","embeddable":true,"href":"https:\/\/esquell.eu\/fr\/wp-json\/wp\/v2\/product_tag?post=29565"}],"curies":[{"name":"wp","href":"https:\/\/api.w.org\/{rel}","templated":true}]}}

<p>Crochets d&rsquo;oreilles en argent fin</p>
<p>Fil de 0,8 mm, crochets extra-longs, hauteur env. 1,5 cm.<br />
Sollid argent 925.</p>
<p>Qualité joaillière. Façade large, qualité lourde.<br />
Avec anneau pendentif.<br />
Finition brillante. </p>
<p>Si vous le souhaitez, les bouchons en silicone peuvent être utilisés comme butoirs.</p>

<div class="product-addition-content">
<p>Crochets d&rsquo;oreilles,</p>
<p>Fil de 0,8 mm, crochets extra longs, hauteur d&rsquo;environ 1,5 cm.<br />
Argent massif 925.</p>
<p>Qualité joaillière<br />
Avec œillet de pendentif.<br />
Finition hautement polie.</p>
<p>&nbsp;</p>
</div>
