{"id":28775,"date":"2025-12-01T01:50:03","date_gmt":"2025-12-01T01:50:03","guid":{"rendered":"https:\/\/esquell.eu\/?post_type=product&#038;p=28775"},"modified":"2026-03-30T14:41:39","modified_gmt":"2026-03-30T14:41:39","slug":"grilles-en-acier-inoxydable-pour-la-cuisson-et-le-sechage-differentes-tailles-f-0018-kopie","status":"publish","type":"product","link":"https:\/\/esquell.eu\/fr\/produit\/grilles-en-acier-inoxydable-pour-la-cuisson-et-le-sechage-differentes-tailles-f-0018-kopie\/","title":{"rendered":"Grille en acier inoxydable pour l&rsquo;\u00e9maillage et la cuisson de l&rsquo;argile m\u00e9tallique"},"content":{"rendered":"<p>Grille en acier inoxydable pour le s\u00e9chage ou la cuisson de l&rsquo;argile \/ de l&rsquo;\u00e9mail, etc.<br \/>\nDiff\u00e9rentes tailles \/ avec ou sans cage de cuisson.<\/p>\n<p>Pratique pour le s\u00e9chage et la cuisson de l&rsquo;argile. Vous placez l&rsquo;ornement sur cette grille de s\u00e9chage et vous le s\u00e9chez ensuite \u00e0 l&rsquo;aide d&rsquo;un s\u00e8che-cheveux. Vous pouvez \u00e9galement placer la grille sur une plaque chauffante. Convient \u00e9galement pour la cuisson sur la cuisini\u00e8re \u00e0 gaz.   <\/p>\n","protected":false},"excerpt":{"rendered":"<p>Grille en acier inoxydable pour le s\u00e9chage ou la cuisson de l&rsquo;argile, de l&rsquo;\u00e9mail, etc.<\/p>\n<p>Diff\u00e9rentes tailles.<\/p>\n<p>S\u00e9chage et cuisson de l&rsquo;argile. Vous placez l&rsquo;ornement sur cette grille de s\u00e9chage et vous le s\u00e9chez ensuite \u00e0 l&rsquo;aide d&rsquo;un s\u00e8che-cheveux. Vous pouvez \u00e9galement placer la grille sur une plaque chauffante. Convient \u00e9galement pour la cuisson sur une cuisini\u00e8re \u00e0 gaz.   <\/p>\n","protected":false},"featured_media":28791,"comment_status":"closed","ping_status":"closed","template":"","meta":{"_acf_changed":false,"_seopress_robots_primary_cat":"none","_seopress_titles_title":"","_seopress_titles_desc":"","_seopress_robots_index":""},"more":[],"product_brand":[6521],"product_cat":[9823,6705],"product_tag":[10187,6847,10091,6386,6473,6404,6420,7028,6378,6376,7100,7571,7572,6393,6396,9795,6402,6706,8226,8641,21839,22366,7652,6743,7233,8222,7565,6401,7479,13531,13572,18085,11992,6381,15538,6634,6472,8220,10354,6559,6400,6656,7851,6567,7405,6636,18042,18086,6391,7506,6751,6407,6411,8647,18084],"class_list":{"0":"post-28775","1":"product","2":"type-product","3":"status-publish","4":"has-post-thumbnail","6":"product_brand-promethee","7":"product_cat-bake-off","8":"product_cat-outils-et-fournitures-pour-lemaillage","9":"product_tag-acier-2","10":"product_tag-acier-inoxydable","11":"product_tag-acier-inoxydable-3","12":"product_tag-aida","13":"product_tag-argile-2","14":"product_tag-argile-argentee","15":"product_tag-argile-bronze","16":"product_tag-argile-cuivreuse","17":"product_tag-argile-metallique","18":"product_tag-artclaysilver","19":"product_tag-artclaysilvershop","20":"product_tag-artclayworld","21":"product_tag-avec","22":"product_tag-belgique","23":"product_tag-belgique-2","24":"product_tag-bloc-de-metal","25":"product_tag-bon-marche","26":"product_tag-commerce-de-gros","27":"product_tag-cours","28":"product_tag-cuisson","29":"product_tag-debout","30":"product_tag-debout-2","31":"product_tag-description-du-travail","32":"product_tag-distributeur","33":"product_tag-emaillage","34":"product_tag-eu","35":"product_tag-formation","36":"product_tag-france","37":"product_tag-france-2","38":"product_tag-grille","39":"product_tag-grille-de-cuisson","40":"product_tag-grille-de-sechage","41":"product_tag-inoxydable","42":"product_tag-japon","43":"product_tag-kit-de-demarrage-2","44":"product_tag-largent-3","45":"product_tag-lart","46":"product_tag-leurope","47":"product_tag-leurope-2","48":"product_tag-lignes-dartisanat","49":"product_tag-luxembourg","50":"product_tag-luxembourg-2","51":"product_tag-manuel","52":"product_tag-offrir","53":"product_tag-outil-2","54":"product_tag-outils","55":"product_tag-outils-de-base","56":"product_tag-outils-de-base-2","57":"product_tag-pays-bas","58":"product_tag-pour","59":"product_tag-reduction","60":"product_tag-silverclay-co-uk","61":"product_tag-tempete-de-sable","62":"product_tag-torche","63":"product_tag-travail-2","64":"product_shipping_class-standard","65":"pa_afmeting-106145-mm","66":"pa_afmeting-18081","67":"pa_afmeting-1818-cm-cage-66-cm","68":"pa_afmeting-cage-libre-66","70":"first","71":"instock","72":"taxable","73":"shipping-taxable","74":"purchasable","75":"product-type-simple"},"acf":[],"_links":{"self":[{"href":"https:\/\/esquell.eu\/fr\/wp-json\/wp\/v2\/product\/28775","targetHints":{"allow":["GET"]}}],"collection":[{"href":"https:\/\/esquell.eu\/fr\/wp-json\/wp\/v2\/product"}],"about":[{"href":"https:\/\/esquell.eu\/fr\/wp-json\/wp\/v2\/types\/product"}],"replies":[{"embeddable":true,"href":"https:\/\/esquell.eu\/fr\/wp-json\/wp\/v2\/comments?post=28775"}],"wp:featuredmedia":[{"embeddable":true,"href":"https:\/\/esquell.eu\/fr\/wp-json\/wp\/v2\/media\/28791"}],"wp:attachment":[{"href":"https:\/\/esquell.eu\/fr\/wp-json\/wp\/v2\/media?parent=28775"}],"wp:term":[{"taxonomy":"more","embeddable":true,"href":"https:\/\/esquell.eu\/fr\/wp-json\/wp\/v2\/more?post=28775"},{"taxonomy":"product_brand","embeddable":true,"href":"https:\/\/esquell.eu\/fr\/wp-json\/wp\/v2\/product_brand?post=28775"},{"taxonomy":"product_cat","embeddable":true,"href":"https:\/\/esquell.eu\/fr\/wp-json\/wp\/v2\/product_cat?post=28775"},{"taxonomy":"product_tag","embeddable":true,"href":"https:\/\/esquell.eu\/fr\/wp-json\/wp\/v2\/product_tag?post=28775"}],"curies":[{"name":"wp","href":"https:\/\/api.w.org\/{rel}","templated":true}]}}

Grille en acier inoxydable pour l&rsquo;émaillage et la cuisson de l&rsquo;argile métallique

<p>Grille en acier inoxydable pour le séchage ou la cuisson de l&rsquo;argile / de l&rsquo;émail, etc.<br />
Différentes tailles / avec ou sans cage de cuisson.</p>
<p>Pratique pour le séchage et la cuisson de l&rsquo;argile. Vous placez l&rsquo;ornement sur cette grille de séchage et vous le séchez ensuite à l&rsquo;aide d&rsquo;un sèche-cheveux. Vous pouvez également placer la grille sur une plaque chauffante. Convient également pour la cuisson sur la cuisinière à gaz.   </p>

<p>Grille en acier inoxydable pour le séchage ou la cuisson de l&rsquo;argile, de l&rsquo;émail, etc.</p>
<p>Différentes tailles.</p>
<p>Séchage et cuisson de l&rsquo;argile. Vous placez l&rsquo;ornement sur cette grille de séchage et vous le séchez ensuite à l&rsquo;aide d&rsquo;un sèche-cheveux. Vous pouvez également placer la grille sur une plaque chauffante. Convient également pour la cuisson sur une cuisinière à gaz.   </p>
