{"id":27845,"date":"2025-11-12T12:18:38","date_gmt":"2025-11-12T12:18:38","guid":{"rendered":"https:\/\/esquell.eu\/?post_type=product&#038;p=27845"},"modified":"2025-11-13T14:48:12","modified_gmt":"2025-11-13T14:48:12","slug":"cabochon-en-verre-dichroique-bleu-fonce-opalecent-10-14-mm-kopie","status":"publish","type":"product","link":"https:\/\/esquell.eu\/fr\/produit\/cabochon-en-verre-dichroique-bleu-fonce-opalecent-10-14-mm-kopie\/","title":{"rendered":"Cabochon en verre dichro\u00efque. Argent petit 6-10 mm"},"content":{"rendered":"<p>Les cabochons en verre conviennent \u00e0 la cuisson en p\u00e2te \u00e0 modeler.<\/p>\n<p>Cabochons en verre dichro\u00efque<\/p>\n<p>Les cabochons en verre \u00e9tant fabriqu\u00e9s \u00e0 la main, ils peuvent pr\u00e9senter de l\u00e9g\u00e8res diff\u00e9rences de taille.<\/p>\n","protected":false},"excerpt":{"rendered":"<p>Les cabochons en verre conviennent \u00e0 la cuisson en p\u00e2te \u00e0 modeler.<\/p>\n<p>Cabochons en verre dichro\u00efque<\/p>\n<p>Les cabochons en verre \u00e9tant fabriqu\u00e9s \u00e0 la main, ils peuvent pr\u00e9senter de l\u00e9g\u00e8res diff\u00e9rences de taille.<\/p>\n","protected":false},"featured_media":27850,"comment_status":"closed","ping_status":"closed","template":"","meta":{"_acf_changed":false,"_seopress_robots_primary_cat":"none","_seopress_titles_title":"","_seopress_titles_desc":"","_seopress_robots_index":""},"more":[],"product_brand":[6736],"product_cat":[12014,11931,7468],"product_tag":[12037,12026,12032,12185,6378,6390,9668,6372,7430,10907,10955,12035,11090,10804,10959,15698,6374,12019,6859,6849,12015,12041,12023,7398,6652,6644,6428,7403,6483,12030,11078,7426,7774,10996,10802,10963,12033],"class_list":{"0":"post-27845","1":"product","2":"type-product","3":"status-publish","4":"has-post-thumbnail","6":"product_brand-des-outils-sympas","7":"product_cat-cabochons-ronds","8":"product_cat-nouveau","9":"product_cat-outils-et-fournitures-pour-le-verre","10":"product_tag-a-facettes","11":"product_tag-ambre","12":"product_tag-ambre-2","13":"product_tag-ambre-3","14":"product_tag-argile-metallique","15":"product_tag-argile-metallique-2","16":"product_tag-autour-de","17":"product_tag-bijoux","18":"product_tag-cabochon","19":"product_tag-cabochon-en-verre","20":"product_tag-cabochons-en-verre","21":"product_tag-cabocon","22":"product_tag-carre-3","23":"product_tag-dichro","24":"product_tag-dichroique","25":"product_tag-dicro","26":"product_tag-faire","27":"product_tag-fond","28":"product_tag-formulaire","29":"product_tag-formulaires","30":"product_tag-fournitures-pour-bijoux-5","31":"product_tag-jaspe-2","32":"product_tag-jaspe","33":"product_tag-mettre","34":"product_tag-orfevres","35":"product_tag-pieces","36":"product_tag-pierre","37":"product_tag-pierre-de-taille","38":"product_tag-pierre-naturelle","39":"product_tag-pierre-naturelle-cabochon","40":"product_tag-plat-2","41":"product_tag-reglage","42":"product_tag-resine","43":"product_tag-strass-4","44":"product_tag-verre-2","45":"product_tag-verre-dichroique","46":"product_tag-wieber","47":"pa_doorsnede-10mm","48":"pa_doorsnede-15mm","49":"pa_doorsnede-4mm","50":"pa_doorsnede-5mm","51":"pa_doorsnede-6mm","52":"pa_doorsnede-8mm","54":"first","55":"instock","56":"taxable","57":"shipping-taxable","58":"purchasable","59":"product-type-simple"},"acf":[],"_links":{"self":[{"href":"https:\/\/esquell.eu\/fr\/wp-json\/wp\/v2\/product\/27845","targetHints":{"allow":["GET"]}}],"collection":[{"href":"https:\/\/esquell.eu\/fr\/wp-json\/wp\/v2\/product"}],"about":[{"href":"https:\/\/esquell.eu\/fr\/wp-json\/wp\/v2\/types\/product"}],"replies":[{"embeddable":true,"href":"https:\/\/esquell.eu\/fr\/wp-json\/wp\/v2\/comments?post=27845"}],"wp:featuredmedia":[{"embeddable":true,"href":"https:\/\/esquell.eu\/fr\/wp-json\/wp\/v2\/media\/27850"}],"wp:attachment":[{"href":"https:\/\/esquell.eu\/fr\/wp-json\/wp\/v2\/media?parent=27845"}],"wp:term":[{"taxonomy":"more","embeddable":true,"href":"https:\/\/esquell.eu\/fr\/wp-json\/wp\/v2\/more?post=27845"},{"taxonomy":"product_brand","embeddable":true,"href":"https:\/\/esquell.eu\/fr\/wp-json\/wp\/v2\/product_brand?post=27845"},{"taxonomy":"product_cat","embeddable":true,"href":"https:\/\/esquell.eu\/fr\/wp-json\/wp\/v2\/product_cat?post=27845"},{"taxonomy":"product_tag","embeddable":true,"href":"https:\/\/esquell.eu\/fr\/wp-json\/wp\/v2\/product_tag?post=27845"}],"curies":[{"name":"wp","href":"https:\/\/api.w.org\/{rel}","templated":true}]}}

Cabochon en verre dichroïque. Argent petit 6-10 mm

<p>Les cabochons en verre conviennent à la cuisson en pâte à modeler.</p>
<p>Cabochons en verre dichroïque</p>
<p>Les cabochons en verre étant fabriqués à la main, ils peuvent présenter de légères différences de taille.</p>
