{"id":26788,"date":"2025-04-03T09:20:45","date_gmt":"2025-04-03T09:20:45","guid":{"rendered":"https:\/\/esquell.eu\/product\/chalumeau-brasage-manuel-bruleur-a-gaz-au-butane\/"},"modified":"2026-02-14T10:34:05","modified_gmt":"2026-02-14T10:34:05","slug":"chalumeau-brasage-manuel-bruleur-a-gaz-au-butane","status":"publish","type":"product","link":"https:\/\/esquell.eu\/fr\/produit\/chalumeau-brasage-manuel-bruleur-a-gaz-au-butane\/","title":{"rendered":"Chalumeau Brasage manuel Br\u00fbleur \u00e0 gaz au butane"},"content":{"rendered":"<p>Micro chalumeau professionnel fantastique pour le brasage tendre et fort et la cuisson de la p\u00e2te d&rsquo;argent.<br \/>\nLe chalumeau a un allumage pi\u00e9zo\u00e9lectrique.<br \/>\nRechargeable avec du gaz \u00e0 briquet normal, du gaz butane<br \/>\nTr\u00e8s stable gr\u00e2ce au pied de s\u00e9curit\u00e9 int\u00e9gr\u00e9.<br \/>\nLa taille de la flamme est r\u00e9glable en continu.<\/p>\n<p>M50<\/p>\n","protected":false},"excerpt":{"rendered":"<p>La torche est \u00e9quip\u00e9e d&rsquo;un allumage automatique. Rechargeable avec du gaz normal pour briquet, du gaz butane. Tr\u00e8s stable gr\u00e2ce au pied de s\u00e9curit\u00e9 int\u00e9gr\u00e9. <\/p>\n","protected":false},"featured_media":26790,"comment_status":"closed","ping_status":"closed","template":"","meta":{"_acf_changed":false,"_seopress_robots_primary_cat":"none","_seopress_titles_title":"","_seopress_titles_desc":"","_seopress_robots_index":""},"more":[],"product_brand":[13777],"product_cat":[9823,7412,10058,6809],"product_tag":[6939,6386,6397,6473,6404,6378,6390,6405,6376,6393,6396,6372,6642,6409,10878,11406,20950,6649,8641,10661,6647,13397,6374,6401,20948,10880,6381,6634,6472,6559,6400,6656,9679,6391,8078,8647,10872],"class_list":{"0":"post-26788","1":"product","2":"type-product","3":"status-publish","4":"has-post-thumbnail","6":"product_brand-wiegman","7":"product_cat-bake-off","8":"product_cat-outils-de-base","9":"product_cat-soudure","10":"product_cat-vente","11":"product_tag-acheter-2","12":"product_tag-aida","13":"product_tag-allemagne","14":"product_tag-argile-2","15":"product_tag-argile-argentee","16":"product_tag-argile-metallique","17":"product_tag-argile-metallique-2","18":"product_tag-artclay","19":"product_tag-artclaysilver","20":"product_tag-belgique","21":"product_tag-belgique-2","22":"product_tag-bijoux","23":"product_tag-bijoux-2","24":"product_tag-bricolage","25":"product_tag-bruler","26":"product_tag-bruleur-a-gaz","27":"product_tag-clesius","28":"product_tag-commande","29":"product_tag-cuisson","30":"product_tag-degres","31":"product_tag-en-ligne","32":"product_tag-epicea","33":"product_tag-faire","34":"product_tag-france","35":"product_tag-gaz","36":"product_tag-gaz-butane","37":"product_tag-japon","38":"product_tag-largent-3","39":"product_tag-lart","40":"product_tag-lignes-dartisanat","41":"product_tag-luxembourg","42":"product_tag-luxembourg-2","43":"product_tag-mtr","44":"product_tag-pays-bas","45":"product_tag-soudure","46":"product_tag-torche","47":"product_tag-torche-a-main","48":"product_shipping_class-standard","50":"first","51":"instock","52":"sale","53":"taxable","54":"shipping-taxable","55":"purchasable","56":"product-type-simple"},"acf":[],"_links":{"self":[{"href":"https:\/\/esquell.eu\/fr\/wp-json\/wp\/v2\/product\/26788","targetHints":{"allow":["GET"]}}],"collection":[{"href":"https:\/\/esquell.eu\/fr\/wp-json\/wp\/v2\/product"}],"about":[{"href":"https:\/\/esquell.eu\/fr\/wp-json\/wp\/v2\/types\/product"}],"replies":[{"embeddable":true,"href":"https:\/\/esquell.eu\/fr\/wp-json\/wp\/v2\/comments?post=26788"}],"wp:featuredmedia":[{"embeddable":true,"href":"https:\/\/esquell.eu\/fr\/wp-json\/wp\/v2\/media\/26790"}],"wp:attachment":[{"href":"https:\/\/esquell.eu\/fr\/wp-json\/wp\/v2\/media?parent=26788"}],"wp:term":[{"taxonomy":"more","embeddable":true,"href":"https:\/\/esquell.eu\/fr\/wp-json\/wp\/v2\/more?post=26788"},{"taxonomy":"product_brand","embeddable":true,"href":"https:\/\/esquell.eu\/fr\/wp-json\/wp\/v2\/product_brand?post=26788"},{"taxonomy":"product_cat","embeddable":true,"href":"https:\/\/esquell.eu\/fr\/wp-json\/wp\/v2\/product_cat?post=26788"},{"taxonomy":"product_tag","embeddable":true,"href":"https:\/\/esquell.eu\/fr\/wp-json\/wp\/v2\/product_tag?post=26788"}],"curies":[{"name":"wp","href":"https:\/\/api.w.org\/{rel}","templated":true}]}}

Chalumeau Brasage manuel Brûleur à gaz au butane

<p>Micro chalumeau professionnel fantastique pour le brasage tendre et fort et la cuisson de la pâte d&rsquo;argent.<br />
Le chalumeau a un allumage piézoélectrique.<br />
Rechargeable avec du gaz à briquet normal, du gaz butane<br />
Très stable grâce au pied de sécurité intégré.<br />
La taille de la flamme est réglable en continu.</p>
<p>M50</p>

<p>La torche est équipée d&rsquo;un allumage automatique. Rechargeable avec du gaz normal pour briquet, du gaz butane. Très stable grâce au pied de sécurité intégré. </p>
