{"id":26670,"date":"2025-04-03T09:23:07","date_gmt":"2025-04-03T09:23:07","guid":{"rendered":"https:\/\/esquell.eu\/product\/couteau-a-palette-lame-flexible-en-acier-inoxydable-pour-le-melange-sur-palette-acs-i-0020\/"},"modified":"2025-04-03T09:23:07","modified_gmt":"2025-04-03T09:23:07","slug":"couteau-a-palette-lame-flexible-en-acier-inoxydable-pour-le-melange-sur-palette-acs-i-0020","status":"publish","type":"product","link":"https:\/\/esquell.eu\/fr\/produit\/couteau-a-palette-lame-flexible-en-acier-inoxydable-pour-le-melange-sur-palette-acs-i-0020\/","title":{"rendered":"Couteau \u00e0 palette. Lame flexible en acier inoxydable pour le m\u00e9lange sur palette ACS (I-0020)"},"content":{"rendered":"<p>Couteau \u00e0 palette. Couteau souple en acier inoxydable pour m\u00e9langer sur la palette <\/p>\n","protected":false},"excerpt":{"rendered":"<p>Lame flexible en acier inoxydable pour m\u00e9langer sur la palette<\/p>\n","protected":false},"featured_media":7099,"comment_status":"closed","ping_status":"closed","template":"","meta":{"_acf_changed":false,"_seopress_robots_primary_cat":"none","_seopress_titles_title":"","_seopress_titles_desc":"","_seopress_robots_index":""},"more":[],"product_brand":[],"product_cat":[9873,6364],"product_tag":[6638,6473,6404,6405,6376,6372,6641,6409,10873,10519,20724,12350,9797,6374,6634,6472,20730,7774,9894,9896,9892,6408],"class_list":{"0":"post-26670","1":"product","2":"type-product","3":"status-publish","4":"has-post-thumbnail","6":"product_cat-led-et-resine-uv","7":"product_cat-materiel-supplementaire","8":"product_tag-anneaux","9":"product_tag-argile-2","10":"product_tag-argile-argentee","11":"product_tag-artclay","12":"product_tag-artclaysilver","13":"product_tag-bijoux","14":"product_tag-boucles-doreilles","15":"product_tag-bricolage","16":"product_tag-combiner","17":"product_tag-couteau","18":"product_tag-couteau-a-palette","19":"product_tag-dirige","20":"product_tag-epoxy","21":"product_tag-faire","22":"product_tag-largent-3","23":"product_tag-lart","24":"product_tag-palette-2","25":"product_tag-resine","26":"product_tag-resine-2","27":"product_tag-resine-acrylique","28":"product_tag-uv","29":"product_tag-vous","30":"product_shipping_class-standard","32":"first","33":"instock","34":"taxable","35":"shipping-taxable","36":"purchasable","37":"product-type-simple"},"acf":[],"_links":{"self":[{"href":"https:\/\/esquell.eu\/fr\/wp-json\/wp\/v2\/product\/26670","targetHints":{"allow":["GET"]}}],"collection":[{"href":"https:\/\/esquell.eu\/fr\/wp-json\/wp\/v2\/product"}],"about":[{"href":"https:\/\/esquell.eu\/fr\/wp-json\/wp\/v2\/types\/product"}],"replies":[{"embeddable":true,"href":"https:\/\/esquell.eu\/fr\/wp-json\/wp\/v2\/comments?post=26670"}],"wp:featuredmedia":[{"embeddable":true,"href":"https:\/\/esquell.eu\/fr\/wp-json\/wp\/v2\/media\/7099"}],"wp:attachment":[{"href":"https:\/\/esquell.eu\/fr\/wp-json\/wp\/v2\/media?parent=26670"}],"wp:term":[{"taxonomy":"more","embeddable":true,"href":"https:\/\/esquell.eu\/fr\/wp-json\/wp\/v2\/more?post=26670"},{"taxonomy":"product_brand","embeddable":true,"href":"https:\/\/esquell.eu\/fr\/wp-json\/wp\/v2\/product_brand?post=26670"},{"taxonomy":"product_cat","embeddable":true,"href":"https:\/\/esquell.eu\/fr\/wp-json\/wp\/v2\/product_cat?post=26670"},{"taxonomy":"product_tag","embeddable":true,"href":"https:\/\/esquell.eu\/fr\/wp-json\/wp\/v2\/product_tag?post=26670"}],"curies":[{"name":"wp","href":"https:\/\/api.w.org\/{rel}","templated":true}]}}

Couteau à palette. Lame flexible en acier inoxydable pour le mélange sur palette ACS (I-0020)

<p>Couteau à palette. Couteau souple en acier inoxydable pour mélanger sur la palette </p>

<p>Lame flexible en acier inoxydable pour mélanger sur la palette</p>
