{"id":26646,"date":"2025-04-03T09:23:07","date_gmt":"2025-04-03T09:23:07","guid":{"rendered":"https:\/\/esquell.eu\/product\/ruban-de-4cm-pour-travailler-avec-la-resine-uv-et-la-resine-rouleau-de-5mtr\/"},"modified":"2025-04-03T09:23:07","modified_gmt":"2025-04-03T09:23:07","slug":"ruban-de-4cm-pour-travailler-avec-la-resine-uv-et-la-resine-rouleau-de-5mtr","status":"publish","type":"product","link":"https:\/\/esquell.eu\/fr\/produit\/ruban-de-4cm-pour-travailler-avec-la-resine-uv-et-la-resine-rouleau-de-5mtr\/","title":{"rendered":"Ruban de 4cm pour travailler avec la r\u00e9sine UV et la r\u00e9sine Rouleau de 5mtr"},"content":{"rendered":"<p>Ruban de 4 cm de large pour travailler avec la r\u00e9sine uv et la r\u00e9sine.<br \/>\nRouleau de 5 mtr<br \/>\nLes formes ouvertes peuvent \u00eatre bouch\u00e9es avec le ruban afin que la r\u00e9sine ne s&rsquo;\u00e9coule pas.<\/p>\n","protected":false},"excerpt":{"rendered":"<p>Ruban de 4 cm de large pour travailler avec la r\u00e9sine uv et la r\u00e9sine.<br \/>\nRouleau de 5 mtr<br \/>\nLes formes ouvertes peuvent \u00eatre bouch\u00e9es avec le ruban afin que la r\u00e9sine ne s&rsquo;\u00e9coule pas.<\/p>\n<p>&nbsp;<\/p>\n<p>&nbsp;<\/p>\n","protected":false},"featured_media":8016,"comment_status":"closed","ping_status":"closed","template":"","meta":{"_acf_changed":false,"_seopress_robots_primary_cat":"none","_seopress_titles_title":"","_seopress_titles_desc":"","_seopress_robots_index":""},"more":[],"product_brand":[6398],"product_cat":[9873],"product_tag":[6470,6476,6645,6646,7929,7024,6960,7016,6923,7098,6388,6473,6404,6378,6390,6376,6565,6575,20714,6372,6642,6718,7578,10060,7598,6402,6641,6958,6389,6792,6409,17656,11624,8632,20715,13576,9797,6374,6798,14658,6635,6653,18826,6659,6801,6369,6550,6634,6472,7026,6789,9875,10064,9333,6661,6567,10082,6652,6643,6636,6657,6391,6665,6774,7092,6922,9284,6471,14828,7774,9894,6443,6925,6805,17271,6663,8841,20713,10139,6787,9892,11627,6803,6807,6776,6667],"class_list":{"0":"post-26646","1":"product","2":"type-product","3":"status-publish","4":"has-post-thumbnail","6":"product_brand-l1","7":"product_cat-led-et-resine-uv","8":"product_tag-6470","9":"product_tag-6476","10":"product_tag-a","11":"product_tag-acheter","12":"product_tag-acrylique","13":"product_tag-almere","14":"product_tag-amende","15":"product_tag-amende-2","16":"product_tag-amsterdam","17":"product_tag-anneau","18":"product_tag-argile","19":"product_tag-argile-2","20":"product_tag-argile-argentee","21":"product_tag-argile-metallique","22":"product_tag-argile-metallique-2","23":"product_tag-artclaysilver","24":"product_tag-atelier","25":"product_tag-ateliers","26":"product_tag-bande-3","27":"product_tag-bijoux","28":"product_tag-bijoux-2","29":"product_tag-bijoux-3","30":"product_tag-bijoux-commemoratifs","31":"product_tag-bijoux-commemoratifs-2","32":"product_tag-bijoux-en-frene","33":"product_tag-bon-marche","34":"product_tag-boucles-doreilles","35":"product_tag-boutique","36":"product_tag-boutique-en-ligne","37":"product_tag-bracelet","38":"product_tag-bricolage","39":"product_tag-cheveux","40":"product_tag-coin-arriere","41":"product_tag-comme","42":"product_tag-conseil-des-cendres","43":"product_tag-drente","44":"product_tag-epoxy","45":"product_tag-faire","46":"product_tag-faire-2","47":"product_tag-fait-a-la-main-2","48":"product_tag-fournitures","49":"product_tag-frise","50":"product_tag-groiningen","51":"product_tag-gueldre","52":"product_tag-il","53":"product_tag-largent","54":"product_tag-largent-2","55":"product_tag-largent-3","56":"product_tag-lart","57":"product_tag-lelystad","58":"product_tag-limbourg","59":"product_tag-memoire","60":"product_tag-memoire-2","61":"product_tag-metaux-precieux","62":"product_tag-nord","63":"product_tag-offrir","64":"product_tag-orfevre-3","65":"product_tag-orfevres","66":"product_tag-ou","67":"product_tag-outils","68":"product_tag-overijssel","69":"product_tag-pays-bas","70":"product_tag-pays-bas-2","71":"product_tag-pendentif","72":"product_tag-pendentif-2","73":"product_tag-pur","74":"product_tag-pur-3","75":"product_tag-recycle","76":"product_tag-reduction-3","77":"product_tag-resine","78":"product_tag-resine-2","79":"product_tag-resine-uv","80":"product_tag-rotterdam","81":"product_tag-soi","82":"product_tag-son-2","83":"product_tag-sud","84":"product_tag-twente","85":"product_tag-ultraviolet","86":"product_tag-unique","87":"product_tag-utrecht","88":"product_tag-uv","89":"product_tag-uvresin","90":"product_tag-votre","91":"product_tag-vous-2","92":"product_tag-vraiment","93":"product_tag-zelande","94":"product_shipping_class-standard","96":"first","97":"instock","98":"taxable","99":"shipping-taxable","100":"purchasable","101":"product-type-simple"},"acf":[],"_links":{"self":[{"href":"https:\/\/esquell.eu\/fr\/wp-json\/wp\/v2\/product\/26646","targetHints":{"allow":["GET"]}}],"collection":[{"href":"https:\/\/esquell.eu\/fr\/wp-json\/wp\/v2\/product"}],"about":[{"href":"https:\/\/esquell.eu\/fr\/wp-json\/wp\/v2\/types\/product"}],"replies":[{"embeddable":true,"href":"https:\/\/esquell.eu\/fr\/wp-json\/wp\/v2\/comments?post=26646"}],"wp:featuredmedia":[{"embeddable":true,"href":"https:\/\/esquell.eu\/fr\/wp-json\/wp\/v2\/media\/8016"}],"wp:attachment":[{"href":"https:\/\/esquell.eu\/fr\/wp-json\/wp\/v2\/media?parent=26646"}],"wp:term":[{"taxonomy":"more","embeddable":true,"href":"https:\/\/esquell.eu\/fr\/wp-json\/wp\/v2\/more?post=26646"},{"taxonomy":"product_brand","embeddable":true,"href":"https:\/\/esquell.eu\/fr\/wp-json\/wp\/v2\/product_brand?post=26646"},{"taxonomy":"product_cat","embeddable":true,"href":"https:\/\/esquell.eu\/fr\/wp-json\/wp\/v2\/product_cat?post=26646"},{"taxonomy":"product_tag","embeddable":true,"href":"https:\/\/esquell.eu\/fr\/wp-json\/wp\/v2\/product_tag?post=26646"}],"curies":[{"name":"wp","href":"https:\/\/api.w.org\/{rel}","templated":true}]}}

Ruban de 4cm pour travailler avec la résine UV et la résine Rouleau de 5mtr

<p>Ruban de 4 cm de large pour travailler avec la résine uv et la résine.<br />
Rouleau de 5 mtr<br />
Les formes ouvertes peuvent être bouchées avec le ruban afin que la résine ne s&rsquo;écoule pas.</p>

<p>Ruban de 4 cm de large pour travailler avec la résine uv et la résine.<br />
Rouleau de 5 mtr<br />
Les formes ouvertes peuvent être bouchées avec le ruban afin que la résine ne s&rsquo;écoule pas.</p>
<p>&nbsp;</p>
<p>&nbsp;</p>
