{"id":26628,"date":"2025-04-03T09:22:55","date_gmt":"2025-04-03T09:22:55","guid":{"rendered":"https:\/\/esquell.eu\/product\/ciseaux-a-toles-180-mm-droits-avec-oeillets-pour-la-coupe-des-metaux\/"},"modified":"2025-04-03T09:22:55","modified_gmt":"2025-04-03T09:22:55","slug":"ciseaux-a-toles-180-mm-droits-avec-oeillets-pour-la-coupe-des-metaux","status":"publish","type":"product","link":"https:\/\/esquell.eu\/fr\/produit\/ciseaux-a-toles-180-mm-droits-avec-oeillets-pour-la-coupe-des-metaux\/","title":{"rendered":"Ciseaux \u00e0 t\u00f4les 180 mm droits avec \u0153illets, pour la coupe des m\u00e9taux."},"content":{"rendered":"<p>Cisaille \u00e0 t\u00f4le<\/p>\n<p>180 mm droite avec \u0153illets<\/p>\n<p>pour la coupe des m\u00e9taux<\/p>\n","protected":false},"excerpt":{"rendered":"<p>Cisaille \u00e0 t\u00f4le<\/p>\n<p>180 mm droite avec \u0153illets<\/p>\n<p>pour la coupe des m\u00e9taux<\/p>\n","protected":false},"featured_media":7305,"comment_status":"closed","ping_status":"closed","template":"","meta":{"_acf_changed":false,"_seopress_robots_primary_cat":"none","_seopress_titles_title":"","_seopress_titles_desc":"","_seopress_robots_index":""},"more":[],"product_brand":[6363],"product_cat":[10216,7397,10445],"product_tag":[6645,8048,7760,6646,6939,6945,7045,9066,12947,7036,18282,6923,7096,6404,6378,6947,6949,12479,6393,9666,13299,6642,6986,6958,8735,6389,6796,7582,6412,18288,6649,7778,20306,6650,7047,8489,8616,9086,9088,7038,8492,6647,7043,6724,6374,6653,9100,11152,6712,9069,9082,6951,9108,9104,18280,7049,20582,6369,7121,8682,6930,18284,7026,11157,7042,6708,7040,7034,6637,10082,20697,7051,6643,6636,6391,6644,10179,10181,10183,10184,6927,10511,8603,12948,11156,6925,6943,10190,9096,8495,18286,6408,9092,9080,9073,9084,7032],"class_list":{"0":"post-26628","1":"product","2":"type-product","3":"status-publish","4":"has-post-thumbnail","6":"product_brand-bm","7":"product_cat-metal","8":"product_cat-pince-et-pince-a-epiler","9":"product_cat-scies-et-outils-de-coupe","10":"product_tag-a","11":"product_tag-a-vendre","12":"product_tag-achats-2","13":"product_tag-acheter","14":"product_tag-acheter-2","15":"product_tag-alkmaar","16":"product_tag-almelo","17":"product_tag-almere-tilburg","18":"product_tag-alphen-aan-den-rijn","19":"product_tag-amersfoort","20":"product_tag-amstelveen","21":"product_tag-amsterdam","22":"product_tag-apeldoorn","23":"product_tag-argile-argentee","24":"product_tag-argile-metallique","25":"product_tag-arnhem","26":"product_tag-assen","27":"product_tag-assiette","28":"product_tag-belgique","29":"product_tag-bergen-op-zoom","30":"product_tag-bijouterie","31":"product_tag-bijoux-2","32":"product_tag-bon","33":"product_tag-boutique","34":"product_tag-boutique-2","35":"product_tag-boutique-en-ligne","36":"product_tag-boutique-en-ligne-2","37":"product_tag-breda","38":"product_tag-bronze","39":"product_tag-capelle-aan-den-ijssel","40":"product_tag-commande","41":"product_tag-corne","42":"product_tag-couper-5","43":"product_tag-cuivre","44":"product_tag-delft","45":"product_tag-den-bosch","46":"product_tag-deventer","47":"product_tag-dordrecht","48":"product_tag-ede","49":"product_tag-eindhoven","50":"product_tag-emmen","51":"product_tag-en-ligne","52":"product_tag-enschede","53":"product_tag-envoyer","54":"product_tag-faire","55":"product_tag-frise","56":"product_tag-geleen","57":"product_tag-gouda","58":"product_tag-gratuit","59":"product_tag-haarlem","60":"product_tag-haarlemmermeer","61":"product_tag-heerenveen","62":"product_tag-heerlen","63":"product_tag-helmond","64":"product_tag-hengelo","65":"product_tag-hilversum","66":"product_tag-images-2","67":"product_tag-largent","68":"product_tag-la-haye","69":"product_tag-laiton","70":"product_tag-leeuwarden","71":"product_tag-leidschendam","72":"product_tag-lelystad","73":"product_tag-les-chiffres","74":"product_tag-maastricht","75":"product_tag-mercerie","76":"product_tag-middelburg","77":"product_tag-nijmegen","78":"product_tag-orfevre","79":"product_tag-orfevre-3","80":"product_tag-ornements-4","81":"product_tag-oss","82":"product_tag-ou","83":"product_tag-outils","84":"product_tag-pays-bas","85":"product_tag-pieces","86":"product_tag-plaque-dargent","87":"product_tag-plaque-de-cuivre-2","88":"product_tag-plaque-en-laiton","89":"product_tag-plaque-source","90":"product_tag-plomb","91":"product_tag-pointu","92":"product_tag-professionnel-3","93":"product_tag-purmerend","94":"product_tag-roosendaal","95":"product_tag-rotterdam","96":"product_tag-scheveningen","97":"product_tag-scie","98":"product_tag-sittard","99":"product_tag-venlo","100":"product_tag-vlaardingen","101":"product_tag-vous","102":"product_tag-westland","103":"product_tag-zaandam","104":"product_tag-zaanstad","105":"product_tag-zoetermeer","106":"product_tag-zwolle","107":"product_shipping_class-standard","109":"first","110":"instock","111":"taxable","112":"shipping-taxable","113":"purchasable","114":"product-type-simple"},"acf":[],"_links":{"self":[{"href":"https:\/\/esquell.eu\/fr\/wp-json\/wp\/v2\/product\/26628","targetHints":{"allow":["GET"]}}],"collection":[{"href":"https:\/\/esquell.eu\/fr\/wp-json\/wp\/v2\/product"}],"about":[{"href":"https:\/\/esquell.eu\/fr\/wp-json\/wp\/v2\/types\/product"}],"replies":[{"embeddable":true,"href":"https:\/\/esquell.eu\/fr\/wp-json\/wp\/v2\/comments?post=26628"}],"wp:featuredmedia":[{"embeddable":true,"href":"https:\/\/esquell.eu\/fr\/wp-json\/wp\/v2\/media\/7305"}],"wp:attachment":[{"href":"https:\/\/esquell.eu\/fr\/wp-json\/wp\/v2\/media?parent=26628"}],"wp:term":[{"taxonomy":"more","embeddable":true,"href":"https:\/\/esquell.eu\/fr\/wp-json\/wp\/v2\/more?post=26628"},{"taxonomy":"product_brand","embeddable":true,"href":"https:\/\/esquell.eu\/fr\/wp-json\/wp\/v2\/product_brand?post=26628"},{"taxonomy":"product_cat","embeddable":true,"href":"https:\/\/esquell.eu\/fr\/wp-json\/wp\/v2\/product_cat?post=26628"},{"taxonomy":"product_tag","embeddable":true,"href":"https:\/\/esquell.eu\/fr\/wp-json\/wp\/v2\/product_tag?post=26628"}],"curies":[{"name":"wp","href":"https:\/\/api.w.org\/{rel}","templated":true}]}}

Ciseaux à tôles 180 mm droits avec œillets, pour la coupe des métaux.

<p>Cisaille à tôle</p>
<p>180 mm droite avec œillets</p>
<p>pour la coupe des métaux</p>
