{"id":26609,"date":"2025-04-03T09:22:55","date_gmt":"2025-04-03T09:22:55","guid":{"rendered":"https:\/\/esquell.eu\/product\/coupe-laterale-pour-les-metaux\/"},"modified":"2025-04-03T09:22:55","modified_gmt":"2025-04-03T09:22:55","slug":"coupe-laterale-pour-les-metaux","status":"publish","type":"product","link":"https:\/\/esquell.eu\/fr\/produit\/coupe-laterale-pour-les-metaux\/","title":{"rendered":"Coupe lat\u00e9rale pour les m\u00e9taux."},"content":{"rendered":"<p>Petit cutter lat\u00e9ral pour les travaux de pr\u00e9cision.<br \/>\nPour une coupe tr\u00e8s pr\u00e9cise et serr\u00e9e du fil m\u00e9tallique, de la t\u00f4le et du plastique.<br \/>\nLes m\u00e2choires coupent droit \u00e0 la base, ne n\u00e9cessitant pratiquement aucune finition.<\/p>\n<p>Convient \u00e0 la fabrication de bijoux, \u00e0 l&rsquo;enroulement de fil m\u00e9tallique, au mod\u00e9lisme, etc.<\/p>\n<p>*La couleur des poign\u00e9es peut varier.<\/p>\n","protected":false},"excerpt":{"rendered":"<p>Petit cutter lat\u00e9ral pour les travaux de pr\u00e9cision.<br \/>\nPour une coupe tr\u00e8s pr\u00e9cise et serr\u00e9e du fil m\u00e9tallique, de la t\u00f4le et du plastique.<br \/>\nLes m\u00e2choires coupent droit \u00e0 la base, ne n\u00e9cessitant pratiquement aucune finition.<\/p>\n<p>Convient \u00e0 la fabrication de bijoux, \u00e0 l&rsquo;enroulement de fil m\u00e9tallique, au mod\u00e9lisme, etc.<\/p>\n<p>*La couleur des poign\u00e9es peut varier.<\/p>\n","protected":false},"featured_media":7309,"comment_status":"closed","ping_status":"closed","template":"","meta":{"_acf_changed":false,"_seopress_robots_primary_cat":"none","_seopress_titles_title":"","_seopress_titles_desc":"","_seopress_robots_index":""},"more":[],"product_brand":[6398],"product_cat":[7397],"product_tag":[6470,6476,6645,7295,6646,7024,6923,6638,8034,6931,7096,6947,13236,6949,6393,6372,6402,6641,6958,6389,6941,7360,6716,6409,6528,6794,20673,14290,7600,8240,20671,8457,10523,20306,20672,7104,20346,20330,6655,12638,10344,7766,6374,6798,8039,12449,12483,12435,16309,12634,14380,12392,20669,12427,11839,6785,6653,6933,6651,6951,7120,6801,6634,6930,7026,6789,6661,6567,6643,6399,7405,6636,6726,6657,6391,6665,6710,20327,16966,10179,10181,10183,10184,7094,8301,20670,6925,6805,6919,6663,11295,16772,8314,6787,6803,6408,6807,8037,6667,7032],"class_list":{"0":"post-26609","1":"product","2":"type-product","3":"status-publish","4":"has-post-thumbnail","6":"product_brand-l1","7":"product_cat-pince-et-pince-a-epiler","8":"product_tag-6470","9":"product_tag-6476","10":"product_tag-a","11":"product_tag-a-2","12":"product_tag-acheter","13":"product_tag-almere","14":"product_tag-amsterdam","15":"product_tag-anneaux","16":"product_tag-anneaux-2","17":"product_tag-anvers","18":"product_tag-apeldoorn","19":"product_tag-arnhem","20":"product_tag-artisanat-2","21":"product_tag-assen","22":"product_tag-belgique","23":"product_tag-bijoux","24":"product_tag-bon-marche","25":"product_tag-boucles-doreilles","26":"product_tag-boutique","27":"product_tag-boutique-en-ligne","28":"product_tag-brabant","29":"product_tag-bracelets","30":"product_tag-breloques","31":"product_tag-bricolage","32":"product_tag-bronze-2","33":"product_tag-chaine","34":"product_tag-charge-dargent","35":"product_tag-colliers-2","36":"product_tag-confirmer","37":"product_tag-construction-de-modeles","38":"product_tag-coupe-fil","39":"product_tag-couper","40":"product_tag-couper-2","41":"product_tag-couper-5","42":"product_tag-coupeur-de-plaques","43":"product_tag-cuivre-2","44":"product_tag-cutter-5","45":"product_tag-cutter-4","46":"product_tag-drenthe","47":"product_tag-emballage-2","48":"product_tag-emballage-en-fil-metallique","49":"product_tag-etreilen","50":"product_tag-faire","51":"product_tag-faire-2","52":"product_tag-fermetures","53":"product_tag-fil-dargent","54":"product_tag-fil-dargent-2","55":"product_tag-fil-de-bronze","56":"product_tag-fil-de-bronze-2","57":"product_tag-fil-de-cuivre","58":"product_tag-fil-de-cuivre-2","59":"product_tag-fil-de-fer-2","60":"product_tag-fil-de-laiton-2","61":"product_tag-fil-metallique","62":"product_tag-finition-2","63":"product_tag-flevoland","64":"product_tag-frise","65":"product_tag-gentilhomme","66":"product_tag-groningue","67":"product_tag-heerenveen","68":"product_tag-hoogeveen","69":"product_tag-il","70":"product_tag-largent-3","71":"product_tag-leeuwarden","72":"product_tag-lelystad","73":"product_tag-limbourg","74":"product_tag-nord","75":"product_tag-offrir","76":"product_tag-ou","77":"product_tag-outil","78":"product_tag-outil-2","79":"product_tag-outils","80":"product_tag-outils-2","81":"product_tag-overijssel","82":"product_tag-pays-bas","83":"product_tag-pays-bas-2","84":"product_tag-pendentifs","85":"product_tag-pince-a-bijoux","86":"product_tag-pinces-3","87":"product_tag-plaque-dargent","88":"product_tag-plaque-de-cuivre-2","89":"product_tag-plaque-en-laiton","90":"product_tag-plaque-source","91":"product_tag-pont","92":"product_tag-precision","93":"product_tag-reduction-4","94":"product_tag-rotterdam","95":"product_tag-soi","96":"product_tag-sterling","97":"product_tag-sud","98":"product_tag-taille","99":"product_tag-tole-metallique","100":"product_tag-travail-de-precision","101":"product_tag-utrecht","102":"product_tag-votre","103":"product_tag-vous","104":"product_tag-vous-2","105":"product_tag-yeux","106":"product_tag-zelande","107":"product_tag-zwolle","108":"product_shipping_class-standard","110":"first","111":"instock","112":"taxable","113":"shipping-taxable","114":"purchasable","115":"product-type-simple"},"acf":[],"_links":{"self":[{"href":"https:\/\/esquell.eu\/fr\/wp-json\/wp\/v2\/product\/26609","targetHints":{"allow":["GET"]}}],"collection":[{"href":"https:\/\/esquell.eu\/fr\/wp-json\/wp\/v2\/product"}],"about":[{"href":"https:\/\/esquell.eu\/fr\/wp-json\/wp\/v2\/types\/product"}],"replies":[{"embeddable":true,"href":"https:\/\/esquell.eu\/fr\/wp-json\/wp\/v2\/comments?post=26609"}],"wp:featuredmedia":[{"embeddable":true,"href":"https:\/\/esquell.eu\/fr\/wp-json\/wp\/v2\/media\/7309"}],"wp:attachment":[{"href":"https:\/\/esquell.eu\/fr\/wp-json\/wp\/v2\/media?parent=26609"}],"wp:term":[{"taxonomy":"more","embeddable":true,"href":"https:\/\/esquell.eu\/fr\/wp-json\/wp\/v2\/more?post=26609"},{"taxonomy":"product_brand","embeddable":true,"href":"https:\/\/esquell.eu\/fr\/wp-json\/wp\/v2\/product_brand?post=26609"},{"taxonomy":"product_cat","embeddable":true,"href":"https:\/\/esquell.eu\/fr\/wp-json\/wp\/v2\/product_cat?post=26609"},{"taxonomy":"product_tag","embeddable":true,"href":"https:\/\/esquell.eu\/fr\/wp-json\/wp\/v2\/product_tag?post=26609"}],"curies":[{"name":"wp","href":"https:\/\/api.w.org\/{rel}","templated":true}]}}

Coupe latérale pour les métaux.

<p>Petit cutter latéral pour les travaux de précision.<br />
Pour une coupe très précise et serrée du fil métallique, de la tôle et du plastique.<br />
Les mâchoires coupent droit à la base, ne nécessitant pratiquement aucune finition.</p>
<p>Convient à la fabrication de bijoux, à l&rsquo;enroulement de fil métallique, au modélisme, etc.</p>
<p>*La couleur des poignées peut varier.</p>
