{"id":26413,"date":"2025-04-03T09:22:46","date_gmt":"2025-04-03T09:22:46","guid":{"rendered":"https:\/\/esquell.eu\/product\/pince-a-bijoux-pince-plate-courte-striee-longueur-13-xcm-version-budget\/"},"modified":"2025-04-03T09:22:46","modified_gmt":"2025-04-03T09:22:46","slug":"pince-a-bijoux-pince-plate-courte-striee-longueur-13-xcm-version-budget","status":"publish","type":"product","link":"https:\/\/esquell.eu\/fr\/produit\/pince-a-bijoux-pince-plate-courte-striee-longueur-13-xcm-version-budget\/","title":{"rendered":"Pince \u00e0 bijoux pince plate courte stri\u00e9e longueur 13 xcm Version budget"},"content":{"rendered":"<p>Pince plate courte avec structure nervur\u00e9e pour une meilleure prise en main.<br \/>\nLongueur 13 cm.<\/p>\n<p>Pour pincer les perles, fermer les anneaux et les \u0153illets.<br \/>\nPour fixer les fermoirs aux colliers, cha\u00eenes, cordons et cuirs et couper le fil.<br \/>\n\u00c9quip\u00e9 de poign\u00e9es \u00e0 prise souple. Conception solide et ergonomique <\/p>\n","protected":false},"excerpt":{"rendered":"<p>Pince plate courte avec structure nervur\u00e9e pour une meilleure prise en main. Longueur : 13 cm. <\/p>\n<p>Pour serrer les perles, fermer les anneaux et les \u0153illets. Fixer les fermoirs aux colliers, cha\u00eenes, cordons et cuirs et couper le fil. <\/p>\n<p>\u00c9quip\u00e9 de poign\u00e9es \u00e0 prise souple. Conception solide et ergonomique <\/p>\n","protected":false},"featured_media":4242,"comment_status":"closed","ping_status":"closed","template":"","meta":{"_acf_changed":false,"_seopress_robots_primary_cat":"none","_seopress_titles_title":"","_seopress_titles_desc":"","_seopress_robots_index":""},"more":[],"product_brand":[6398],"product_cat":[7397],"product_tag":[6945,7045,9066,12947,7036,18282,6923,7096,6947,6949,6393,9666,6372,6642,7582,6409,16416,18288,20400,7778,8341,20330,20346,7047,8489,9652,8616,8803,9086,9088,7038,8492,7043,10080,14037,6374,9100,11152,16442,9069,9082,6951,9108,9104,18280,7049,7120,18294,7121,6930,18284,7026,11157,7042,20396,7040,11917,7034,7051,6391,20402,20327,20344,20404,20401,14076,16966,20328,20343,20331,20347,20398,6927,20329,12948,9297,11156,6925,6943,9096,11984,8815,8495,18286,6408,9092,8037,9080,9073,8819,9084,7032],"class_list":{"0":"post-26413","1":"product","2":"type-product","3":"status-publish","4":"has-post-thumbnail","6":"product_brand-l1","7":"product_cat-pince-et-pince-a-epiler","8":"product_tag-alkmaar","9":"product_tag-almelo","10":"product_tag-almere-tilburg","11":"product_tag-alphen-aan-den-rijn","12":"product_tag-amersfoort","13":"product_tag-amstelveen","14":"product_tag-amsterdam","15":"product_tag-apeldoorn","16":"product_tag-arnhem","17":"product_tag-assen","18":"product_tag-belgique","19":"product_tag-bergen-op-zoom","20":"product_tag-bijoux","21":"product_tag-bijoux-2","22":"product_tag-breda","23":"product_tag-bricolage","24":"product_tag-broches-dagrafes","25":"product_tag-capelle-aan-den-ijssel","26":"product_tag-chaines-2","27":"product_tag-corne","28":"product_tag-court","29":"product_tag-cutter-4","30":"product_tag-cutter-5","31":"product_tag-delft","32":"product_tag-den-bosch","33":"product_tag-den-helder","34":"product_tag-deventer","35":"product_tag-doetinchem","36":"product_tag-dordrecht","37":"product_tag-ede","38":"product_tag-eindhoven","39":"product_tag-emmen","40":"product_tag-enschede","41":"product_tag-fabrication-de-bijoux-2","42":"product_tag-fabrication-de-bijoux-3","43":"product_tag-faire","44":"product_tag-geleen","45":"product_tag-gouda","46":"product_tag-goupilles-de-chaine","47":"product_tag-haarlem","48":"product_tag-haarlemmermeer","49":"product_tag-heerenveen","50":"product_tag-heerlen","51":"product_tag-helmond","52":"product_tag-hengelo","53":"product_tag-hilversum","54":"product_tag-hoogeveen","55":"product_tag-katwijk","56":"product_tag-la-haye","57":"product_tag-leeuwarden","58":"product_tag-leidschendam","59":"product_tag-lelystad","60":"product_tag-les-chiffres","61":"product_tag-maastricht","62":"product_tag-machoire-plate","63":"product_tag-middelburg","64":"product_tag-nieuwegein","65":"product_tag-nijmegen","66":"product_tag-oss","67":"product_tag-pays-bas","68":"product_tag-perles-pincees","69":"product_tag-pince-a-bijoux","70":"product_tag-pince-a-bijoux-2","71":"product_tag-pince-a-cintrer","72":"product_tag-pince-plate","73":"product_tag-pinces","74":"product_tag-pinces-3","75":"product_tag-pinces-4","76":"product_tag-pinces-5","77":"product_tag-pinces-de-bricolage","78":"product_tag-pinces-de-bricolage-2","79":"product_tag-pinces-de-bricolage-3","80":"product_tag-plomb","81":"product_tag-poignee-souple","82":"product_tag-purmerend","83":"product_tag-roermond","84":"product_tag-roosendaal","85":"product_tag-rotterdam","86":"product_tag-scheveningen","87":"product_tag-sittard","88":"product_tag-terneuzen","89":"product_tag-veenendaal","90":"product_tag-venlo","91":"product_tag-vlaardingen","92":"product_tag-vous","93":"product_tag-westland","94":"product_tag-yeux","95":"product_tag-zaandam","96":"product_tag-zaanstad","97":"product_tag-zeist","98":"product_tag-zoetermeer","99":"product_tag-zwolle","100":"product_shipping_class-standard","102":"first","103":"instock","104":"taxable","105":"shipping-taxable","106":"purchasable","107":"product-type-simple"},"acf":[],"_links":{"self":[{"href":"https:\/\/esquell.eu\/fr\/wp-json\/wp\/v2\/product\/26413","targetHints":{"allow":["GET"]}}],"collection":[{"href":"https:\/\/esquell.eu\/fr\/wp-json\/wp\/v2\/product"}],"about":[{"href":"https:\/\/esquell.eu\/fr\/wp-json\/wp\/v2\/types\/product"}],"replies":[{"embeddable":true,"href":"https:\/\/esquell.eu\/fr\/wp-json\/wp\/v2\/comments?post=26413"}],"wp:featuredmedia":[{"embeddable":true,"href":"https:\/\/esquell.eu\/fr\/wp-json\/wp\/v2\/media\/4242"}],"wp:attachment":[{"href":"https:\/\/esquell.eu\/fr\/wp-json\/wp\/v2\/media?parent=26413"}],"wp:term":[{"taxonomy":"more","embeddable":true,"href":"https:\/\/esquell.eu\/fr\/wp-json\/wp\/v2\/more?post=26413"},{"taxonomy":"product_brand","embeddable":true,"href":"https:\/\/esquell.eu\/fr\/wp-json\/wp\/v2\/product_brand?post=26413"},{"taxonomy":"product_cat","embeddable":true,"href":"https:\/\/esquell.eu\/fr\/wp-json\/wp\/v2\/product_cat?post=26413"},{"taxonomy":"product_tag","embeddable":true,"href":"https:\/\/esquell.eu\/fr\/wp-json\/wp\/v2\/product_tag?post=26413"}],"curies":[{"name":"wp","href":"https:\/\/api.w.org\/{rel}","templated":true}]}}

Pince à bijoux pince plate courte striée longueur 13 xcm Version budget

<p>Pince plate courte avec structure nervurée pour une meilleure prise en main.<br />
Longueur 13 cm.</p>
<p>Pour pincer les perles, fermer les anneaux et les œillets.<br />
Pour fixer les fermoirs aux colliers, chaînes, cordons et cuirs et couper le fil.<br />
Équipé de poignées à prise souple. Conception solide et ergonomique </p>

<p>Pince plate courte avec structure nervurée pour une meilleure prise en main. Longueur : 13 cm. </p>
<p>Pour serrer les perles, fermer les anneaux et les œillets. Fixer les fermoirs aux colliers, chaînes, cordons et cuirs et couper le fil. </p>
<p>Équipé de poignées à prise souple. Conception solide et ergonomique </p>
