{"id":26369,"date":"2025-04-03T09:22:46","date_gmt":"2025-04-03T09:22:46","guid":{"rendered":"https:\/\/esquell.eu\/product\/pelle-et-pince-a-epiler-2-en-1-pour-les-perles-et-les-zircons-par-exemple\/"},"modified":"2025-04-03T09:22:46","modified_gmt":"2025-04-03T09:22:46","slug":"pelle-et-pince-a-epiler-2-en-1-pour-les-perles-et-les-zircons-par-exemple","status":"publish","type":"product","link":"https:\/\/esquell.eu\/fr\/produit\/pelle-et-pince-a-epiler-2-en-1-pour-les-perles-et-les-zircons-par-exemple\/","title":{"rendered":"Pelle et pince \u00e0 \u00e9piler. 2 en 1 Pour les perles et les zircons par exemple"},"content":{"rendered":"<p>2 en 1 Une pelle d&rsquo;un c\u00f4t\u00e9 et une pince de l&rsquo;autre.<\/p>\n<p>Utile pour travailler et organiser les perles et les zircons.<\/p>\n","protected":false},"excerpt":{"rendered":"<p>2 en 1 Une pelle d&rsquo;un c\u00f4t\u00e9 et une pince de l&rsquo;autre.<\/p>\n<p>Utile pour travailler et organiser les perles et les zircons.<\/p>\n<p>&nbsp;<\/p>\n","protected":false},"featured_media":7360,"comment_status":"closed","ping_status":"closed","template":"","meta":{"_acf_changed":false,"_seopress_robots_primary_cat":"none","_seopress_titles_title":"","_seopress_titles_desc":"","_seopress_robots_index":""},"more":[],"product_brand":[6398],"product_cat":[7397],"product_tag":[6847,6386,6397,6393,6396,8006,6402,6706,9997,20297,6395,6401,6381,20294,8462,6730,7405,20295,6391,20299,6966,13536,20301,20296,6482],"class_list":{"0":"post-26369","1":"product","2":"type-product","3":"status-publish","4":"has-post-thumbnail","6":"product_brand-l1","7":"product_cat-pince-et-pince-a-epiler","8":"product_tag-acier-inoxydable","9":"product_tag-aida","10":"product_tag-allemagne","11":"product_tag-belgique","12":"product_tag-belgique-2","13":"product_tag-boite-2","14":"product_tag-bon-marche","15":"product_tag-commerce-de-gros","16":"product_tag-daimond","17":"product_tag-decouvrez","18":"product_tag-deutsland","19":"product_tag-france","20":"product_tag-japon","21":"product_tag-luxmbourg","22":"product_tag-magasin","23":"product_tag-organiser","24":"product_tag-outil-2","25":"product_tag-outil-5","26":"product_tag-pays-bas","27":"product_tag-peinture-2","28":"product_tag-perles-2","29":"product_tag-pincettes","30":"product_tag-pots","31":"product_tag-scoop","32":"product_tag-zircone","33":"product_shipping_class-standard","35":"first","36":"instock","37":"taxable","38":"shipping-taxable","39":"purchasable","40":"product-type-simple"},"acf":[],"_links":{"self":[{"href":"https:\/\/esquell.eu\/fr\/wp-json\/wp\/v2\/product\/26369","targetHints":{"allow":["GET"]}}],"collection":[{"href":"https:\/\/esquell.eu\/fr\/wp-json\/wp\/v2\/product"}],"about":[{"href":"https:\/\/esquell.eu\/fr\/wp-json\/wp\/v2\/types\/product"}],"replies":[{"embeddable":true,"href":"https:\/\/esquell.eu\/fr\/wp-json\/wp\/v2\/comments?post=26369"}],"wp:featuredmedia":[{"embeddable":true,"href":"https:\/\/esquell.eu\/fr\/wp-json\/wp\/v2\/media\/7360"}],"wp:attachment":[{"href":"https:\/\/esquell.eu\/fr\/wp-json\/wp\/v2\/media?parent=26369"}],"wp:term":[{"taxonomy":"more","embeddable":true,"href":"https:\/\/esquell.eu\/fr\/wp-json\/wp\/v2\/more?post=26369"},{"taxonomy":"product_brand","embeddable":true,"href":"https:\/\/esquell.eu\/fr\/wp-json\/wp\/v2\/product_brand?post=26369"},{"taxonomy":"product_cat","embeddable":true,"href":"https:\/\/esquell.eu\/fr\/wp-json\/wp\/v2\/product_cat?post=26369"},{"taxonomy":"product_tag","embeddable":true,"href":"https:\/\/esquell.eu\/fr\/wp-json\/wp\/v2\/product_tag?post=26369"}],"curies":[{"name":"wp","href":"https:\/\/api.w.org\/{rel}","templated":true}]}}

Pelle et pince à épiler. 2 en 1 Pour les perles et les zircons par exemple

<p>2 en 1 Une pelle d&rsquo;un côté et une pince de l&rsquo;autre.</p>
<p>Utile pour travailler et organiser les perles et les zircons.</p>

<p>2 en 1 Une pelle d&rsquo;un côté et une pince de l&rsquo;autre.</p>
<p>Utile pour travailler et organiser les perles et les zircons.</p>
<p>&nbsp;</p>
