{"id":26111,"date":"2025-04-03T09:22:26","date_gmt":"2025-04-03T09:22:26","guid":{"rendered":"https:\/\/esquell.eu\/product\/forets-pour-la-pose-de-pierres\/"},"modified":"2025-04-03T09:22:26","modified_gmt":"2025-04-03T09:22:26","slug":"forets-pour-la-pose-de-pierres","status":"publish","type":"product","link":"https:\/\/esquell.eu\/fr\/produit\/forets-pour-la-pose-de-pierres\/","title":{"rendered":"Forets pour la pose de pierres."},"content":{"rendered":"<p>Forets pour fixer les galets.<\/p>\n<p>Peut \u00eatre utilis\u00e9 pour l&rsquo;argile et le m\u00e9tal.<\/p>\n<p>Qualit\u00e9 professionnelle japonaise.<\/p>\n","protected":false},"excerpt":{"rendered":"<p>Forets pour fixer les galets.<\/p>\n<p>Peut \u00eatre utilis\u00e9 pour l&rsquo;argile et le m\u00e9tal.<\/p>\n<p>Qualit\u00e9 professionnelle japonaise.<\/p>\n","protected":false},"featured_media":7398,"comment_status":"closed","ping_status":"closed","template":"","meta":{"_acf_changed":false,"_seopress_robots_primary_cat":"none","_seopress_titles_title":"","_seopress_titles_desc":"","_seopress_robots_index":""},"more":[],"product_brand":[6382],"product_cat":[7504,10216,6366],"product_tag":[6388,6473,6404,7500,6420,6530,7141,7028,6378,6390,20065,7401,11935,6759,7031,7398,6428,8053,7506,7426],"class_list":{"0":"post-26111","1":"product","2":"type-product","3":"status-publish","4":"has-post-thumbnail","6":"product_brand-acs","7":"product_cat-argile","8":"product_cat-metal","9":"product_cat-poncage-limage-et-polissage","10":"product_tag-argile","11":"product_tag-argile-2","12":"product_tag-argile-argentee","13":"product_tag-argile-argentee-3","14":"product_tag-argile-bronze","15":"product_tag-argile-bronzee","16":"product_tag-argile-cuivree","17":"product_tag-argile-cuivreuse","18":"product_tag-argile-metallique","19":"product_tag-argile-metallique-2","20":"product_tag-bavure","21":"product_tag-lieux","22":"product_tag-meches","23":"product_tag-metal","24":"product_tag-metal-2","25":"product_tag-mettre","26":"product_tag-pierre","27":"product_tag-pierre-3","28":"product_tag-pour","29":"product_tag-reglage","30":"product_shipping_class-standard","32":"first","33":"instock","34":"taxable","35":"shipping-taxable","36":"purchasable","37":"product-type-simple"},"acf":[],"_links":{"self":[{"href":"https:\/\/esquell.eu\/fr\/wp-json\/wp\/v2\/product\/26111","targetHints":{"allow":["GET"]}}],"collection":[{"href":"https:\/\/esquell.eu\/fr\/wp-json\/wp\/v2\/product"}],"about":[{"href":"https:\/\/esquell.eu\/fr\/wp-json\/wp\/v2\/types\/product"}],"replies":[{"embeddable":true,"href":"https:\/\/esquell.eu\/fr\/wp-json\/wp\/v2\/comments?post=26111"}],"wp:featuredmedia":[{"embeddable":true,"href":"https:\/\/esquell.eu\/fr\/wp-json\/wp\/v2\/media\/7398"}],"wp:attachment":[{"href":"https:\/\/esquell.eu\/fr\/wp-json\/wp\/v2\/media?parent=26111"}],"wp:term":[{"taxonomy":"more","embeddable":true,"href":"https:\/\/esquell.eu\/fr\/wp-json\/wp\/v2\/more?post=26111"},{"taxonomy":"product_brand","embeddable":true,"href":"https:\/\/esquell.eu\/fr\/wp-json\/wp\/v2\/product_brand?post=26111"},{"taxonomy":"product_cat","embeddable":true,"href":"https:\/\/esquell.eu\/fr\/wp-json\/wp\/v2\/product_cat?post=26111"},{"taxonomy":"product_tag","embeddable":true,"href":"https:\/\/esquell.eu\/fr\/wp-json\/wp\/v2\/product_tag?post=26111"}],"curies":[{"name":"wp","href":"https:\/\/api.w.org\/{rel}","templated":true}]}}

<p>Forets pour fixer les galets.</p>
<p>Peut être utilisé pour l&rsquo;argile et le métal.</p>
<p>Qualité professionnelle japonaise.</p>
