{"id":26091,"date":"2025-04-03T09:22:26","date_gmt":"2025-04-03T09:22:26","guid":{"rendered":"https:\/\/esquell.eu\/product\/limes-diamantees-professionnelles-rondes-differentes-tailles-0-8-1-0-1-2-1-5mm-f-1377\/"},"modified":"2025-04-03T09:22:26","modified_gmt":"2025-04-03T09:22:26","slug":"limes-diamantees-professionnelles-rondes-differentes-tailles-0-8-1-0-1-2-1-5mm-f-1377","status":"publish","type":"product","link":"https:\/\/esquell.eu\/fr\/produit\/limes-diamantees-professionnelles-rondes-differentes-tailles-0-8-1-0-1-2-1-5mm-f-1377\/","title":{"rendered":"Limes diamant\u00e9es professionnelles rondes diff\u00e9rentes tailles 0.8\/1.0\/1.2\/1.5mm (F-1377)"},"content":{"rendered":"<p>Limes diamant\u00e9es professionnelles de haute qualit\u00e9, limes \u00e0 main, petites.<\/p>\n<p>Pour la fabrication de bijoux, entre autres.<\/p>\n<p>Par set de 4 pi\u00e8ces de tailles diff\u00e9rentes.<\/p>\n<p>Micro limes<\/p>\n<p>0.8\/1.0\/1.2\/1.5mm.<\/p>\n<p>Lime \u00e0 main diamant\u00e9e<\/p>\n","protected":false},"excerpt":{"rendered":"<p>Limes diamant\u00e9es professionnelles de haute qualit\u00e9, limes \u00e0 main, petites. Pour la fabrication de bijoux, par exemple. Par set, 4 pi\u00e8ces de tailles diff\u00e9rentes. Micro limes   <\/p>\n<p>0,8\/1,0\/1,2\/1,5mm.<\/p>\n<p>Lime \u00e0 main diamant\u00e9e. <\/p>\n","protected":false},"featured_media":4297,"comment_status":"closed","ping_status":"closed","template":"","meta":{"_acf_changed":false,"_seopress_robots_primary_cat":"none","_seopress_titles_title":"","_seopress_titles_desc":"","_seopress_robots_index":""},"more":[],"product_brand":[6382],"product_cat":[6366],"product_tag":[9303,6386,6638,7339,6473,6404,20055,6378,6376,6393,6396,8238,6372,6642,9352,6658,6641,6409,6412,6528,7546,6650,7104,20054,9797,8222,6763,6374,14618,19877,20053,10192,14553,19876,11839,6855,6635,6401,7479,6761,6381,6369,6634,6472,8220,10354,6403,7215,7287,6559,6400,6656,6640,6426,9105,6821,6652,6636,6391,6710,6644,7670,8861,8743,7486,7488,8301,7774,9894,6407,6722,20056,8304,14589,9892,7055],"class_list":{"0":"post-26091","1":"product","2":"type-product","3":"status-publish","4":"has-post-thumbnail","6":"product_brand-acs","7":"product_cat-poncage-limage-et-polissage","8":"product_tag-9303","9":"product_tag-aida","10":"product_tag-anneaux","11":"product_tag-argent-malleable","12":"product_tag-argile-2","13":"product_tag-argile-argentee","14":"product_tag-argile-argentee-6","15":"product_tag-argile-metallique","16":"product_tag-artclaysilver","17":"product_tag-belgique","18":"product_tag-belgique-2","19":"product_tag-benelux","20":"product_tag-bijoux","21":"product_tag-bijoux-2","22":"product_tag-bijoux-diy","23":"product_tag-bijoux-en-argile","24":"product_tag-boucles-doreilles","25":"product_tag-bricolage","26":"product_tag-bronze","27":"product_tag-bronze-2","28":"product_tag-bronze-3","29":"product_tag-cuivre","30":"product_tag-cuivre-2","31":"product_tag-differentes-tailles","32":"product_tag-epoxy","33":"product_tag-eu","34":"product_tag-facebook","35":"product_tag-faire","36":"product_tag-fichier","37":"product_tag-fichier-2","38":"product_tag-fichier-3","39":"product_tag-fichiers","40":"product_tag-fichiers-2","41":"product_tag-fichiers-3","42":"product_tag-finition-2","43":"product_tag-fixer","44":"product_tag-fournitures","45":"product_tag-france","46":"product_tag-france-2","47":"product_tag-instagram","48":"product_tag-japon","49":"product_tag-largent","50":"product_tag-largent-3","51":"product_tag-lart","52":"product_tag-leurope","53":"product_tag-leurope-2","54":"product_tag-lor","55":"product_tag-lor-2","56":"product_tag-lor-3","57":"product_tag-lignes-dartisanat","58":"product_tag-luxembourg","59":"product_tag-luxembourg-2","60":"product_tag-maison","61":"product_tag-malleable","62":"product_tag-micro","63":"product_tag-mini","64":"product_tag-orfevres","65":"product_tag-outils","66":"product_tag-pays-bas","67":"product_tag-pendentifs","68":"product_tag-pieces","69":"product_tag-pinterest","70":"product_tag-polissage","71":"product_tag-poncage","72":"product_tag-porcelaine","73":"product_tag-porcelin","74":"product_tag-precision","75":"product_tag-resine","76":"product_tag-resine-2","77":"product_tag-silverclay-co-uk","78":"product_tag-silveribelgie","79":"product_tag-tempete-de-sable-2","80":"product_tag-travail","81":"product_tag-travaux","82":"product_tag-uv","83":"product_tag-verre","84":"product_shipping_class-standard","86":"first","87":"instock","88":"taxable","89":"shipping-taxable","90":"purchasable","91":"product-type-simple"},"acf":[],"_links":{"self":[{"href":"https:\/\/esquell.eu\/fr\/wp-json\/wp\/v2\/product\/26091","targetHints":{"allow":["GET"]}}],"collection":[{"href":"https:\/\/esquell.eu\/fr\/wp-json\/wp\/v2\/product"}],"about":[{"href":"https:\/\/esquell.eu\/fr\/wp-json\/wp\/v2\/types\/product"}],"replies":[{"embeddable":true,"href":"https:\/\/esquell.eu\/fr\/wp-json\/wp\/v2\/comments?post=26091"}],"wp:featuredmedia":[{"embeddable":true,"href":"https:\/\/esquell.eu\/fr\/wp-json\/wp\/v2\/media\/4297"}],"wp:attachment":[{"href":"https:\/\/esquell.eu\/fr\/wp-json\/wp\/v2\/media?parent=26091"}],"wp:term":[{"taxonomy":"more","embeddable":true,"href":"https:\/\/esquell.eu\/fr\/wp-json\/wp\/v2\/more?post=26091"},{"taxonomy":"product_brand","embeddable":true,"href":"https:\/\/esquell.eu\/fr\/wp-json\/wp\/v2\/product_brand?post=26091"},{"taxonomy":"product_cat","embeddable":true,"href":"https:\/\/esquell.eu\/fr\/wp-json\/wp\/v2\/product_cat?post=26091"},{"taxonomy":"product_tag","embeddable":true,"href":"https:\/\/esquell.eu\/fr\/wp-json\/wp\/v2\/product_tag?post=26091"}],"curies":[{"name":"wp","href":"https:\/\/api.w.org\/{rel}","templated":true}]}}

Limes diamantées professionnelles rondes différentes tailles 0.8/1.0/1.2/1.5mm (F-1377)

<p>Limes diamantées professionnelles de haute qualité, limes à main, petites.</p>
<p>Pour la fabrication de bijoux, entre autres.</p>
<p>Par set de 4 pièces de tailles différentes.</p>
<p>Micro limes</p>
<p>0.8/1.0/1.2/1.5mm.</p>
<p>Lime à main diamantée</p>

<p>Limes diamantées professionnelles de haute qualité, limes à main, petites. Pour la fabrication de bijoux, par exemple. Par set, 4 pièces de tailles différentes. Micro limes   </p>
<p>0,8/1,0/1,2/1,5mm.</p>
<p>Lime à main diamantée. </p>
