{"id":25997,"date":"2025-04-03T09:22:12","date_gmt":"2025-04-03T09:22:12","guid":{"rendered":"https:\/\/esquell.eu\/product\/pierre-a-poncer-en-ceramique-pour-le-poncage-avec-dremel-ou-dautres-outils-multiples-lot-de-10\/"},"modified":"2025-04-03T09:22:12","modified_gmt":"2025-04-03T09:22:12","slug":"pierre-a-poncer-en-ceramique-pour-le-poncage-avec-dremel-ou-dautres-outils-multiples-lot-de-10","status":"publish","type":"product","link":"https:\/\/esquell.eu\/fr\/produit\/pierre-a-poncer-en-ceramique-pour-le-poncage-avec-dremel-ou-dautres-outils-multiples-lot-de-10\/","title":{"rendered":"Pierre \u00e0 poncer en c\u00e9ramique pour le pon\u00e7age avec dremel ou d&rsquo;autres outils multiples. Lot de 10"},"content":{"rendered":"<p>Pierre \u00e0 poncer en c\u00e9ramique pour le pon\u00e7age avec dremel ou autre outil multiple<\/p>\n<p>Diff\u00e9rentes formes. Lot de 10 pi\u00e8ces <\/p>\n<p>Arbre 3mm<\/p>\n","protected":false},"excerpt":{"rendered":"<p>Pierre \u00e0 poncer en c\u00e9ramique pour le pon\u00e7age avec dremel ou autre outil multiple<\/p>\n<p>Diff\u00e9rentes formes. Lot de 10 pi\u00e8ces <\/p>\n<p>Arbre 3mm<\/p>\n","protected":false},"featured_media":7437,"comment_status":"closed","ping_status":"closed","template":"","meta":{"_acf_changed":false,"_seopress_robots_primary_cat":"none","_seopress_titles_title":"","_seopress_titles_desc":"","_seopress_robots_index":""},"more":[],"product_brand":[6398],"product_cat":[6366],"product_tag":[6645,6646,6386,6397,7761,6638,6393,6396,6372,6642,6402,6641,6409,10197,10294,15607,8236,6706,6395,17123,14458,14511,6374,6401,19885,6381,6559,14490,6400,8701,14718,9836,19886,6643,6399,6391,6710,7279,8861,10199,6751,10488],"class_list":{"0":"post-25997","1":"product","2":"type-product","3":"status-publish","4":"has-post-thumbnail","6":"product_brand-l1","7":"product_cat-poncage-limage-et-polissage","8":"product_tag-a","9":"product_tag-acheter","10":"product_tag-aida","11":"product_tag-allemagne","12":"product_tag-allemagne-2","13":"product_tag-anneaux","14":"product_tag-belgique","15":"product_tag-belgique-2","16":"product_tag-bijoux","17":"product_tag-bijoux-2","18":"product_tag-bon-marche","19":"product_tag-boucles-doreilles","20":"product_tag-bricolage","21":"product_tag-brillant-2","22":"product_tag-brillant-3","23":"product_tag-brillant-5","24":"product_tag-broches","25":"product_tag-commerce-de-gros","26":"product_tag-deutsland","27":"product_tag-distribution","28":"product_tag-dremel","29":"product_tag-ebavurage","30":"product_tag-faire","31":"product_tag-france","32":"product_tag-france-3","33":"product_tag-japon","34":"product_tag-lignes-dartisanat","35":"product_tag-lisse-2","36":"product_tag-luxembourg","37":"product_tag-metal-3","38":"product_tag-meule","39":"product_tag-multitool","40":"product_tag-mures","41":"product_tag-ou","42":"product_tag-outil","43":"product_tag-pays-bas","44":"product_tag-pendentifs","45":"product_tag-pierre-2","46":"product_tag-polissage","47":"product_tag-polissage-du-miroir","48":"product_tag-reduction","49":"product_tag-rotatif","50":"product_shipping_class-standard","52":"first","53":"instock","54":"taxable","55":"shipping-taxable","56":"purchasable","57":"product-type-simple"},"acf":[],"_links":{"self":[{"href":"https:\/\/esquell.eu\/fr\/wp-json\/wp\/v2\/product\/25997","targetHints":{"allow":["GET"]}}],"collection":[{"href":"https:\/\/esquell.eu\/fr\/wp-json\/wp\/v2\/product"}],"about":[{"href":"https:\/\/esquell.eu\/fr\/wp-json\/wp\/v2\/types\/product"}],"replies":[{"embeddable":true,"href":"https:\/\/esquell.eu\/fr\/wp-json\/wp\/v2\/comments?post=25997"}],"wp:featuredmedia":[{"embeddable":true,"href":"https:\/\/esquell.eu\/fr\/wp-json\/wp\/v2\/media\/7437"}],"wp:attachment":[{"href":"https:\/\/esquell.eu\/fr\/wp-json\/wp\/v2\/media?parent=25997"}],"wp:term":[{"taxonomy":"more","embeddable":true,"href":"https:\/\/esquell.eu\/fr\/wp-json\/wp\/v2\/more?post=25997"},{"taxonomy":"product_brand","embeddable":true,"href":"https:\/\/esquell.eu\/fr\/wp-json\/wp\/v2\/product_brand?post=25997"},{"taxonomy":"product_cat","embeddable":true,"href":"https:\/\/esquell.eu\/fr\/wp-json\/wp\/v2\/product_cat?post=25997"},{"taxonomy":"product_tag","embeddable":true,"href":"https:\/\/esquell.eu\/fr\/wp-json\/wp\/v2\/product_tag?post=25997"}],"curies":[{"name":"wp","href":"https:\/\/api.w.org\/{rel}","templated":true}]}}

Pierre à poncer en céramique pour le ponçage avec dremel ou d&rsquo;autres outils multiples. Lot de 10

<p>Pierre à poncer en céramique pour le ponçage avec dremel ou autre outil multiple</p>
<p>Différentes formes. Lot de 10 pièces </p>
<p>Arbre 3mm</p>
