{"id":25029,"date":"2025-04-03T09:27:09","date_gmt":"2025-04-03T09:27:09","guid":{"rendered":"https:\/\/esquell.eu\/product\/coquilles-de-moules-en-silicone\/"},"modified":"2026-01-10T14:29:29","modified_gmt":"2026-01-10T14:29:29","slug":"coquilles-de-moules-en-silicone","status":"publish","type":"product","link":"https:\/\/esquell.eu\/fr\/produit\/coquilles-de-moules-en-silicone\/","title":{"rendered":"Mini-moule \u00e0 fleurs en silicone"},"content":{"rendered":"<div class=\"product-addition-content\">\n<p>Moule en silicone avec fleur<\/p>\n<p>Diam\u00e8tre du moule : environ 5,5 * 7 cm<\/p>\n<p>A utiliser avec la p\u00e2te \u00e0 modeler, la p\u00e2te de bronze, la p\u00e2te de cuivre, la p\u00e2te fimo, la p\u00e2te polym\u00e8re, le cernit, etc.<\/p>\n<p>Vaporisez toujours la formule antiadh\u00e9sive coolslip avant de l&rsquo;utiliser. Cela emp\u00eache l&rsquo;argile de coller aux moules. <\/p>\n<\/div>\n","protected":false},"excerpt":{"rendered":"<p>Moule en silicone avec divers coquillages<\/p>\n<p>Taille du moule entier environ 6,8<\/p>\n<p>Convient \u00e0 tous les types d&rsquo;argile, de r\u00e9sine et d&rsquo;argile m\u00e9tallique.<\/p>\n","protected":false},"featured_media":29057,"comment_status":"closed","ping_status":"closed","template":"","meta":{"_acf_changed":false,"_seopress_robots_primary_cat":"none","_seopress_titles_title":"","_seopress_titles_desc":"","_seopress_robots_index":""},"more":[],"product_brand":[6398],"product_cat":[15643,11931],"product_tag":[6645,7760,6939,6646,7929,6945,7045,7036,6923,6931,7096,6947,6949,19180,6393,9666,19184,6372,6642,9292,6402,7814,6641,6792,7116,6716,6409,6412,6819,6794,7762,6962,7780,6649,7778,9650,6650,7047,8513,8489,9652,7038,8492,6647,6724,9797,7766,7677,6374,8039,6815,15785,6933,6712,6651,9069,9304,7120,9289,6369,6403,7121,6930,7042,6640,8497,7040,9874,10552,15097,7034,6643,6816,6391,19182,6485,17234,18200,14754,19181,21887,6483,6927,8067,7774,9894,15644,6443,9297,6925,9654,6943,19183,9300,14735,15649,8499,9295,10312,8690,11627,8521,8495,6408],"class_list":{"0":"post-25029","1":"product","2":"type-product","3":"status-publish","4":"has-post-thumbnail","6":"product_brand-l1","7":"product_cat-moules","8":"product_cat-nouveau","9":"product_tag-a","10":"product_tag-achats-2","11":"product_tag-acheter-2","12":"product_tag-acheter","13":"product_tag-acrylique","14":"product_tag-alkmaar","15":"product_tag-almelo","16":"product_tag-amersfoort","17":"product_tag-amsterdam","18":"product_tag-anvers","19":"product_tag-apeldoorn","20":"product_tag-arnhem","21":"product_tag-assen","22":"product_tag-begie","23":"product_tag-belgique","24":"product_tag-bergen-op-zoom","25":"product_tag-bijou-de-cou","26":"product_tag-bijoux","27":"product_tag-bijoux-2","28":"product_tag-boho","29":"product_tag-bon-marche","30":"product_tag-boucles-doreilles-2","31":"product_tag-boucles-doreilles","32":"product_tag-bracelet","33":"product_tag-breloques-2","34":"product_tag-breloques","35":"product_tag-bricolage","36":"product_tag-bronze","37":"product_tag-cernit","38":"product_tag-chaine","39":"product_tag-coevorden","40":"product_tag-collier","41":"product_tag-collier-3","42":"product_tag-commande","43":"product_tag-corne","44":"product_tag-cuik","45":"product_tag-cuivre","46":"product_tag-delft","47":"product_tag-delfzijl","48":"product_tag-den-bosch","49":"product_tag-den-helder","50":"product_tag-eindhoven","51":"product_tag-emmen","52":"product_tag-en-ligne","53":"product_tag-envoyer","54":"product_tag-epoxy","55":"product_tag-etreilen","56":"product_tag-fabrication-de-bijoux-par-soi-meme","57":"product_tag-faire","58":"product_tag-fermetures","59":"product_tag-fimo","60":"product_tag-fleur-2","61":"product_tag-gentilhomme","62":"product_tag-gratuit","63":"product_tag-groningue","64":"product_tag-haarlem","65":"product_tag-hardenberg","66":"product_tag-hoogeveen","67":"product_tag-ibiza","68":"product_tag-largent","69":"product_tag-lor","70":"product_tag-la-haye","71":"product_tag-leeuwarden","72":"product_tag-maastricht","73":"product_tag-maison","74":"product_tag-meppel","75":"product_tag-middelburg","76":"product_tag-moule-2","77":"product_tag-moule-3","78":"product_tag-moules-2","79":"product_tag-nijmegen","80":"product_tag-ou","81":"product_tag-pate-polymere","82":"product_tag-pays-bas","83":"product_tag-pendentifs-3","84":"product_tag-perles","85":"product_tag-piece-de-monnaie","86":"product_tag-piece-de-monnaie-2","87":"product_tag-pieces-de-monnaie","88":"product_tag-pieces-de-monnaie-3","89":"product_tag-pieces-de-monnaie-4","90":"product_tag-pierre-naturelle","91":"product_tag-plomb","92":"product_tag-plus-durwijk","93":"product_tag-resine","94":"product_tag-resine-2","95":"product_tag-resine-epoxy","96":"product_tag-resine-uv","97":"product_tag-roermond","98":"product_tag-rotterdam","99":"product_tag-schagen","100":"product_tag-scheveningen","101":"product_tag-sculpey","102":"product_tag-serrure","103":"product_tag-silicone","104":"product_tag-silicone-3","105":"product_tag-steenwijk","106":"product_tag-tiel","107":"product_tag-tilburg","108":"product_tag-tiret","109":"product_tag-uvresin","110":"product_tag-valkenburg","111":"product_tag-venlo","112":"product_tag-vous","113":"product_shipping_class-standard","115":"first","116":"instock","117":"taxable","118":"shipping-taxable","119":"purchasable","120":"product-type-simple"},"acf":[],"_links":{"self":[{"href":"https:\/\/esquell.eu\/fr\/wp-json\/wp\/v2\/product\/25029","targetHints":{"allow":["GET"]}}],"collection":[{"href":"https:\/\/esquell.eu\/fr\/wp-json\/wp\/v2\/product"}],"about":[{"href":"https:\/\/esquell.eu\/fr\/wp-json\/wp\/v2\/types\/product"}],"replies":[{"embeddable":true,"href":"https:\/\/esquell.eu\/fr\/wp-json\/wp\/v2\/comments?post=25029"}],"wp:featuredmedia":[{"embeddable":true,"href":"https:\/\/esquell.eu\/fr\/wp-json\/wp\/v2\/media\/29057"}],"wp:attachment":[{"href":"https:\/\/esquell.eu\/fr\/wp-json\/wp\/v2\/media?parent=25029"}],"wp:term":[{"taxonomy":"more","embeddable":true,"href":"https:\/\/esquell.eu\/fr\/wp-json\/wp\/v2\/more?post=25029"},{"taxonomy":"product_brand","embeddable":true,"href":"https:\/\/esquell.eu\/fr\/wp-json\/wp\/v2\/product_brand?post=25029"},{"taxonomy":"product_cat","embeddable":true,"href":"https:\/\/esquell.eu\/fr\/wp-json\/wp\/v2\/product_cat?post=25029"},{"taxonomy":"product_tag","embeddable":true,"href":"https:\/\/esquell.eu\/fr\/wp-json\/wp\/v2\/product_tag?post=25029"}],"curies":[{"name":"wp","href":"https:\/\/api.w.org\/{rel}","templated":true}]}}

Mini-moule à fleurs en silicone

<div class="product-addition-content">
<p>Moule en silicone avec fleur</p>
<p>Diamètre du moule : environ 5,5 * 7 cm</p>
<p>A utiliser avec la pâte à modeler, la pâte de bronze, la pâte de cuivre, la pâte fimo, la pâte polymère, le cernit, etc.</p>
<p>Vaporisez toujours la formule antiadhésive coolslip avant de l&rsquo;utiliser. Cela empêche l&rsquo;argile de coller aux moules. </p>
</div>

<p>Moule en silicone avec divers coquillages</p>
<p>Taille du moule entier environ 6,8</p>
<p>Convient à tous les types d&rsquo;argile, de résine et d&rsquo;argile métallique.</p>
