{"id":24957,"date":"2025-04-03T09:27:09","date_gmt":"2025-04-03T09:27:09","guid":{"rendered":"https:\/\/esquell.eu\/product\/les-mini-moules-en-silicone-ont-une-taille-denviron-56-cm\/"},"modified":"2025-04-03T09:27:09","modified_gmt":"2025-04-03T09:27:09","slug":"les-mini-moules-en-silicone-ont-une-taille-denviron-56-cm","status":"publish","type":"product","link":"https:\/\/esquell.eu\/fr\/produit\/les-mini-moules-en-silicone-ont-une-taille-denviron-56-cm\/","title":{"rendered":"Les mini-moules en silicone ont une taille d&rsquo;environ 5*6 cm"},"content":{"rendered":"<p>Mini-moule en silicone<\/p>\n<p>Diff\u00e9rentes tailles de feuilles<\/p>\n<p>En laissant s\u00e9cher les feuilles sur une surface irr\u00e9guli\u00e8re, par exemple avec des cure-dents en dessous ou sur une feuille d&rsquo;aluminium ou sur un moule en p\u00e2te fimo, vous obtenez un mouvement dans les feuilles.<\/p>\n","protected":false},"excerpt":{"rendered":"<p>Mini-moule en silicone<\/p>\n<p>Diff\u00e9rentes tailles de feuilles<\/p>\n<p>&nbsp;<\/p>\n","protected":false},"featured_media":8252,"comment_status":"closed","ping_status":"closed","template":"","meta":{"_acf_changed":false,"_seopress_robots_primary_cat":"none","_seopress_titles_title":"","_seopress_titles_desc":"","_seopress_robots_index":""},"more":[],"product_brand":[6398],"product_cat":[15643],"product_tag":[8708,7929,6386,6397,7761,6388,6741,6404,6420,7028,6378,6390,6405,6376,6393,6396,6372,6642,6658,6409,6395,6743,18418,9797,6374,6810,6813,8992,6401,18416,6381,6559,6400,6821,16253,15646,9874,15097,6816,6391,7506,7774,9896,14735,6407,17904,18420,18422],"class_list":{"0":"post-24957","1":"product","2":"type-product","3":"status-publish","4":"has-post-thumbnail","6":"product_brand-l1","7":"product_cat-moules","8":"product_tag-co-uk","9":"product_tag-acrylique","10":"product_tag-aida","11":"product_tag-allemagne","12":"product_tag-allemagne-2","13":"product_tag-argile","14":"product_tag-argile-3","15":"product_tag-argile-argentee","16":"product_tag-argile-bronze","17":"product_tag-argile-cuivreuse","18":"product_tag-argile-metallique","19":"product_tag-argile-metallique-2","20":"product_tag-artclay","21":"product_tag-artclaysilver","22":"product_tag-belgique","23":"product_tag-belgique-2","24":"product_tag-bijoux","25":"product_tag-bijoux-2","26":"product_tag-bijoux-en-argile","27":"product_tag-bricolage","28":"product_tag-deutsland","29":"product_tag-distributeur","30":"product_tag-efco","31":"product_tag-epoxy","32":"product_tag-faire","33":"product_tag-feuille","34":"product_tag-feuilles","35":"product_tag-feuilles-2","36":"product_tag-france","37":"product_tag-frankrik","38":"product_tag-japon","39":"product_tag-lignes-dartisanat","40":"product_tag-luxembourg","41":"product_tag-mini","42":"product_tag-minimal","43":"product_tag-modele-2","44":"product_tag-moule-2","45":"product_tag-moules-2","46":"product_tag-pate-polymere","47":"product_tag-pays-bas","48":"product_tag-pour","49":"product_tag-resine","50":"product_tag-resine-acrylique","51":"product_tag-silicone","52":"product_tag-silverclay-co-uk","53":"product_tag-uk","54":"product_tag-verre-creatif-2","55":"product_tag-zilverklei-be-en-gros","56":"product_shipping_class-standard","58":"first","59":"instock","60":"taxable","61":"shipping-taxable","62":"purchasable","63":"product-type-simple"},"acf":[],"_links":{"self":[{"href":"https:\/\/esquell.eu\/fr\/wp-json\/wp\/v2\/product\/24957","targetHints":{"allow":["GET"]}}],"collection":[{"href":"https:\/\/esquell.eu\/fr\/wp-json\/wp\/v2\/product"}],"about":[{"href":"https:\/\/esquell.eu\/fr\/wp-json\/wp\/v2\/types\/product"}],"replies":[{"embeddable":true,"href":"https:\/\/esquell.eu\/fr\/wp-json\/wp\/v2\/comments?post=24957"}],"wp:featuredmedia":[{"embeddable":true,"href":"https:\/\/esquell.eu\/fr\/wp-json\/wp\/v2\/media\/8252"}],"wp:attachment":[{"href":"https:\/\/esquell.eu\/fr\/wp-json\/wp\/v2\/media?parent=24957"}],"wp:term":[{"taxonomy":"more","embeddable":true,"href":"https:\/\/esquell.eu\/fr\/wp-json\/wp\/v2\/more?post=24957"},{"taxonomy":"product_brand","embeddable":true,"href":"https:\/\/esquell.eu\/fr\/wp-json\/wp\/v2\/product_brand?post=24957"},{"taxonomy":"product_cat","embeddable":true,"href":"https:\/\/esquell.eu\/fr\/wp-json\/wp\/v2\/product_cat?post=24957"},{"taxonomy":"product_tag","embeddable":true,"href":"https:\/\/esquell.eu\/fr\/wp-json\/wp\/v2\/product_tag?post=24957"}],"curies":[{"name":"wp","href":"https:\/\/api.w.org\/{rel}","templated":true}]}}

<p>Mini-moule en silicone</p>
<p>Différentes tailles de feuilles</p>
<p>En laissant sécher les feuilles sur une surface irrégulière, par exemple avec des cure-dents en dessous ou sur une feuille d&rsquo;aluminium ou sur un moule en pâte fimo, vous obtenez un mouvement dans les feuilles.</p>

<p>Mini-moule en silicone</p>
<p>Différentes tailles de feuilles</p>
<p>&nbsp;</p>
