{"id":24800,"date":"2025-04-03T09:25:46","date_gmt":"2025-04-03T09:25:46","guid":{"rendered":"https:\/\/esquell.eu\/product\/moule-en-silicone-clover-4-pour-pendentifs-boucles-doreilles-breloques-etc\/"},"modified":"2025-04-03T09:25:46","modified_gmt":"2025-04-03T09:25:46","slug":"moule-en-silicone-clover-4-pour-pendentifs-boucles-doreilles-breloques-etc","status":"publish","type":"product","link":"https:\/\/esquell.eu\/fr\/produit\/moule-en-silicone-clover-4-pour-pendentifs-boucles-doreilles-breloques-etc\/","title":{"rendered":"Moule en silicone Clover 4 pour pendentifs, boucles d&rsquo;oreilles, breloques, etc."},"content":{"rendered":"<p>Moule en silicone. Tr\u00e8fle 4. La taille du tr\u00e8fle est de 2*3cm.  <\/p>\n<p>Convient \u00e0 l&rsquo;arguile d&rsquo;argent, \u00e0 l&rsquo;argile m\u00e9tallique, \u00e0 l&rsquo;argile bronze et cuivre, \u00e0 l&rsquo;argile fimo et \u00e0 d&rsquo;autres argiles polym\u00e8res.<\/p>\n","protected":false},"excerpt":{"rendered":"<p>Moule en silicone. Tr\u00e8fle 4. La taille du tr\u00e8fle est de 2*3cm.  <\/p>\n<p>Convient \u00e0 l&rsquo;arguile d&rsquo;argent, \u00e0 l&rsquo;argile m\u00e9tallique, \u00e0 l&rsquo;argile bronze et cuivre, \u00e0 l&rsquo;argile fimo et \u00e0 d&rsquo;autres argiles polym\u00e8res.<\/p>\n<p>&nbsp;<\/p>\n","protected":false},"featured_media":8286,"comment_status":"closed","ping_status":"closed","template":"","meta":{"_acf_changed":false,"_seopress_robots_primary_cat":"none","_seopress_titles_title":"","_seopress_titles_desc":"","_seopress_robots_index":""},"more":[],"product_brand":[6398],"product_cat":[15643],"product_tag":[9303,6476,6645,7760,8284,6646,6939,7929,6397,7761,7024,17130,7339,6388,6404,6406,6420,7028,6378,17395,6949,18911,6393,6372,6642,6658,7548,18896,18889,18910,6641,8426,12611,8340,6409,18902,6772,7762,6649,6395,12860,7776,8492,6647,9797,7766,7677,9961,6374,6815,12900,18907,6651,18908,9304,11167,6951,7120,12089,18904,6930,8501,6640,8497,15646,16283,9874,15097,18905,6643,6816,6391,6774,14295,6710,18898,18892,7774,9894,12864,8511,14735,6722,18900,8499,13515,18906,18903,9397,18332,18894,18901,6408,9977,18899,18909,6720],"class_list":{"0":"post-24800","1":"product","2":"type-product","3":"status-publish","4":"has-post-thumbnail","6":"product_brand-l1","7":"product_cat-moules","8":"product_tag-9303","9":"product_tag-6476","10":"product_tag-a","11":"product_tag-achats-2","12":"product_tag-achats-3","13":"product_tag-acheter","14":"product_tag-acheter-2","15":"product_tag-acrylique","16":"product_tag-allemagne","17":"product_tag-allemagne-2","18":"product_tag-almere","19":"product_tag-argent-2","20":"product_tag-argent-malleable","21":"product_tag-argile","22":"product_tag-argile-argentee","23":"product_tag-argile-aurifere","24":"product_tag-argile-bronze","25":"product_tag-argile-cuivreuse","26":"product_tag-argile-metallique","27":"product_tag-art-de-largile-2","28":"product_tag-assen","29":"product_tag-bar","30":"product_tag-belgique","31":"product_tag-bijoux","32":"product_tag-bijoux-2","33":"product_tag-bijoux-en-argile","34":"product_tag-bijoux-en-argile-2","35":"product_tag-bijoux-en-epoxy-2","36":"product_tag-bijoux-en-resine-2","37":"product_tag-bolsward","38":"product_tag-boucles-doreilles","39":"product_tag-boucles-doreilles-en-argile","40":"product_tag-bracelet-a-breloques","41":"product_tag-breloques-3","42":"product_tag-bricolage","43":"product_tag-broger","44":"product_tag-charme","45":"product_tag-coevorden","46":"product_tag-commande","47":"product_tag-deutsland","48":"product_tag-dokkum","49":"product_tag-drachten","50":"product_tag-emmen","51":"product_tag-en-ligne","52":"product_tag-epoxy","53":"product_tag-etreilen","54":"product_tag-fabrication-de-bijoux-par-soi-meme","55":"product_tag-fabrication-de-bijoux-par-soi-meme-2","56":"product_tag-faire","57":"product_tag-fimo","58":"product_tag-giethoorn","59":"product_tag-gorredijk","60":"product_tag-groningue","61":"product_tag-grouw","62":"product_tag-hardenberg","63":"product_tag-harlingen","64":"product_tag-heerenveen","65":"product_tag-hoogeveen","66":"product_tag-hoogezand","67":"product_tag-klazienaveeen","68":"product_tag-leeuwarden","69":"product_tag-lemmer","70":"product_tag-maison","71":"product_tag-meppel","72":"product_tag-modele-2","73":"product_tag-modeles-4","74":"product_tag-moule-2","75":"product_tag-moules-2","76":"product_tag-oosterwolde-appelscha","77":"product_tag-ou","78":"product_tag-pate-polymere","79":"product_tag-pays-bas","80":"product_tag-pendentif","81":"product_tag-pendentif-3","82":"product_tag-pendentifs","83":"product_tag-pendentifs-en-argile","84":"product_tag-quatre","85":"product_tag-resine","86":"product_tag-resine-2","87":"product_tag-roden","88":"product_tag-se-faufiler","89":"product_tag-silicone","90":"product_tag-silveribelgie","91":"product_tag-stadskanaal","92":"product_tag-steenwijk","93":"product_tag-stiens","94":"product_tag-surhuisterveen","95":"product_tag-ter-apel","96":"product_tag-tonne","97":"product_tag-trefle-2","98":"product_tag-trefle-a-quatre-feuilles","99":"product_tag-veendam-stadskanaal","100":"product_tag-vous","101":"product_tag-winschoten","102":"product_tag-winsum","103":"product_tag-workum","104":"product_tag-zilverkleinederland","105":"product_shipping_class-standard","107":"first","108":"instock","109":"taxable","110":"shipping-taxable","111":"purchasable","112":"product-type-simple"},"acf":[],"_links":{"self":[{"href":"https:\/\/esquell.eu\/fr\/wp-json\/wp\/v2\/product\/24800","targetHints":{"allow":["GET"]}}],"collection":[{"href":"https:\/\/esquell.eu\/fr\/wp-json\/wp\/v2\/product"}],"about":[{"href":"https:\/\/esquell.eu\/fr\/wp-json\/wp\/v2\/types\/product"}],"replies":[{"embeddable":true,"href":"https:\/\/esquell.eu\/fr\/wp-json\/wp\/v2\/comments?post=24800"}],"wp:featuredmedia":[{"embeddable":true,"href":"https:\/\/esquell.eu\/fr\/wp-json\/wp\/v2\/media\/8286"}],"wp:attachment":[{"href":"https:\/\/esquell.eu\/fr\/wp-json\/wp\/v2\/media?parent=24800"}],"wp:term":[{"taxonomy":"more","embeddable":true,"href":"https:\/\/esquell.eu\/fr\/wp-json\/wp\/v2\/more?post=24800"},{"taxonomy":"product_brand","embeddable":true,"href":"https:\/\/esquell.eu\/fr\/wp-json\/wp\/v2\/product_brand?post=24800"},{"taxonomy":"product_cat","embeddable":true,"href":"https:\/\/esquell.eu\/fr\/wp-json\/wp\/v2\/product_cat?post=24800"},{"taxonomy":"product_tag","embeddable":true,"href":"https:\/\/esquell.eu\/fr\/wp-json\/wp\/v2\/product_tag?post=24800"}],"curies":[{"name":"wp","href":"https:\/\/api.w.org\/{rel}","templated":true}]}}

<p>Moule en silicone. Trèfle 4. La taille du trèfle est de 2*3cm.  </p>
<p>Convient à l&rsquo;arguile d&rsquo;argent, à l&rsquo;argile métallique, à l&rsquo;argile bronze et cuivre, à l&rsquo;argile fimo et à d&rsquo;autres argiles polymères.</p>

<p>Moule en silicone. Trèfle 4. La taille du trèfle est de 2*3cm.  </p>
<p>Convient à l&rsquo;arguile d&rsquo;argent, à l&rsquo;argile métallique, à l&rsquo;argile bronze et cuivre, à l&rsquo;argile fimo et à d&rsquo;autres argiles polymères.</p>
<p>&nbsp;</p>
