{"id":24496,"date":"2025-04-03T09:24:26","date_gmt":"2025-04-03T09:24:26","guid":{"rendered":"https:\/\/esquell.eu\/product\/moule-en-silicone-pour-fleurs-avec-pendentif\/"},"modified":"2025-04-03T09:24:26","modified_gmt":"2025-04-03T09:24:26","slug":"moule-en-silicone-pour-fleurs-avec-pendentif","status":"publish","type":"product","link":"https:\/\/esquell.eu\/fr\/produit\/moule-en-silicone-pour-fleurs-avec-pendentif\/","title":{"rendered":"Moule en silicone pour fleurs avec pendentif"},"content":{"rendered":"<p>Moule en silicone pour fleurs<\/p>\n<p>Tous avec \u00e9videment pour l&rsquo;\u0153il du pendentif<\/p>\n<p>pour boucles d&rsquo;oreilles, pendentifs etc<\/p>\n<p>Particuli\u00e8rement adapt\u00e9 \u00e0 la r\u00e9sine UV-Led, \u00e0 la r\u00e9sine, \u00e0 l&rsquo;\u00e9poxy<\/p>\n","protected":false},"excerpt":{"rendered":"<p>Moule en silicone avec fleurs<\/p>\n<p>Tous les moules sont pourvus d&rsquo;une cavit\u00e9 pour l&rsquo;\u0153il du pendentif<\/p>\n<p>Pour la fabrication de boucles d&rsquo;oreilles, de pendentifs ou de breloques<\/p>\n<p>Particuli\u00e8rement adapt\u00e9 \u00e0 la r\u00e9sine UV-Led, \u00e0 la r\u00e9sine, \u00e0 l&rsquo;\u00e9poxy, etc.<\/p>\n","protected":false},"featured_media":8361,"comment_status":"closed","ping_status":"closed","template":"","meta":{"_acf_changed":false,"_seopress_robots_primary_cat":"none","_seopress_titles_title":"","_seopress_titles_desc":"","_seopress_robots_index":""},"more":[],"product_brand":[6398],"product_cat":[9873,15643],"product_tag":[6470,6476,6645,8048,6646,6939,7929,7045,7024,6923,6931,7339,6388,6473,6404,6406,6420,7028,6378,6376,6949,6565,6393,6372,6402,6641,7814,18406,6389,6941,6716,6409,6412,6935,9132,6819,7817,6649,6650,6655,6647,7043,6724,6374,6798,6815,6785,6635,6653,6933,6712,9093,6659,6801,9011,8428,6369,6634,6472,6403,6930,7026,7030,7768,6789,6640,6708,15646,16283,9874,18407,15097,18409,6661,6643,6636,6657,8688,6816,6391,6665,6774,6710,6644,7094,7774,9894,9896,6925,14735,6805,6663,9892,11627,6803,6408,6807,6667,18411],"class_list":{"0":"post-24496","1":"product","2":"type-product","3":"status-publish","4":"has-post-thumbnail","6":"product_brand-l1","7":"product_cat-led-et-resine-uv","8":"product_cat-moules","9":"product_tag-6470","10":"product_tag-6476","11":"product_tag-a","12":"product_tag-a-vendre","13":"product_tag-acheter","14":"product_tag-acheter-2","15":"product_tag-acrylique","16":"product_tag-almelo","17":"product_tag-almere","18":"product_tag-amsterdam","19":"product_tag-anvers","20":"product_tag-argent-malleable","21":"product_tag-argile","22":"product_tag-argile-2","23":"product_tag-argile-argentee","24":"product_tag-argile-aurifere","25":"product_tag-argile-bronze","26":"product_tag-argile-cuivreuse","27":"product_tag-argile-metallique","28":"product_tag-artclaysilver","29":"product_tag-assen","30":"product_tag-atelier","31":"product_tag-belgique","32":"product_tag-bijoux","33":"product_tag-bon-marche","34":"product_tag-boucles-doreilles","35":"product_tag-boucles-doreilles-2","36":"product_tag-boucles-doreilles-6","37":"product_tag-boutique-en-ligne","38":"product_tag-brabant","39":"product_tag-breloques","40":"product_tag-bricolage","41":"product_tag-bronze","42":"product_tag-bruxelles","43":"product_tag-carrement","44":"product_tag-cernit","45":"product_tag-clous-doreilles","46":"product_tag-commande","47":"product_tag-cuivre","48":"product_tag-drenthe","49":"product_tag-en-ligne","50":"product_tag-enschede","51":"product_tag-envoyer","52":"product_tag-faire","53":"product_tag-faire-2","54":"product_tag-fimo","55":"product_tag-flevoland","56":"product_tag-fournitures","57":"product_tag-frise","58":"product_tag-gentilhomme","59":"product_tag-gratuit","60":"product_tag-gronigen","61":"product_tag-gueldre","62":"product_tag-il","63":"product_tag-iles-wadden","64":"product_tag-kit-de-demarrage","65":"product_tag-largent","66":"product_tag-largent-3","67":"product_tag-lart","68":"product_tag-lor","69":"product_tag-leeuwarden","70":"product_tag-lelystad","71":"product_tag-liege","72":"product_tag-liege-2","73":"product_tag-limbourg","74":"product_tag-maison","75":"product_tag-mercerie","76":"product_tag-modele-2","77":"product_tag-modeles-4","78":"product_tag-moule-2","79":"product_tag-moule-en-silicone","80":"product_tag-moules-2","81":"product_tag-moules-en-silicone-2","82":"product_tag-nord","83":"product_tag-ou","84":"product_tag-outils","85":"product_tag-overijssel","86":"product_tag-pate-fimo","87":"product_tag-pate-polymere","88":"product_tag-pays-bas","89":"product_tag-pays-bas-2","90":"product_tag-pendentif","91":"product_tag-pendentifs","92":"product_tag-pieces","93":"product_tag-pont","94":"product_tag-resine","95":"product_tag-resine-2","96":"product_tag-resine-acrylique","97":"product_tag-rotterdam","98":"product_tag-silicone","99":"product_tag-soi","100":"product_tag-sud","101":"product_tag-uv","102":"product_tag-uvresin","103":"product_tag-votre","104":"product_tag-vous","105":"product_tag-vous-2","106":"product_tag-zelande","107":"product_tag-zilverklei-co-uk-esquellzilverklei","108":"product_shipping_class-standard","110":"first","111":"instock","112":"taxable","113":"shipping-taxable","114":"purchasable","115":"product-type-simple"},"acf":[],"_links":{"self":[{"href":"https:\/\/esquell.eu\/fr\/wp-json\/wp\/v2\/product\/24496","targetHints":{"allow":["GET"]}}],"collection":[{"href":"https:\/\/esquell.eu\/fr\/wp-json\/wp\/v2\/product"}],"about":[{"href":"https:\/\/esquell.eu\/fr\/wp-json\/wp\/v2\/types\/product"}],"replies":[{"embeddable":true,"href":"https:\/\/esquell.eu\/fr\/wp-json\/wp\/v2\/comments?post=24496"}],"wp:featuredmedia":[{"embeddable":true,"href":"https:\/\/esquell.eu\/fr\/wp-json\/wp\/v2\/media\/8361"}],"wp:attachment":[{"href":"https:\/\/esquell.eu\/fr\/wp-json\/wp\/v2\/media?parent=24496"}],"wp:term":[{"taxonomy":"more","embeddable":true,"href":"https:\/\/esquell.eu\/fr\/wp-json\/wp\/v2\/more?post=24496"},{"taxonomy":"product_brand","embeddable":true,"href":"https:\/\/esquell.eu\/fr\/wp-json\/wp\/v2\/product_brand?post=24496"},{"taxonomy":"product_cat","embeddable":true,"href":"https:\/\/esquell.eu\/fr\/wp-json\/wp\/v2\/product_cat?post=24496"},{"taxonomy":"product_tag","embeddable":true,"href":"https:\/\/esquell.eu\/fr\/wp-json\/wp\/v2\/product_tag?post=24496"}],"curies":[{"name":"wp","href":"https:\/\/api.w.org\/{rel}","templated":true}]}}

<p>Moule en silicone pour fleurs</p>
<p>Tous avec évidement pour l&rsquo;œil du pendentif</p>
<p>pour boucles d&rsquo;oreilles, pendentifs etc</p>
<p>Particulièrement adapté à la résine UV-Led, à la résine, à l&rsquo;époxy</p>

<p>Moule en silicone avec fleurs</p>
<p>Tous les moules sont pourvus d&rsquo;une cavité pour l&rsquo;œil du pendentif</p>
<p>Pour la fabrication de boucles d&rsquo;oreilles, de pendentifs ou de breloques</p>
<p>Particulièrement adapté à la résine UV-Led, à la résine, à l&rsquo;époxy, etc.</p>
