{"id":24172,"date":"2025-04-04T05:37:04","date_gmt":"2025-04-04T05:37:04","guid":{"rendered":"https:\/\/esquell.eu\/product\/plateau-en-ceramique-resistant-a-la-chaleur-differentes-tailles\/"},"modified":"2025-11-08T10:35:32","modified_gmt":"2025-11-08T10:35:32","slug":"plateau-en-ceramique-resistant-a-la-chaleur-differentes-tailles","status":"publish","type":"product","link":"https:\/\/esquell.eu\/fr\/produit\/plateau-en-ceramique-resistant-a-la-chaleur-differentes-tailles\/","title":{"rendered":"Plateau en c\u00e9ramique R\u00e9sistant \u00e0 la chaleur Diff\u00e9rentes tailles"},"content":{"rendered":"<p>Plateau en c\u00e9ramique, r\u00e9sistant \u00e0 la chaleur.<\/p>\n<p>Taille int\u00e9rieure environ 5 ou 7 cm<\/p>\n<p>Convient pour :<\/p>\n<ul>\n<li>Fusion d&rsquo;or ou d&rsquo;argent<\/li>\n<li>Cuisson des \u00e9l\u00e9ments en arguile d&rsquo;argent. Remplissez le r\u00e9cipient de granul\u00e9s de vermiculite. De cette mani\u00e8re, le bijou \u00e0 cuire est suffisamment soutenu dans le four. <\/li>\n<\/ul>\n<p><img alt=\"\" loading=\"lazy\" decoding=\"async\" class=\"alignnone wp-image-3854\" src=\"https:\/\/esquell.eu\/app\/uploads\/2025\/04\/vermiculiet-300x113.png\" alt=\"\" width=\"900\" height=\"338\" srcset=\"https:\/\/esquell.eu\/app\/uploads\/2025\/04\/vermiculiet-300x113.png 300w, https:\/\/esquell.eu\/app\/uploads\/2025\/04\/vermiculiet-1024x384.png 1024w, https:\/\/esquell.eu\/app\/uploads\/2025\/04\/vermiculiet-768x288.png 768w, https:\/\/esquell.eu\/app\/uploads\/2025\/04\/vermiculiet-600x225.png 600w, https:\/\/esquell.eu\/app\/uploads\/2025\/04\/vermiculiet.png 1500w\" sizes=\"auto, (max-width: 900px) 100vw, 900px\" \/><\/p>\n<p>&nbsp;<\/p>\n","protected":false},"excerpt":{"rendered":"<p>Plateau en c\u00e9ramique, r\u00e9sistant \u00e0 la chaleur.  <\/p>\n<p>Convient pour :<\/p>\n<ul>\n<li>Fusion d&rsquo;or ou d&rsquo;argent<\/li>\n<\/ul>\n<ul>\n<li>Cuisson des pi\u00e8ces en arguile d&rsquo;argent. Remplissez le plateau de <strong><u><a href=\"https:\/\/www.esquell.nl\/p\/vermiculiet-korrels-vuurvaste-ondersteuning-voor-metaalklei\">de granul\u00e9s de vermiculite<\/a>.<\/u><\/strong> De cette fa\u00e7on, le bijou \u00e0 cuire aura un support suffisant dans le four.   <\/li>\n<\/ul>\n","protected":false},"featured_media":3853,"comment_status":"closed","ping_status":"closed","template":"","meta":{"_acf_changed":false,"_seopress_robots_primary_cat":"none","_seopress_titles_title":"","_seopress_titles_desc":"","_seopress_robots_index":""},"more":[],"product_brand":[],"product_cat":[9823],"product_tag":[6404,7490,10875,18078,8641,12850,10657,8644,6369,6403,13122,10686,13650,13647],"class_list":{"0":"post-24172","1":"product","2":"type-product","3":"status-publish","4":"has-post-thumbnail","6":"product_cat-bake-off","7":"product_tag-argile-argentee","8":"product_tag-ceramique","9":"product_tag-ceramique-3","10":"product_tag-creuset","11":"product_tag-cuisson","12":"product_tag-cuvette","13":"product_tag-fondre","14":"product_tag-four","15":"product_tag-largent","16":"product_tag-lor","17":"product_tag-resistant-a-la-chaleur","18":"product_tag-soutien","19":"product_tag-soutien-3","20":"product_tag-vermiculite-2","21":"product_shipping_class-standard","22":"pa_doorsnede-5cm","23":"pa_doorsnede-7cm","25":"first","26":"instock","27":"taxable","28":"shipping-taxable","29":"purchasable","30":"product-type-variable"},"acf":[],"_links":{"self":[{"href":"https:\/\/esquell.eu\/fr\/wp-json\/wp\/v2\/product\/24172","targetHints":{"allow":["GET"]}}],"collection":[{"href":"https:\/\/esquell.eu\/fr\/wp-json\/wp\/v2\/product"}],"about":[{"href":"https:\/\/esquell.eu\/fr\/wp-json\/wp\/v2\/types\/product"}],"replies":[{"embeddable":true,"href":"https:\/\/esquell.eu\/fr\/wp-json\/wp\/v2\/comments?post=24172"}],"wp:featuredmedia":[{"embeddable":true,"href":"https:\/\/esquell.eu\/fr\/wp-json\/wp\/v2\/media\/3853"}],"wp:attachment":[{"href":"https:\/\/esquell.eu\/fr\/wp-json\/wp\/v2\/media?parent=24172"}],"wp:term":[{"taxonomy":"more","embeddable":true,"href":"https:\/\/esquell.eu\/fr\/wp-json\/wp\/v2\/more?post=24172"},{"taxonomy":"product_brand","embeddable":true,"href":"https:\/\/esquell.eu\/fr\/wp-json\/wp\/v2\/product_brand?post=24172"},{"taxonomy":"product_cat","embeddable":true,"href":"https:\/\/esquell.eu\/fr\/wp-json\/wp\/v2\/product_cat?post=24172"},{"taxonomy":"product_tag","embeddable":true,"href":"https:\/\/esquell.eu\/fr\/wp-json\/wp\/v2\/product_tag?post=24172"}],"curies":[{"name":"wp","href":"https:\/\/api.w.org\/{rel}","templated":true}]}}

Plateau en céramique Résistant à la chaleur Différentes tailles

<p>Plateau en céramique, résistant à la chaleur.</p>
<p>Taille intérieure environ 5 ou 7 cm</p>
<p>Convient pour :</p>
<ul>
<li>Fusion d&rsquo;or ou d&rsquo;argent</li>
<li>Cuisson des éléments en arguile d&rsquo;argent. Remplissez le récipient de granulés de vermiculite. De cette manière, le bijou à cuire est suffisamment soutenu dans le four. </li>
</ul>
<p><img alt="" loading="lazy" decoding="async" class="alignnone wp-image-3854" src="https://esquell.eu/app/uploads/2025/04/vermiculiet-300x113.png" alt="" width="900" height="338" srcset="https://esquell.eu/app/uploads/2025/04/vermiculiet-300x113.png 300w, https://esquell.eu/app/uploads/2025/04/vermiculiet-1024x384.png 1024w, https://esquell.eu/app/uploads/2025/04/vermiculiet-768x288.png 768w, https://esquell.eu/app/uploads/2025/04/vermiculiet-600x225.png 600w, https://esquell.eu/app/uploads/2025/04/vermiculiet.png 1500w" sizes="auto, (max-width: 900px) 100vw, 900px" /></p>
<p>&nbsp;</p>

<p>Plateau en céramique, résistant à la chaleur.  </p>
<p>Convient pour :</p>
<ul>
<li>Fusion d&rsquo;or ou d&rsquo;argent</li>
</ul>
<ul>
<li>Cuisson des pièces en arguile d&rsquo;argent. Remplissez le plateau de <strong><u><a href="https://www.esquell.nl/p/vermiculiet-korrels-vuurvaste-ondersteuning-voor-metaalklei">de granulés de vermiculite</a>.</u></strong> De cette façon, le bijou à cuire aura un support suffisant dans le four.   </li>
</ul>
