{"id":23989,"date":"2025-04-04T05:36:53","date_gmt":"2025-04-04T05:36:53","guid":{"rendered":"https:\/\/esquell.eu\/product\/dimensions-des-panneaux-de-fibres-d-0007-d-0008\/"},"modified":"2026-02-14T10:24:34","modified_gmt":"2026-02-14T10:24:34","slug":"dimensions-des-panneaux-de-fibres-d-0007-d-0008","status":"publish","type":"product","link":"https:\/\/esquell.eu\/fr\/produit\/dimensions-des-panneaux-de-fibres-d-0007-d-0008\/","title":{"rendered":"Dimensions des panneaux de fibres (D-0007 \/ D-0008)"},"content":{"rendered":"<p>Le panneau de fibres sert de support \u00e0 vos bijoux lorsque vous les placez dans le four. Attention : ce support ne peut PAS \u00eatre utilis\u00e9 lorsqu&rsquo;il est chauff\u00e9 sur une cuisini\u00e8re \u00e0 gaz. Avant la premi\u00e8re utilisation, chauffez la feuille au four une fois sans les bijoux, 10 minutes \u00e0 700 degr\u00e9s suffisent.  <\/p>\n<p>Convient \u00e9galement pour \u00ab\u00a0fixer\u00a0\u00bb la soudure.<\/p>\n<p>Pour la fabrication de moules pour le fusing du verre<\/p>\n<p>2 dimensions.<\/p>\n<ul>\n<li>XS 7&#215;12 cm<\/li>\n<li>S 10&#215;15 cm<\/li>\n<\/ul>\n","protected":false},"excerpt":{"rendered":"<p>Le panneau de fibres sert de support \u00e0 vos bijoux lorsque vous les placez dans le four. Attention : ce support ne peut PAS \u00eatre utilis\u00e9 lorsqu&rsquo;il est chauff\u00e9 sur une cuisini\u00e8re \u00e0 gaz. Avant la premi\u00e8re utilisation, chauffez la feuille au four une fois sans les bijoux, 10 minutes \u00e0 700 degr\u00e9s suffisent.  <\/p>\n<p>Convient \u00e9galement pour \u00ab\u00a0fixer\u00a0\u00bb la soudure.<\/p>\n<p>Pour la fabrication de moules pour le fusing du verre<\/p>\n<p>2 dimensions.<\/p>\n<ul>\n<li>XS 7&#215;12 cm<\/li>\n<li>S 10&#215;15 cm<\/li>\n<\/ul>\n<p>&nbsp;<\/p>\n","protected":false},"featured_media":23990,"comment_status":"closed","ping_status":"closed","template":"","meta":{"_acf_changed":false,"_seopress_robots_primary_cat":"none","_seopress_titles_title":"","_seopress_titles_desc":"","_seopress_robots_index":""},"more":[],"product_brand":[6382],"product_cat":[9823,11384,7468,10058],"product_tag":[6404,6378,6390,12479,6393,6396,8238,11642,8641,6647,8222,8644,6401,7479,13467,8220,10354,6478,6400,6656,13468,13465,6391,6418,9924],"class_list":{"0":"post-23989","1":"product","2":"type-product","3":"status-publish","4":"has-post-thumbnail","6":"product_brand-acs","7":"product_cat-bake-off","8":"product_cat-fours","9":"product_cat-outils-et-fournitures-pour-le-verre","10":"product_cat-soudure","11":"product_tag-argile-argentee","12":"product_tag-argile-metallique","13":"product_tag-argile-metallique-2","14":"product_tag-assiette","15":"product_tag-belgique","16":"product_tag-belgique-2","17":"product_tag-benelux","18":"product_tag-chaleur-2","19":"product_tag-cuisson","20":"product_tag-en-ligne","21":"product_tag-eu","22":"product_tag-four","23":"product_tag-france","24":"product_tag-france-2","25":"product_tag-kpe","26":"product_tag-leurope","27":"product_tag-leurope-2","28":"product_tag-lunette","29":"product_tag-luxembourg","30":"product_tag-luxembourg-2","31":"product_tag-materiau-en-feuille","32":"product_tag-panneau-de-fibres","33":"product_tag-pays-bas","34":"product_tag-promethee","35":"product_tag-protection","36":"product_shipping_class-standard","37":"pa_afmeting-s-10x15-cm","38":"pa_afmeting-xs-7x12-cm","40":"first","41":"instock","42":"taxable","43":"shipping-taxable","44":"purchasable","45":"product-type-variable"},"acf":[],"_links":{"self":[{"href":"https:\/\/esquell.eu\/fr\/wp-json\/wp\/v2\/product\/23989","targetHints":{"allow":["GET"]}}],"collection":[{"href":"https:\/\/esquell.eu\/fr\/wp-json\/wp\/v2\/product"}],"about":[{"href":"https:\/\/esquell.eu\/fr\/wp-json\/wp\/v2\/types\/product"}],"replies":[{"embeddable":true,"href":"https:\/\/esquell.eu\/fr\/wp-json\/wp\/v2\/comments?post=23989"}],"wp:featuredmedia":[{"embeddable":true,"href":"https:\/\/esquell.eu\/fr\/wp-json\/wp\/v2\/media\/23990"}],"wp:attachment":[{"href":"https:\/\/esquell.eu\/fr\/wp-json\/wp\/v2\/media?parent=23989"}],"wp:term":[{"taxonomy":"more","embeddable":true,"href":"https:\/\/esquell.eu\/fr\/wp-json\/wp\/v2\/more?post=23989"},{"taxonomy":"product_brand","embeddable":true,"href":"https:\/\/esquell.eu\/fr\/wp-json\/wp\/v2\/product_brand?post=23989"},{"taxonomy":"product_cat","embeddable":true,"href":"https:\/\/esquell.eu\/fr\/wp-json\/wp\/v2\/product_cat?post=23989"},{"taxonomy":"product_tag","embeddable":true,"href":"https:\/\/esquell.eu\/fr\/wp-json\/wp\/v2\/product_tag?post=23989"}],"curies":[{"name":"wp","href":"https:\/\/api.w.org\/{rel}","templated":true}]}}

<p>Le panneau de fibres sert de support à vos bijoux lorsque vous les placez dans le four. Attention : ce support ne peut PAS être utilisé lorsqu&rsquo;il est chauffé sur une cuisinière à gaz. Avant la première utilisation, chauffez la feuille au four une fois sans les bijoux, 10 minutes à 700 degrés suffisent.  </p>
<p>Convient également pour « fixer » la soudure.</p>
<p>Pour la fabrication de moules pour le fusing du verre</p>
<p>2 dimensions.</p>
<ul>
<li>XS 7&#215;12 cm</li>
<li>S 10&#215;15 cm</li>
</ul>

<p>Le panneau de fibres sert de support à vos bijoux lorsque vous les placez dans le four. Attention : ce support ne peut PAS être utilisé lorsqu&rsquo;il est chauffé sur une cuisinière à gaz. Avant la première utilisation, chauffez la feuille au four une fois sans les bijoux, 10 minutes à 700 degrés suffisent.  </p>
<p>Convient également pour « fixer » la soudure.</p>
<p>Pour la fabrication de moules pour le fusing du verre</p>
<p>2 dimensions.</p>
<ul>
<li>XS 7&#215;12 cm</li>
<li>S 10&#215;15 cm</li>
</ul>
<p>&nbsp;</p>
