{"id":23711,"date":"2025-04-04T05:37:19","date_gmt":"2025-04-04T05:37:19","guid":{"rendered":"https:\/\/esquell.eu\/product\/div-sets-of-collets-drill-chucks-adapters-for-dremel-or-other-multitool\/"},"modified":"2025-04-04T05:37:19","modified_gmt":"2025-04-04T05:37:19","slug":"div-sets-of-collets-drill-chucks-adapters-for-dremel-or-other-multitool","status":"publish","type":"product","link":"https:\/\/esquell.eu\/fr\/produit\/div-sets-of-collets-drill-chucks-adapters-for-dremel-or-other-multitool\/","title":{"rendered":"Div Sets of collets \/ drill chucks \/ adapters for dremel or other multitool"},"content":{"rendered":"<p>Jeu de pinces de serrage de 4 ou 7 pi\u00e8ces pour le montage de divers accessoires pour le multitool, le dremel, l&rsquo;outil rotatif.<\/p>\n<p>Gamme de montage pour les arbres de 1 \u00e0 3,2 mm<\/p>\n<p>Remarque : le set de 7 pi\u00e8ces ne comprend que la tasse noire suppl\u00e9mentaire. Seul le set de 7 pi\u00e8ces comprend la tasse noire suppl\u00e9mentaire. <\/p>\n","protected":false},"excerpt":{"rendered":"<p>Jeu de 7 pinces de serrage pour le montage de divers accessoires pour le multitool, dremel, rotarytool.<\/p>\n<p>Plage de montage pour les arbres de 1 \u00e0 3,2 mm<\/p>\n<p>Accessoires utiles pour nos outils de bricolage.<\/p>\n","protected":false},"featured_media":4106,"comment_status":"closed","ping_status":"closed","template":"","meta":{"_acf_changed":false,"_seopress_robots_primary_cat":"none","_seopress_titles_title":"","_seopress_titles_desc":"","_seopress_robots_index":""},"more":[],"product_brand":[6398],"product_cat":[6364,6366],"product_tag":[14592,13610,17838,14509,11934,17835,17841,14500,6399,10521,14495,8304,8314],"class_list":{"0":"post-23711","1":"product","2":"type-product","3":"status-publish","4":"has-post-thumbnail","6":"product_brand-l1","7":"product_cat-materiel-supplementaire","8":"product_cat-poncage-limage-et-polissage","9":"product_tag-asseccoire","10":"product_tag-asseccoires","11":"product_tag-dremel-multitool","12":"product_tag-electrique-2","13":"product_tag-foret","14":"product_tag-micro-outil","15":"product_tag-mini-perceuse","16":"product_tag-minitool","17":"product_tag-outil","18":"product_tag-precis","19":"product_tag-sans-fil","20":"product_tag-travail","21":"product_tag-travail-de-precision","22":"product_shipping_class-standard","24":"first","25":"instock","26":"taxable","27":"shipping-taxable","28":"purchasable","29":"product-type-variable"},"acf":[],"_links":{"self":[{"href":"https:\/\/esquell.eu\/fr\/wp-json\/wp\/v2\/product\/23711","targetHints":{"allow":["GET"]}}],"collection":[{"href":"https:\/\/esquell.eu\/fr\/wp-json\/wp\/v2\/product"}],"about":[{"href":"https:\/\/esquell.eu\/fr\/wp-json\/wp\/v2\/types\/product"}],"replies":[{"embeddable":true,"href":"https:\/\/esquell.eu\/fr\/wp-json\/wp\/v2\/comments?post=23711"}],"wp:featuredmedia":[{"embeddable":true,"href":"https:\/\/esquell.eu\/fr\/wp-json\/wp\/v2\/media\/4106"}],"wp:attachment":[{"href":"https:\/\/esquell.eu\/fr\/wp-json\/wp\/v2\/media?parent=23711"}],"wp:term":[{"taxonomy":"more","embeddable":true,"href":"https:\/\/esquell.eu\/fr\/wp-json\/wp\/v2\/more?post=23711"},{"taxonomy":"product_brand","embeddable":true,"href":"https:\/\/esquell.eu\/fr\/wp-json\/wp\/v2\/product_brand?post=23711"},{"taxonomy":"product_cat","embeddable":true,"href":"https:\/\/esquell.eu\/fr\/wp-json\/wp\/v2\/product_cat?post=23711"},{"taxonomy":"product_tag","embeddable":true,"href":"https:\/\/esquell.eu\/fr\/wp-json\/wp\/v2\/product_tag?post=23711"}],"curies":[{"name":"wp","href":"https:\/\/api.w.org\/{rel}","templated":true}]}}

<p>Jeu de pinces de serrage de 4 ou 7 pièces pour le montage de divers accessoires pour le multitool, le dremel, l&rsquo;outil rotatif.</p>
<p>Gamme de montage pour les arbres de 1 à 3,2 mm</p>
<p>Remarque : le set de 7 pièces ne comprend que la tasse noire supplémentaire. Seul le set de 7 pièces comprend la tasse noire supplémentaire. </p>

<p>Jeu de 7 pinces de serrage pour le montage de divers accessoires pour le multitool, dremel, rotarytool.</p>
<p>Plage de montage pour les arbres de 1 à 3,2 mm</p>
<p>Accessoires utiles pour nos outils de bricolage.</p>
