{"id":23530,"date":"2025-04-04T05:31:08","date_gmt":"2025-04-04T05:31:08","guid":{"rendered":"https:\/\/esquell.eu\/product\/melange-pour-la-fabrication-de-moules-en-silicone-melange-bleu-2-composants-contenu-varie-f-0117\/"},"modified":"2025-12-22T10:56:07","modified_gmt":"2025-12-22T10:56:07","slug":"melange-pour-la-fabrication-de-moules-en-silicone-melange-bleu-2-composants-contenu-varie-f-0117","status":"publish","type":"product","link":"https:\/\/esquell.eu\/fr\/produit\/melange-pour-la-fabrication-de-moules-en-silicone-melange-bleu-2-composants-contenu-varie-f-0117\/","title":{"rendered":"M\u00e9lange pour la fabrication de moules en silicone M\u00e9lange bleu. 2 composants Contenu vari\u00e9 (F- 0117)"},"content":{"rendered":"<p>En m\u00e9langeant les deux composants, vous obtenez un m\u00e9lange qui peut \u00eatre utilis\u00e9 pour fabriquer un moule, dans lequel vous pouvez presser n&rsquo;importe quelle forme ou relief. Une fois le moule s\u00e9ch\u00e9, vous disposez d&rsquo;un moule dans lequel vous pouvez refaire plusieurs fois la m\u00eame empreinte. Le m\u00e9lange peut r\u00e9sister \u00e0 la chaleur d&rsquo;un s\u00e8che-cheveux, par exemple.   <\/p>\n<p>Disponible en plusieurs versions.<\/p>\n","protected":false},"excerpt":{"rendered":"<p>En m\u00e9langeant les deux couleurs, vous obtenez un m\u00e9lange qui peut \u00eatre utilis\u00e9 pour fabriquer un moule, dans lequel vous pouvez presser n&rsquo;importe quelle forme ou relief. Une fois le moule s\u00e9ch\u00e9, vous disposez d&rsquo;un moule dans lequel vous pouvez r\u00e9aliser plusieurs fois la m\u00eame impression. Le m\u00e9lange peut r\u00e9sister \u00e0 la chaleur d&rsquo;un s\u00e8che-cheveux, par exemple. 2 fois 25 grammes.    <\/p>\n<p>Rapport 1:1<\/p>\n","protected":false},"featured_media":23531,"comment_status":"closed","ping_status":"closed","template":"","meta":{"_acf_changed":false,"_seopress_robots_primary_cat":"none","_seopress_titles_title":"","_seopress_titles_desc":"","_seopress_robots_index":""},"more":[],"product_brand":[6382],"product_cat":[6364,15643],"product_tag":[9296,13989,6386,7567,6575,6393,6396,9349,6372,6642,17665,7578,8626,7598,7272,17683,8026,6409,17668,17656,6706,17674,6743,8084,17652,17657,8222,17677,6374,10110,8992,7510,6401,7479,6381,8220,10354,14846,6400,6656,17653,17680,9875,9874,15097,17654,17655,17662,17658,6391,7506,10148,6751,17671,14735,6408],"class_list":{"0":"post-23530","1":"product","2":"type-product","3":"status-publish","4":"has-post-thumbnail","6":"product_brand-acs","7":"product_cat-materiel-supplementaire","8":"product_cat-moules","9":"product_tag-9296","10":"product_tag-2composants","11":"product_tag-aida","12":"product_tag-artclayacademy","13":"product_tag-ateliers","14":"product_tag-belgique","15":"product_tag-belgique-2","16":"product_tag-bijou","17":"product_tag-bijoux","18":"product_tag-bijoux-2","19":"product_tag-bijoux-a-empreintes-digitales-2","20":"product_tag-bijoux-commemoratifs","21":"product_tag-bijoux-de-cremation","22":"product_tag-bijoux-en-frene","23":"product_tag-bleu-2","24":"product_tag-bluemix-2","25":"product_tag-boutons","26":"product_tag-bricolage","27":"product_tag-certification-2","28":"product_tag-cheveux","29":"product_tag-commerce-de-gros","30":"product_tag-composants-2","31":"product_tag-distributeur","32":"product_tag-empreinte-digitale","33":"product_tag-empreinte-digitale-2","34":"product_tag-empreinte-digitale-3","35":"product_tag-eu","36":"product_tag-fabrication-de-moules-2","37":"product_tag-faire","38":"product_tag-fait","39":"product_tag-feuilles-2","40":"product_tag-flexible","41":"product_tag-france","42":"product_tag-france-2","43":"product_tag-japon","44":"product_tag-leurope","45":"product_tag-leurope-2","46":"product_tag-lignes-de-crafts","47":"product_tag-luxembourg","48":"product_tag-luxembourg-2","49":"product_tag-melange","50":"product_tag-melange-de-moules-2","51":"product_tag-memoire","52":"product_tag-moule-2","53":"product_tag-moules-2","54":"product_tag-nature","55":"product_tag-nez-de-chien","56":"product_tag-pattes-de-chat-2","57":"product_tag-pattes-de-chien","58":"product_tag-pays-bas","59":"product_tag-pour","60":"product_tag-rapide","61":"product_tag-reduction","62":"product_tag-sechage-2","63":"product_tag-silicone","64":"product_tag-vous","65":"product_shipping_class-standard","67":"first","68":"instock","69":"taxable","70":"shipping-taxable","71":"purchasable","72":"product-type-variable"},"acf":[],"_links":{"self":[{"href":"https:\/\/esquell.eu\/fr\/wp-json\/wp\/v2\/product\/23530","targetHints":{"allow":["GET"]}}],"collection":[{"href":"https:\/\/esquell.eu\/fr\/wp-json\/wp\/v2\/product"}],"about":[{"href":"https:\/\/esquell.eu\/fr\/wp-json\/wp\/v2\/types\/product"}],"replies":[{"embeddable":true,"href":"https:\/\/esquell.eu\/fr\/wp-json\/wp\/v2\/comments?post=23530"}],"wp:featuredmedia":[{"embeddable":true,"href":"https:\/\/esquell.eu\/fr\/wp-json\/wp\/v2\/media\/23531"}],"wp:attachment":[{"href":"https:\/\/esquell.eu\/fr\/wp-json\/wp\/v2\/media?parent=23530"}],"wp:term":[{"taxonomy":"more","embeddable":true,"href":"https:\/\/esquell.eu\/fr\/wp-json\/wp\/v2\/more?post=23530"},{"taxonomy":"product_brand","embeddable":true,"href":"https:\/\/esquell.eu\/fr\/wp-json\/wp\/v2\/product_brand?post=23530"},{"taxonomy":"product_cat","embeddable":true,"href":"https:\/\/esquell.eu\/fr\/wp-json\/wp\/v2\/product_cat?post=23530"},{"taxonomy":"product_tag","embeddable":true,"href":"https:\/\/esquell.eu\/fr\/wp-json\/wp\/v2\/product_tag?post=23530"}],"curies":[{"name":"wp","href":"https:\/\/api.w.org\/{rel}","templated":true}]}}

Mélange pour la fabrication de moules en silicone Mélange bleu. 2 composants Contenu varié (F- 0117)

<p>En mélangeant les deux composants, vous obtenez un mélange qui peut être utilisé pour fabriquer un moule, dans lequel vous pouvez presser n&rsquo;importe quelle forme ou relief. Une fois le moule séché, vous disposez d&rsquo;un moule dans lequel vous pouvez refaire plusieurs fois la même empreinte. Le mélange peut résister à la chaleur d&rsquo;un sèche-cheveux, par exemple.   </p>
<p>Disponible en plusieurs versions.</p>

<p>En mélangeant les deux couleurs, vous obtenez un mélange qui peut être utilisé pour fabriquer un moule, dans lequel vous pouvez presser n&rsquo;importe quelle forme ou relief. Une fois le moule séché, vous disposez d&rsquo;un moule dans lequel vous pouvez réaliser plusieurs fois la même impression. Le mélange peut résister à la chaleur d&rsquo;un sèche-cheveux, par exemple. 2 fois 25 grammes.    </p>
<p>Rapport 1:1</p>
