{"id":21805,"date":"2025-04-03T09:21:06","date_gmt":"2025-04-03T09:21:06","guid":{"rendered":"https:\/\/esquell.eu\/product\/tapis-de-travail-surface-de-travail-tapis-de-coupe-taille-a-4\/"},"modified":"2026-02-14T10:29:43","modified_gmt":"2026-02-14T10:29:43","slug":"tapis-de-travail-surface-de-travail-tapis-de-coupe-taille-a-4","status":"publish","type":"product","link":"https:\/\/esquell.eu\/fr\/produit\/tapis-de-travail-surface-de-travail-tapis-de-coupe-taille-a-4\/","title":{"rendered":"Tapis de travail surface de travail tapis de coupe taille A-4"},"content":{"rendered":"<p>Tapis de travail, surface de travail, tapis de coupe. Convient \u00e0 la fois comme tapis de coupe et comme tapis de travail.<br \/>\nComporte des lignes de quadrillage et des indications de mesure en cm.<br \/>\nFormat A-4 <\/p>\n<p>Tapis de coupe autor\u00e9parable.<\/p>\n<p>Si le tapis a \u00e9t\u00e9 utilis\u00e9 comme tapis de d\u00e9coupe, il ne convient plus comme tapis de travail pour l&rsquo;argile argent\u00e9e ou d&rsquo;autres argiles.<\/p>\n<p>Si vous n&rsquo;utilisez le tapis que pour l&rsquo;argile, c&rsquo;est un tr\u00e8s bon tapis de travail pour l&rsquo;argile argent\u00e9e.<\/p>\n","protected":false},"excerpt":{"rendered":"<p>Tapis de travail, surface de travail, tapis de coupe. Convient \u00e0 la fois comme tapis de coupe et comme tapis de travail.<br \/>\nComporte des lignes de quadrillage et des indications de mesure en cm.<br \/>\nFormat A-4 <\/p>\n<p>Tapis de coupe autor\u00e9parable.<\/p>\n<p>Si le tapis a \u00e9t\u00e9 utilis\u00e9 comme tapis de d\u00e9coupe, il ne convient plus comme tapis de travail pour l&rsquo;argile argent\u00e9e ou d&rsquo;autres argiles.<\/p>\n<p>Si vous n&rsquo;utilisez le tapis que pour l&rsquo;argile, c&rsquo;est un tr\u00e8s bon tapis de travail pour l&rsquo;argile argent\u00e9e.<\/p>\n","protected":false},"featured_media":30359,"comment_status":"closed","ping_status":"closed","template":"","meta":{"_acf_changed":false,"_seopress_robots_primary_cat":"none","_seopress_titles_title":"","_seopress_titles_desc":"","_seopress_robots_index":""},"more":[],"product_brand":[6398],"product_cat":[6364,7412],"product_tag":[15038,9299,9303,6470,6476,6645,12573,17035,17034,7760,6646,6527,6931,22141,6388,6473,6404,6420,6530,7141,7028,6378,6405,6376,17045,6565,7863,7867,17044,6575,22140,7572,6393,6372,6402,6641,8735,6389,6796,6941,12603,7360,6716,6409,6935,13199,6794,6772,17046,8224,17043,8240,17041,6655,6647,8289,6374,6815,6785,6849,6653,6933,17038,17033,22142,6651,6659,7648,6634,6472,13456,7355,17040,6789,7851,15684,6416,7695,7859,17042,7657,6661,6567,6643,6657,8211,9819,6391,6665,6774,13235,17036,11205,11628,7094,7506,22143,17039,6751,13197,17037,6805,6919,11625,6663,10851,13238,17079,6787,7102,7855,17032,6408,6667],"class_list":{"0":"post-21805","1":"product","2":"type-product","3":"status-publish","4":"has-post-thumbnail","6":"product_brand-l1","7":"product_cat-materiel-supplementaire","8":"product_cat-outils-de-base","9":"product_tag-voici","10":"product_tag-9299","11":"product_tag-9303","12":"product_tag-6470","13":"product_tag-6476","14":"product_tag-a","15":"product_tag-a-6","16":"product_tag-a3","17":"product_tag-a4","18":"product_tag-achats-2","19":"product_tag-acheter","20":"product_tag-anti","21":"product_tag-anvers","22":"product_tag-ardoise-argentee","23":"product_tag-argile","24":"product_tag-argile-2","25":"product_tag-argile-argentee","26":"product_tag-argile-bronze","27":"product_tag-argile-bronzee","28":"product_tag-argile-cuivree","29":"product_tag-argile-cuivreuse","30":"product_tag-argile-metallique","31":"product_tag-artclay","32":"product_tag-artclaysilver","33":"product_tag-artclaysilverworkshop","34":"product_tag-atelier","35":"product_tag-atelier-dargile-argentee","36":"product_tag-atelier-de-bijouterie","37":"product_tag-atelier-metallo-argile","38":"product_tag-ateliers","39":"product_tag-autoguerison","40":"product_tag-avec","41":"product_tag-belgique","42":"product_tag-bijoux","43":"product_tag-bon-marche","44":"product_tag-boucles-doreilles","45":"product_tag-boutique-2","46":"product_tag-boutique-en-ligne","47":"product_tag-boutique-en-ligne-2","48":"product_tag-brabant","49":"product_tag-bracelet-2","50":"product_tag-bracelets","51":"product_tag-breloques","52":"product_tag-bricolage","53":"product_tag-bruxelles","54":"product_tag-centimetre","55":"product_tag-chaine","56":"product_tag-charme","57":"product_tag-collier-4","58":"product_tag-conseils","59":"product_tag-conseils-2","60":"product_tag-construction-de-modeles","61":"product_tag-designation","62":"product_tag-drenthe","63":"product_tag-en-ligne","64":"product_tag-explication","65":"product_tag-faire","66":"product_tag-fimo","67":"product_tag-flevoland","68":"product_tag-formulaires","69":"product_tag-frise","70":"product_tag-gentilhomme","71":"product_tag-gite","72":"product_tag-grille-2","73":"product_tag-grilles","74":"product_tag-groningue","75":"product_tag-gueldre","76":"product_tag-idees","77":"product_tag-largent-3","78":"product_tag-lart","79":"product_tag-lieu-de-travail","80":"product_tag-lignes","81":"product_tag-lignes-de-la-grille","82":"product_tag-limbourg","83":"product_tag-manuel","84":"product_tag-mat-3","85":"product_tag-modelisation","86":"product_tag-modelisation-2","87":"product_tag-moins-cher","88":"product_tag-mouchoirs","89":"product_tag-nop","90":"product_tag-nord","91":"product_tag-offrir","92":"product_tag-ou","93":"product_tag-overijssel","94":"product_tag-pate-2","95":"product_tag-pate-3","96":"product_tag-pays-bas","97":"product_tag-pays-bas-2","98":"product_tag-pendentif","99":"product_tag-plan-de-travail","100":"product_tag-plan-de-travail-2","101":"product_tag-pointe","102":"product_tag-polder","103":"product_tag-pont","104":"product_tag-pour","105":"product_tag-presictif","106":"product_tag-recuperation","107":"product_tag-reduction","108":"product_tag-regle","109":"product_tag-reparateur","110":"product_tag-soi","111":"product_tag-sterling","112":"product_tag-substrat","113":"product_tag-sud","114":"product_tag-tapis-de-coupe","115":"product_tag-tapis-de-travail","116":"product_tag-tapis-de-travail-2","117":"product_tag-utrecht","118":"product_tag-vasieres","119":"product_tag-vente","120":"product_tag-vente-3","121":"product_tag-vous","122":"product_tag-zelande","123":"product_shipping_class-standard","125":"first","126":"instock","127":"taxable","128":"shipping-taxable","129":"purchasable","130":"product-type-simple"},"acf":[],"_links":{"self":[{"href":"https:\/\/esquell.eu\/fr\/wp-json\/wp\/v2\/product\/21805","targetHints":{"allow":["GET"]}}],"collection":[{"href":"https:\/\/esquell.eu\/fr\/wp-json\/wp\/v2\/product"}],"about":[{"href":"https:\/\/esquell.eu\/fr\/wp-json\/wp\/v2\/types\/product"}],"replies":[{"embeddable":true,"href":"https:\/\/esquell.eu\/fr\/wp-json\/wp\/v2\/comments?post=21805"}],"wp:featuredmedia":[{"embeddable":true,"href":"https:\/\/esquell.eu\/fr\/wp-json\/wp\/v2\/media\/30359"}],"wp:attachment":[{"href":"https:\/\/esquell.eu\/fr\/wp-json\/wp\/v2\/media?parent=21805"}],"wp:term":[{"taxonomy":"more","embeddable":true,"href":"https:\/\/esquell.eu\/fr\/wp-json\/wp\/v2\/more?post=21805"},{"taxonomy":"product_brand","embeddable":true,"href":"https:\/\/esquell.eu\/fr\/wp-json\/wp\/v2\/product_brand?post=21805"},{"taxonomy":"product_cat","embeddable":true,"href":"https:\/\/esquell.eu\/fr\/wp-json\/wp\/v2\/product_cat?post=21805"},{"taxonomy":"product_tag","embeddable":true,"href":"https:\/\/esquell.eu\/fr\/wp-json\/wp\/v2\/product_tag?post=21805"}],"curies":[{"name":"wp","href":"https:\/\/api.w.org\/{rel}","templated":true}]}}

<p>Tapis de travail, surface de travail, tapis de coupe. Convient à la fois comme tapis de coupe et comme tapis de travail.<br />
Comporte des lignes de quadrillage et des indications de mesure en cm.<br />
Format A-4 </p>
<p>Tapis de coupe autoréparable.</p>
<p>Si le tapis a été utilisé comme tapis de découpe, il ne convient plus comme tapis de travail pour l&rsquo;argile argentée ou d&rsquo;autres argiles.</p>
<p>Si vous n&rsquo;utilisez le tapis que pour l&rsquo;argile, c&rsquo;est un très bon tapis de travail pour l&rsquo;argile argentée.</p>
