{"id":19659,"date":"2025-04-29T19:39:55","date_gmt":"2025-04-29T19:39:55","guid":{"rendered":"https:\/\/esquell.eu\/product\/collier-en-argent-925-60-cm-reglable-epaisseur-12-mm-3\/"},"modified":"2026-02-14T10:42:42","modified_gmt":"2026-02-14T10:42:42","slug":"collier-en-argent-925-60-cm-reglable-epaisseur-12-mm-3","status":"publish","type":"product","link":"https:\/\/esquell.eu\/fr\/produit\/collier-en-argent-925-60-cm-reglable-epaisseur-12-mm-3\/","title":{"rendered":"Collier en argent 925. 60 cm. R\u00e9glable, \u00e9paisseur 1,2 mm"},"content":{"rendered":"<p>Cha\u00eene r\u00e9glable en argent fin &#8211; collier.<\/p>\n<p>La longueur totale est de 60 cm mais peut \u00eatre ajust\u00e9e \u00e0 n&rsquo;importe quelle longueur jusqu&rsquo;\u00e0 60 cm maximum<\/p>\n<p>Maillon : corde<br \/>\nCha\u00eene, cha\u00eene, collier<br \/>\n\u00e9paisseur 1,2 mm<\/p>\n<p>Argent 925<\/p>\n","protected":false},"excerpt":{"rendered":"<p>Cha\u00eene r\u00e9glable en argent fin &#8211; collier.<\/p>\n<p>La longueur totale est de 60 cm mais peut \u00eatre ajust\u00e9e \u00e0 n&rsquo;importe quelle longueur jusqu&rsquo;\u00e0 60 cm maximum<\/p>\n<p>Maillon : corde<br \/>\nCha\u00eene, cha\u00eene, collier<br \/>\n\u00e9paisseur 1,2 mm<\/p>\n<p>Argent 925<\/p>\n<p>&nbsp;<\/p>\n<p>&nbsp;<\/p>\n","protected":false},"featured_media":19644,"comment_status":"closed","ping_status":"closed","template":"","meta":{"_acf_changed":false,"_seopress_robots_primary_cat":"none","_seopress_titles_title":"","_seopress_titles_desc":"","_seopress_robots_index":""},"more":[],"product_brand":[6382],"product_cat":[6915],"product_tag":[6470,6477,6476,6645,6646,6939,6945,7045,7024,7016,7036,6923,6931,16819,6404,6420,7028,6947,6405,6949,6393,6718,7792,6941,6935,7770,6819,6794,6976,16821,7790,6772,7762,6962,7018,7780,12654,7778,7047,7053,7776,6655,8833,7038,8836,6647,7043,7766,6815,7510,8834,9562,6653,6933,7772,6651,6659,6951,7049,8832,6369,6550,6634,6930,7026,7030,7768,6789,7042,7040,6661,7051,6937,6643,6657,6816,6665,6391,6774,7092,14295,7687,8831,6710,16820,7794,9566,9569,6927,7506,6922,6954,6778,7020,7151,9564,6925,6943,7786,6964,8835,8844,7788,6919,6663,8841,7764,6787,8521,7055,6776,6667,7032],"class_list":{"0":"post-19659","1":"product","2":"type-product","3":"status-publish","4":"has-post-thumbnail","6":"product_brand-acs","7":"product_cat-colliers-chaines-bracelets","8":"product_tag-6470","9":"product_tag-6477","10":"product_tag-6476","11":"product_tag-a","12":"product_tag-acheter","13":"product_tag-acheter-2","14":"product_tag-alkmaar","15":"product_tag-almelo","16":"product_tag-almere","17":"product_tag-amende-2","18":"product_tag-amersfoort","19":"product_tag-amsterdam","20":"product_tag-anvers","21":"product_tag-argent-diy","22":"product_tag-argile-argentee","23":"product_tag-argile-bronze","24":"product_tag-argile-cuivreuse","25":"product_tag-arnhem","26":"product_tag-artclay","27":"product_tag-assen","28":"product_tag-belgique","29":"product_tag-bijoux-3","30":"product_tag-bijoux-en-verre","31":"product_tag-brabant","32":"product_tag-bruxelles","33":"product_tag-camps","34":"product_tag-cernit","35":"product_tag-chaine","36":"product_tag-chaine-a-maillons","37":"product_tag-chaine-de-corde","38":"product_tag-changer","39":"product_tag-charme","40":"product_tag-coevorden","41":"product_tag-collier","42":"product_tag-collier-2","43":"product_tag-collier-3","44":"product_tag-corde","45":"product_tag-corne","46":"product_tag-delft","47":"product_tag-delftzijl","48":"product_tag-drachten","49":"product_tag-drenthe","50":"product_tag-echangeable","51":"product_tag-eindhoven","52":"product_tag-en-baisse","53":"product_tag-en-ligne","54":"product_tag-enschede","55":"product_tag-etreilen","56":"product_tag-fimo","57":"product_tag-flexible","58":"product_tag-flexible-2","59":"product_tag-flexible-3","60":"product_tag-frise","61":"product_tag-gentilhomme","62":"product_tag-gratter","63":"product_tag-groningue","64":"product_tag-gueldre","65":"product_tag-heerenveen","66":"product_tag-hilversum","67":"product_tag-interchangeable","68":"product_tag-largent","69":"product_tag-largent-2","70":"product_tag-largent-3","71":"product_tag-leeuwarden","72":"product_tag-lelystad","73":"product_tag-liege","74":"product_tag-liege-2","75":"product_tag-limbourg","76":"product_tag-maastricht","77":"product_tag-middelburg","78":"product_tag-nord","79":"product_tag-oss","80":"product_tag-ostende","81":"product_tag-ou","82":"product_tag-overijssel","83":"product_tag-pate-polymere","84":"product_tag-pays-bas-2","85":"product_tag-pays-bas","86":"product_tag-pendentif","87":"product_tag-pendentif-2","88":"product_tag-pendentif-3","89":"product_tag-pendentif-en-argile-argentee","90":"product_tag-pendentif-en-verre","91":"product_tag-pendentifs","92":"product_tag-pendentifs-en-epoxy","93":"product_tag-pendentifs-en-verre","94":"product_tag-perle","95":"product_tag-perles-4","96":"product_tag-plomb","97":"product_tag-pour","98":"product_tag-pur","99":"product_tag-pur-2","100":"product_tag-reel","101":"product_tag-reglable","102":"product_tag-reglable-2","103":"product_tag-reglable-3","104":"product_tag-rotterdam","105":"product_tag-scheveningen","106":"product_tag-solide","107":"product_tag-sollid","108":"product_tag-souple-tombant","109":"product_tag-spakenburg","110":"product_tag-spangen","111":"product_tag-sterling","112":"product_tag-sud","113":"product_tag-twente","114":"product_tag-urk","115":"product_tag-utrecht","116":"product_tag-valkenburg","117":"product_tag-verre","118":"product_tag-vraiment","119":"product_tag-zelande","120":"product_tag-zwolle","121":"product_shipping_class-standard","123":"first","124":"instock","125":"taxable","126":"shipping-taxable","127":"purchasable","128":"product-type-simple"},"acf":[],"_links":{"self":[{"href":"https:\/\/esquell.eu\/fr\/wp-json\/wp\/v2\/product\/19659","targetHints":{"allow":["GET"]}}],"collection":[{"href":"https:\/\/esquell.eu\/fr\/wp-json\/wp\/v2\/product"}],"about":[{"href":"https:\/\/esquell.eu\/fr\/wp-json\/wp\/v2\/types\/product"}],"replies":[{"embeddable":true,"href":"https:\/\/esquell.eu\/fr\/wp-json\/wp\/v2\/comments?post=19659"}],"wp:featuredmedia":[{"embeddable":true,"href":"https:\/\/esquell.eu\/fr\/wp-json\/wp\/v2\/media\/19644"}],"wp:attachment":[{"href":"https:\/\/esquell.eu\/fr\/wp-json\/wp\/v2\/media?parent=19659"}],"wp:term":[{"taxonomy":"more","embeddable":true,"href":"https:\/\/esquell.eu\/fr\/wp-json\/wp\/v2\/more?post=19659"},{"taxonomy":"product_brand","embeddable":true,"href":"https:\/\/esquell.eu\/fr\/wp-json\/wp\/v2\/product_brand?post=19659"},{"taxonomy":"product_cat","embeddable":true,"href":"https:\/\/esquell.eu\/fr\/wp-json\/wp\/v2\/product_cat?post=19659"},{"taxonomy":"product_tag","embeddable":true,"href":"https:\/\/esquell.eu\/fr\/wp-json\/wp\/v2\/product_tag?post=19659"}],"curies":[{"name":"wp","href":"https:\/\/api.w.org\/{rel}","templated":true}]}}

Collier en argent 925. 60 cm. Réglable, épaisseur 1,2 mm

<p>Chaîne réglable en argent fin &#8211; collier.</p>
<p>La longueur totale est de 60 cm mais peut être ajustée à n&rsquo;importe quelle longueur jusqu&rsquo;à 60 cm maximum</p>
<p>Maillon : corde<br />
Chaîne, chaîne, collier<br />
épaisseur 1,2 mm</p>
<p>Argent 925</p>

<p>Chaîne réglable en argent fin &#8211; collier.</p>
<p>La longueur totale est de 60 cm mais peut être ajustée à n&rsquo;importe quelle longueur jusqu&rsquo;à 60 cm maximum</p>
<p>Maillon : corde<br />
Chaîne, chaîne, collier<br />
épaisseur 1,2 mm</p>
<p>Argent 925</p>
<p>&nbsp;</p>
<p>&nbsp;</p>
