{"id":19614,"date":"2025-05-01T20:47:30","date_gmt":"2025-05-01T20:47:30","guid":{"rendered":"https:\/\/esquell.eu\/product\/oeil-a-vis-en-bronze-pour-la-co-cuisson-dans-la-terre-de-bronze-emballe-par-5-pieces\/"},"modified":"2025-05-01T20:47:30","modified_gmt":"2025-05-01T20:47:30","slug":"oeil-a-vis-en-bronze-pour-la-co-cuisson-dans-la-terre-de-bronze-emballe-par-5-pieces","status":"publish","type":"product","link":"https:\/\/esquell.eu\/fr\/produit\/oeil-a-vis-en-bronze-pour-la-co-cuisson-dans-la-terre-de-bronze-emballe-par-5-pieces\/","title":{"rendered":"Oeil \u00e0 vis en bronze pour la co-cuisson dans la terre de bronze. Emball\u00e9 par 5 pi\u00e8ces"},"content":{"rendered":"<p>\u0152illet \u00e0 vis plat en bronze<\/p>\n<p>\u0152illet de 2 mm.<\/p>\n<p>Fixez les \u0153illets en bronze dans vos cr\u00e9ations en p\u00e2te de bronze pendant qu&rsquo;elles sont encore molles.<\/p>\n<p>Convient \u00e9galement \u00e0 d&rsquo;autres p\u00e2tes, aux pendentifs en verre, aux Led et \u00e0 la r\u00e9sine UV.<\/p>\n<p>Emball\u00e9 par 5 pi\u00e8ces.<\/p>\n","protected":false},"excerpt":{"rendered":"<p>\u0152illet \u00e0 vis plat en bronze<\/p>\n<p>\u0152illet de 2 mm.<\/p>\n<p>Fixez les \u0153illets en bronze dans vos cr\u00e9ations en p\u00e2te de bronze pendant qu&rsquo;elles sont encore molles.<\/p>\n<p>Emball\u00e9 par 5 pi\u00e8ces<\/p>\n","protected":false},"featured_media":19617,"comment_status":"closed","ping_status":"closed","template":"","meta":{"_acf_changed":false,"_seopress_robots_primary_cat":"none","_seopress_titles_title":"","_seopress_titles_desc":"","_seopress_robots_index":""},"more":[],"product_brand":[6521],"product_cat":[9873,12319,7468,10991],"product_tag":[6470,6960,7016,6641,6389,6796,6412,7546,16668,16667,8042,12322,12040,6635,6369,6550,6634,6708,12329,12554,10350,6774,14295,12320,12552,9566,14398,11534,7506,6954,6778,12770,16172,16670,7786,6964,6919,6776],"class_list":{"0":"post-19614","1":"product","2":"type-product","3":"status-publish","4":"has-post-thumbnail","6":"product_brand-promethee","7":"product_cat-led-et-resine-uv","8":"product_cat-oeillets-de-pendentifs-bails-et-oeillets-a-vis","9":"product_cat-outils-et-fournitures-pour-le-verre","10":"product_cat-pieces-adaptees-a-la-cocuisson-avec-de-largile-metallique","11":"product_tag-6470","12":"product_tag-amende","13":"product_tag-amende-2","14":"product_tag-boucles-doreilles","15":"product_tag-boutique-en-ligne","16":"product_tag-boutique-en-ligne-2","17":"product_tag-bronze","18":"product_tag-bronze-3","19":"product_tag-capuchon-2","20":"product_tag-casquette-perlee","21":"product_tag-casquettes-perlees","22":"product_tag-caution","23":"product_tag-epingle","24":"product_tag-fournitures","25":"product_tag-largent","26":"product_tag-largent-2","27":"product_tag-largent-3","28":"product_tag-mercerie","29":"product_tag-oeil-2","30":"product_tag-oeil-de-vis","31":"product_tag-oeillets-de-raccordement","32":"product_tag-pendentif","33":"product_tag-pendentif-3","34":"product_tag-pendentif-oeil","35":"product_tag-pendentif-oeil-2","36":"product_tag-perle","37":"product_tag-perle-4","38":"product_tag-perle-de-pierre-naturelle","39":"product_tag-pour","40":"product_tag-pur-2","41":"product_tag-reel","42":"product_tag-ressort-de-saut","43":"product_tag-semi-perce","44":"product_tag-semi-perce-2","45":"product_tag-solide","46":"product_tag-sollid","47":"product_tag-sterling","48":"product_tag-vraiment","49":"product_shipping_class-standard","51":"first","52":"instock","53":"taxable","54":"shipping-taxable","55":"purchasable","56":"product-type-simple"},"acf":[],"_links":{"self":[{"href":"https:\/\/esquell.eu\/fr\/wp-json\/wp\/v2\/product\/19614","targetHints":{"allow":["GET"]}}],"collection":[{"href":"https:\/\/esquell.eu\/fr\/wp-json\/wp\/v2\/product"}],"about":[{"href":"https:\/\/esquell.eu\/fr\/wp-json\/wp\/v2\/types\/product"}],"replies":[{"embeddable":true,"href":"https:\/\/esquell.eu\/fr\/wp-json\/wp\/v2\/comments?post=19614"}],"wp:featuredmedia":[{"embeddable":true,"href":"https:\/\/esquell.eu\/fr\/wp-json\/wp\/v2\/media\/19617"}],"wp:attachment":[{"href":"https:\/\/esquell.eu\/fr\/wp-json\/wp\/v2\/media?parent=19614"}],"wp:term":[{"taxonomy":"more","embeddable":true,"href":"https:\/\/esquell.eu\/fr\/wp-json\/wp\/v2\/more?post=19614"},{"taxonomy":"product_brand","embeddable":true,"href":"https:\/\/esquell.eu\/fr\/wp-json\/wp\/v2\/product_brand?post=19614"},{"taxonomy":"product_cat","embeddable":true,"href":"https:\/\/esquell.eu\/fr\/wp-json\/wp\/v2\/product_cat?post=19614"},{"taxonomy":"product_tag","embeddable":true,"href":"https:\/\/esquell.eu\/fr\/wp-json\/wp\/v2\/product_tag?post=19614"}],"curies":[{"name":"wp","href":"https:\/\/api.w.org\/{rel}","templated":true}]}}

Oeil à vis en bronze pour la co-cuisson dans la terre de bronze. Emballé par 5 pièces

<p>Œillet à vis plat en bronze</p>
<p>Œillet de 2 mm.</p>
<p>Fixez les œillets en bronze dans vos créations en pâte de bronze pendant qu&rsquo;elles sont encore molles.</p>
<p>Convient également à d&rsquo;autres pâtes, aux pendentifs en verre, aux Led et à la résine UV.</p>
<p>Emballé par 5 pièces.</p>

<p>Œillet à vis plat en bronze</p>
<p>Œillet de 2 mm.</p>
<p>Fixez les œillets en bronze dans vos créations en pâte de bronze pendant qu&rsquo;elles sont encore molles.</p>
<p>Emballé par 5 pièces</p>
