{"id":19609,"date":"2025-05-01T21:41:34","date_gmt":"2025-05-01T21:41:34","guid":{"rendered":"https:\/\/esquell.eu\/product\/oeil-a-vis-en-bronze-pour-la-co-cuisson-dans-la-terre-de-bronze-ovale\/"},"modified":"2025-05-01T21:41:34","modified_gmt":"2025-05-01T21:41:34","slug":"oeil-a-vis-en-bronze-pour-la-co-cuisson-dans-la-terre-de-bronze-ovale","status":"publish","type":"product","link":"https:\/\/esquell.eu\/fr\/produit\/oeil-a-vis-en-bronze-pour-la-co-cuisson-dans-la-terre-de-bronze-ovale\/","title":{"rendered":"Oeil \u00e0 vis en bronze pour la co-cuisson dans la terre de bronze. Ovale"},"content":{"rendered":"<p>\u0152illet \u00e0 vis plat en bronze<\/p>\n<p>\u0152illet Ovale<\/p>\n<p>Attachez les merceries en bronze dans vos cr\u00e9ations en p\u00e2te de bronze pendant qu&rsquo;elles sont encore molles.<\/p>\n<p>&nbsp;<\/p>\n","protected":false},"excerpt":{"rendered":"<p>Anneau, \u0153illet pour pendentif<br \/>\nTaille int\u00e9rieure 6&#215;3,2mm Longueur environ 7,5 mm<\/p>\n<p>Emball\u00e9 par 5 pi\u00e8ces<\/p>\n<p>Snap on.<br \/>\nFacile \u00e0 assembler sans avoir \u00e0 tenir compte de la taille\/\u00e9paisseur du fermoir.<br \/>\nCet \u0153illet pour pendentif peut \u00eatre gliss\u00e9 sur le collier \u00e0 l&rsquo;endroit d\u00e9sir\u00e9.<\/p>\n<p>Finition brillante<\/p>\n<p>Argent 925<\/p>\n<p>&nbsp;<\/p>\n","protected":false},"featured_media":6432,"comment_status":"closed","ping_status":"closed","template":"","meta":{"_acf_changed":false,"_seopress_robots_primary_cat":"none","_seopress_titles_title":"","_seopress_titles_desc":"","_seopress_robots_index":""},"more":[],"product_brand":[6521],"product_cat":[12319,7468,10991],"product_tag":[6470,6960,7016,6718,12945,16678,16677,10954,16674,16679,6641,6389,6796,6412,7546,14346,16668,16667,8042,12322,14298,6650,6423,12040,9797,16669,6635,8832,16672,6369,6550,6634,6708,12329,16671,12554,10350,6774,14295,8831,16673,12320,12552,12816,7794,9566,14398,11534,16675,7506,6954,6778,14316,16676,9896,12770,16172,16670,7786,6964,6919,6776],"class_list":{"0":"post-19609","1":"product","2":"type-product","3":"status-publish","4":"has-post-thumbnail","6":"product_brand-promethee","7":"product_cat-oeillets-de-pendentifs-bails-et-oeillets-a-vis","8":"product_cat-outils-et-fournitures-pour-le-verre","9":"product_cat-pieces-adaptees-a-la-cocuisson-avec-de-largile-metallique","10":"product_tag-6470","11":"product_tag-amende","12":"product_tag-amende-2","13":"product_tag-bijoux-3","14":"product_tag-bijoux-en-bronze-3","15":"product_tag-bijoux-en-bronze-4","16":"product_tag-bijoux-en-cuivre","17":"product_tag-bijoux-en-verre-2","18":"product_tag-bijoux-en-verre-3","19":"product_tag-bijoux-interchangeables","20":"product_tag-boucles-doreilles","21":"product_tag-boutique-en-ligne","22":"product_tag-boutique-en-ligne-2","23":"product_tag-bronze","24":"product_tag-bronze-3","25":"product_tag-cache","26":"product_tag-capuchon-2","27":"product_tag-casquette-perlee","28":"product_tag-casquettes-perlees","29":"product_tag-caution","30":"product_tag-changer-2","31":"product_tag-cuivre","32":"product_tag-de","33":"product_tag-epingle","34":"product_tag-epoxy","35":"product_tag-fixation","36":"product_tag-fournitures","37":"product_tag-interchangeable","38":"product_tag-invisible-2","39":"product_tag-largent","40":"product_tag-largent-2","41":"product_tag-largent-3","42":"product_tag-mercerie","43":"product_tag-oeil-2","44":"product_tag-oeil-cache-en-pendentif","45":"product_tag-oeil-de-vis","46":"product_tag-oeillets-de-raccordement","47":"product_tag-pendentif","48":"product_tag-pendentif-3","49":"product_tag-pendentif-en-verre","50":"product_tag-pendentif-epoxy-bijoux-epoxy","51":"product_tag-pendentif-oeil","52":"product_tag-pendentif-oeil-2","53":"product_tag-pendentifs-diy","54":"product_tag-pendentifs-en-verre","55":"product_tag-perle","56":"product_tag-perle-4","57":"product_tag-perle-de-pierre-naturelle","58":"product_tag-pierres-precieuses-5","59":"product_tag-pour","60":"product_tag-pur-2","61":"product_tag-reel","62":"product_tag-renflouement","63":"product_tag-resine-3","64":"product_tag-resine-acrylique","65":"product_tag-ressort-de-saut","66":"product_tag-semi-perce","67":"product_tag-semi-perce-2","68":"product_tag-solide","69":"product_tag-sollid","70":"product_tag-sterling","71":"product_tag-vraiment","72":"product_shipping_class-standard","74":"first","75":"outofstock","76":"taxable","77":"shipping-taxable","78":"purchasable","79":"product-type-simple"},"acf":[],"_links":{"self":[{"href":"https:\/\/esquell.eu\/fr\/wp-json\/wp\/v2\/product\/19609","targetHints":{"allow":["GET"]}}],"collection":[{"href":"https:\/\/esquell.eu\/fr\/wp-json\/wp\/v2\/product"}],"about":[{"href":"https:\/\/esquell.eu\/fr\/wp-json\/wp\/v2\/types\/product"}],"replies":[{"embeddable":true,"href":"https:\/\/esquell.eu\/fr\/wp-json\/wp\/v2\/comments?post=19609"}],"wp:featuredmedia":[{"embeddable":true,"href":"https:\/\/esquell.eu\/fr\/wp-json\/wp\/v2\/media\/6432"}],"wp:attachment":[{"href":"https:\/\/esquell.eu\/fr\/wp-json\/wp\/v2\/media?parent=19609"}],"wp:term":[{"taxonomy":"more","embeddable":true,"href":"https:\/\/esquell.eu\/fr\/wp-json\/wp\/v2\/more?post=19609"},{"taxonomy":"product_brand","embeddable":true,"href":"https:\/\/esquell.eu\/fr\/wp-json\/wp\/v2\/product_brand?post=19609"},{"taxonomy":"product_cat","embeddable":true,"href":"https:\/\/esquell.eu\/fr\/wp-json\/wp\/v2\/product_cat?post=19609"},{"taxonomy":"product_tag","embeddable":true,"href":"https:\/\/esquell.eu\/fr\/wp-json\/wp\/v2\/product_tag?post=19609"}],"curies":[{"name":"wp","href":"https:\/\/api.w.org\/{rel}","templated":true}]}}

Oeil à vis en bronze pour la co-cuisson dans la terre de bronze. Ovale

<p>Œillet à vis plat en bronze</p>
<p>Œillet Ovale</p>
<p>Attachez les merceries en bronze dans vos créations en pâte de bronze pendant qu&rsquo;elles sont encore molles.</p>
<p>&nbsp;</p>

<p>Anneau, œillet pour pendentif<br />
Taille intérieure 6&#215;3,2mm Longueur environ 7,5 mm</p>
<p>Emballé par 5 pièces</p>
<p>Snap on.<br />
Facile à assembler sans avoir à tenir compte de la taille/épaisseur du fermoir.<br />
Cet œillet pour pendentif peut être glissé sur le collier à l&rsquo;endroit désiré.</p>
<p>Finition brillante</p>
<p>Argent 925</p>
<p>&nbsp;</p>
