{"id":19583,"date":"2025-05-01T20:35:57","date_gmt":"2025-05-01T20:35:57","guid":{"rendered":"https:\/\/esquell.eu\/product\/oeil-avec-capuchon-de-perle-et-epingle-en-argent-925\/"},"modified":"2025-05-01T20:35:57","modified_gmt":"2025-05-01T20:35:57","slug":"oeil-avec-capuchon-de-perle-et-epingle-en-argent-925","status":"publish","type":"product","link":"https:\/\/esquell.eu\/fr\/produit\/oeil-avec-capuchon-de-perle-et-epingle-en-argent-925\/","title":{"rendered":"Oeil avec capuchon de perle et \u00e9pingle en argent 925"},"content":{"rendered":"<p>\u0152illet avec capuchon et \u00e9pingle.<\/p>\n<p>Argent 925<\/p>\n<p>Convient aux perles semi-perc\u00e9es et aux perles, etc.<\/p>\n<p>Capuchon de 6,3 mm<br \/>\n\u00c9pingle pour perle, etc., d&rsquo;environ 1,5 mm<br \/>\nAnneau de 3,5 mm<br \/>\nFinition brillante<\/p>\n","protected":false},"excerpt":{"rendered":"<p>\u0152illet avec capuchon et \u00e9pingle.<\/p>\n<p>Argent 925<\/p>\n<p>Convient aux perles semi-perc\u00e9es et aux perles, etc.<\/p>\n<p>Capuchon de 6,3 mm<br \/>\n\u00c9pingle pour perle, etc., d&rsquo;environ 1,5 mm<br \/>\nAnneau de 3,5 mm<br \/>\nFinition brillante<\/p>\n<p>&nbsp;<\/p>\n","protected":false},"featured_media":6388,"comment_status":"closed","ping_status":"closed","template":"","meta":{"_acf_changed":false,"_seopress_robots_primary_cat":"none","_seopress_titles_title":"","_seopress_titles_desc":"","_seopress_robots_index":""},"more":[],"product_brand":[6914],"product_cat":[12319],"product_tag":[6470,6960,7016,6641,6389,6796,16668,16667,8042,12322,12040,6635,6369,6550,6634,6708,6774,14295,12552,9566,14398,11534,7506,6954,6778,16172,16670,7786,6964,6919,6776],"class_list":{"0":"post-19583","1":"product","2":"type-product","3":"status-publish","4":"has-post-thumbnail","6":"product_brand-ayu","7":"product_cat-oeillets-de-pendentifs-bails-et-oeillets-a-vis","8":"product_tag-6470","9":"product_tag-amende","10":"product_tag-amende-2","11":"product_tag-boucles-doreilles","12":"product_tag-boutique-en-ligne","13":"product_tag-boutique-en-ligne-2","14":"product_tag-capuchon-2","15":"product_tag-casquette-perlee","16":"product_tag-casquettes-perlees","17":"product_tag-caution","18":"product_tag-epingle","19":"product_tag-fournitures","20":"product_tag-largent","21":"product_tag-largent-2","22":"product_tag-largent-3","23":"product_tag-mercerie","24":"product_tag-pendentif","25":"product_tag-pendentif-3","26":"product_tag-pendentif-oeil-2","27":"product_tag-perle","28":"product_tag-perle-4","29":"product_tag-perle-de-pierre-naturelle","30":"product_tag-pour","31":"product_tag-pur-2","32":"product_tag-reel","33":"product_tag-semi-perce","34":"product_tag-semi-perce-2","35":"product_tag-solide","36":"product_tag-sollid","37":"product_tag-sterling","38":"product_tag-vraiment","39":"product_shipping_class-standard","41":"first","42":"instock","43":"taxable","44":"shipping-taxable","45":"purchasable","46":"product-type-simple"},"acf":[],"_links":{"self":[{"href":"https:\/\/esquell.eu\/fr\/wp-json\/wp\/v2\/product\/19583","targetHints":{"allow":["GET"]}}],"collection":[{"href":"https:\/\/esquell.eu\/fr\/wp-json\/wp\/v2\/product"}],"about":[{"href":"https:\/\/esquell.eu\/fr\/wp-json\/wp\/v2\/types\/product"}],"replies":[{"embeddable":true,"href":"https:\/\/esquell.eu\/fr\/wp-json\/wp\/v2\/comments?post=19583"}],"wp:featuredmedia":[{"embeddable":true,"href":"https:\/\/esquell.eu\/fr\/wp-json\/wp\/v2\/media\/6388"}],"wp:attachment":[{"href":"https:\/\/esquell.eu\/fr\/wp-json\/wp\/v2\/media?parent=19583"}],"wp:term":[{"taxonomy":"more","embeddable":true,"href":"https:\/\/esquell.eu\/fr\/wp-json\/wp\/v2\/more?post=19583"},{"taxonomy":"product_brand","embeddable":true,"href":"https:\/\/esquell.eu\/fr\/wp-json\/wp\/v2\/product_brand?post=19583"},{"taxonomy":"product_cat","embeddable":true,"href":"https:\/\/esquell.eu\/fr\/wp-json\/wp\/v2\/product_cat?post=19583"},{"taxonomy":"product_tag","embeddable":true,"href":"https:\/\/esquell.eu\/fr\/wp-json\/wp\/v2\/product_tag?post=19583"}],"curies":[{"name":"wp","href":"https:\/\/api.w.org\/{rel}","templated":true}]}}

Oeil avec capuchon de perle et épingle en argent 925

<p>Œillet avec capuchon et épingle.</p>
<p>Argent 925</p>
<p>Convient aux perles semi-percées et aux perles, etc.</p>
<p>Capuchon de 6,3 mm<br />
Épingle pour perle, etc., d&rsquo;environ 1,5 mm<br />
Anneau de 3,5 mm<br />
Finition brillante</p>

<p>Œillet avec capuchon et épingle.</p>
<p>Argent 925</p>
<p>Convient aux perles semi-percées et aux perles, etc.</p>
<p>Capuchon de 6,3 mm<br />
Épingle pour perle, etc., d&rsquo;environ 1,5 mm<br />
Anneau de 3,5 mm<br />
Finition brillante</p>
<p>&nbsp;</p>
