{"id":19570,"date":"2025-05-01T20:06:54","date_gmt":"2025-05-01T20:06:54","guid":{"rendered":"https:\/\/esquell.eu\/product\/oeil-argente-avec-capuchon-de-perle-et-epingle-10-pieces\/"},"modified":"2025-05-01T20:06:54","modified_gmt":"2025-05-01T20:06:54","slug":"oeil-argente-avec-capuchon-de-perle-et-epingle-10-pieces","status":"publish","type":"product","link":"https:\/\/esquell.eu\/fr\/produit\/oeil-argente-avec-capuchon-de-perle-et-epingle-10-pieces\/","title":{"rendered":"Oeil argent\u00e9 avec capuchon de perle et \u00e9pingle 10 pi\u00e8ces"},"content":{"rendered":"<div class=\"product-addition\">\n<div class=\"product-addition-content\">\n<p>Oeil avec capuchon de perle et \u00e9pingle.<\/p>\n<p>Argent 925<\/p>\n<p>Convient entre autres aux perles semi-perc\u00e9es et aux perles, etc.<\/p>\n<p>Coupe de 5 mm avec \u00e9pingle<br \/>\nAnneau d&rsquo;environ 3 mm au sommet<br \/>\nFinition brillante<\/p>\n<\/div>\n<\/div>\n","protected":false},"excerpt":{"rendered":"<div class=\"product-addition-content\">\n<p>Oeil avec capuchon de perle et \u00e9pingle.<\/p>\n<p>Argent 925<\/p>\n<p>Convient entre autres aux perles semi-perc\u00e9es et aux perles, etc.<\/p>\n<p>Coupe de 5 mm avec \u00e9pingle<br \/>\nAnneau d&rsquo;environ 3 mm au sommet<br \/>\nFinition brillante<\/p>\n<\/div>\n","protected":false},"featured_media":6378,"comment_status":"closed","ping_status":"closed","template":"","meta":{"_acf_changed":false,"_seopress_robots_primary_cat":"none","_seopress_titles_title":"","_seopress_titles_desc":"","_seopress_robots_index":""},"more":[],"product_brand":[6914],"product_cat":[12319],"product_tag":[16810,6470,7409,10187,6847,10091,12440,14288,6716,7471,12322,6794,10727,6962,7780,10729,8519,9248,10737,16807,9244,12006,16809,11992,13858,6369,6550,6634,6403,12329,15482,12552,7823,6922,6954,6778,6964,6919,14258,6776],"class_list":{"0":"post-19570","1":"product","2":"type-product","3":"status-publish","4":"has-post-thumbnail","6":"product_brand-ayu","7":"product_cat-oeillets-de-pendentifs-bails-et-oeillets-a-vis","8":"product_tag-16810","9":"product_tag-6470","10":"product_tag-acier","11":"product_tag-acier-2","12":"product_tag-acier-inoxydable","13":"product_tag-acier-inoxydable-3","14":"product_tag-allergene","15":"product_tag-bailles","16":"product_tag-breloques","17":"product_tag-carat","18":"product_tag-caution","19":"product_tag-chaine","20":"product_tag-chaine-de-cordons","21":"product_tag-collier","22":"product_tag-collier-3","23":"product_tag-collier-en-cordon","24":"product_tag-cordon","25":"product_tag-cordon-2","26":"product_tag-cordon-en-cuir","27":"product_tag-cordon-en-cuir-2","28":"product_tag-cuir-2","29":"product_tag-hypoallergenique","30":"product_tag-hypoallergenique-2","31":"product_tag-inoxydable","32":"product_tag-inoxydable-2","33":"product_tag-largent","34":"product_tag-largent-2","35":"product_tag-largent-3","36":"product_tag-lor","37":"product_tag-oeil-2","38":"product_tag-orfevrerie","39":"product_tag-pendentif-oeil-2","40":"product_tag-plaque-or","41":"product_tag-pur","42":"product_tag-pur-2","43":"product_tag-reel","44":"product_tag-sollid","45":"product_tag-sterling","46":"product_tag-vermeil","47":"product_tag-vraiment","49":"first","50":"instock","51":"taxable","52":"shipping-taxable","53":"purchasable","54":"product-type-simple"},"acf":[],"_links":{"self":[{"href":"https:\/\/esquell.eu\/fr\/wp-json\/wp\/v2\/product\/19570","targetHints":{"allow":["GET"]}}],"collection":[{"href":"https:\/\/esquell.eu\/fr\/wp-json\/wp\/v2\/product"}],"about":[{"href":"https:\/\/esquell.eu\/fr\/wp-json\/wp\/v2\/types\/product"}],"replies":[{"embeddable":true,"href":"https:\/\/esquell.eu\/fr\/wp-json\/wp\/v2\/comments?post=19570"}],"wp:featuredmedia":[{"embeddable":true,"href":"https:\/\/esquell.eu\/fr\/wp-json\/wp\/v2\/media\/6378"}],"wp:attachment":[{"href":"https:\/\/esquell.eu\/fr\/wp-json\/wp\/v2\/media?parent=19570"}],"wp:term":[{"taxonomy":"more","embeddable":true,"href":"https:\/\/esquell.eu\/fr\/wp-json\/wp\/v2\/more?post=19570"},{"taxonomy":"product_brand","embeddable":true,"href":"https:\/\/esquell.eu\/fr\/wp-json\/wp\/v2\/product_brand?post=19570"},{"taxonomy":"product_cat","embeddable":true,"href":"https:\/\/esquell.eu\/fr\/wp-json\/wp\/v2\/product_cat?post=19570"},{"taxonomy":"product_tag","embeddable":true,"href":"https:\/\/esquell.eu\/fr\/wp-json\/wp\/v2\/product_tag?post=19570"}],"curies":[{"name":"wp","href":"https:\/\/api.w.org\/{rel}","templated":true}]}}

Oeil argenté avec capuchon de perle et épingle 10 pièces

<div class="product-addition">
<div class="product-addition-content">
<p>Oeil avec capuchon de perle et épingle.</p>
<p>Argent 925</p>
<p>Convient entre autres aux perles semi-percées et aux perles, etc.</p>
<p>Coupe de 5 mm avec épingle<br />
Anneau d&rsquo;environ 3 mm au sommet<br />
Finition brillante</p>
</div>
</div>

<div class="product-addition-content">
<p>Oeil avec capuchon de perle et épingle.</p>
<p>Argent 925</p>
<p>Convient entre autres aux perles semi-percées et aux perles, etc.</p>
<p>Coupe de 5 mm avec épingle<br />
Anneau d&rsquo;environ 3 mm au sommet<br />
Finition brillante</p>
</div>
