{"id":19539,"date":"2025-05-01T20:44:39","date_gmt":"2025-05-01T20:44:39","guid":{"rendered":"https:\/\/esquell.eu\/product\/oeil-de-pendentif-cuivre-11-75-9-mm\/"},"modified":"2025-05-01T20:44:39","modified_gmt":"2025-05-01T20:44:39","slug":"oeil-de-pendentif-cuivre-11-75-9-mm","status":"publish","type":"product","link":"https:\/\/esquell.eu\/fr\/produit\/oeil-de-pendentif-cuivre-11-75-9-mm\/","title":{"rendered":"Oeil de pendentif Cuivre 11.7*5.9 mm"},"content":{"rendered":"<p>Oeil de pendentif Cuivre<br \/>\nPar exemple pour la fixation dans l&rsquo;argile de cuivre.<\/p>\n<p>Convient \u00e0 la cuisson dans l&rsquo;argile de cuivre.<br \/>\nConvient \u00e9galement \u00e0 la r\u00e9sine UV, \u00e0 la r\u00e9sine acrylique, \u00e0 la r\u00e9sine \u00e9poxy et \u00e0 toutes sortes d&rsquo;argile.<\/p>\n<p>Taille int\u00e9rieure 6*3,9 mm Taille ext\u00e9rieure, y compris l&rsquo;\u00e9pingle 11,7*5,9 mm<\/p>\n","protected":false},"excerpt":{"rendered":"<p>Oeil de pendentif Cuivre<br \/>\nPar exemple pour la fixation dans l&rsquo;argile de cuivre.<\/p>\n<p>Convient \u00e0 la cuisson dans l&rsquo;argile de cuivre.<br \/>\nConvient \u00e9galement \u00e0 la r\u00e9sine UV, \u00e0 la r\u00e9sine acrylique, \u00e0 la r\u00e9sine \u00e9poxy et \u00e0 toutes sortes d&rsquo;argile.<\/p>\n<p>Taille int\u00e9rieure 6*3,9 mm Taille ext\u00e9rieure, y compris l&rsquo;\u00e9pingle 11,7*5,9 mm<\/p>\n","protected":false},"featured_media":6394,"comment_status":"closed","ping_status":"closed","template":"","meta":{"_acf_changed":false,"_seopress_robots_primary_cat":"none","_seopress_titles_title":"","_seopress_titles_desc":"","_seopress_robots_index":""},"more":[],"product_brand":[6736],"product_cat":[9873,12319,7468,10991],"product_tag":[6470,7016,6960,6641,6389,6796,16668,16667,8042,12322,12040,6635,6550,6369,6634,6708,10350,6774,14295,12552,14398,9566,11534,7506,6954,6778,12770,16172,16670,7786,6964,6919,6776],"class_list":{"0":"post-19539","1":"product","2":"type-product","3":"status-publish","4":"has-post-thumbnail","6":"product_brand-des-outils-sympas","7":"product_cat-led-et-resine-uv","8":"product_cat-oeillets-de-pendentifs-bails-et-oeillets-a-vis","9":"product_cat-outils-et-fournitures-pour-le-verre","10":"product_cat-pieces-adaptees-a-la-cocuisson-avec-de-largile-metallique","11":"product_tag-6470","12":"product_tag-amende-2","13":"product_tag-amende","14":"product_tag-boucles-doreilles","15":"product_tag-boutique-en-ligne","16":"product_tag-boutique-en-ligne-2","17":"product_tag-capuchon-2","18":"product_tag-casquette-perlee","19":"product_tag-casquettes-perlees","20":"product_tag-caution","21":"product_tag-epingle","22":"product_tag-fournitures","23":"product_tag-largent-2","24":"product_tag-largent","25":"product_tag-largent-3","26":"product_tag-mercerie","27":"product_tag-oeillets-de-raccordement","28":"product_tag-pendentif","29":"product_tag-pendentif-3","30":"product_tag-pendentif-oeil-2","31":"product_tag-perle-4","32":"product_tag-perle","33":"product_tag-perle-de-pierre-naturelle","34":"product_tag-pour","35":"product_tag-pur-2","36":"product_tag-reel","37":"product_tag-ressort-de-saut","38":"product_tag-semi-perce","39":"product_tag-semi-perce-2","40":"product_tag-solide","41":"product_tag-sollid","42":"product_tag-sterling","43":"product_tag-vraiment","44":"product_shipping_class-standard","46":"first","47":"instock","48":"taxable","49":"shipping-taxable","50":"purchasable","51":"product-type-simple"},"acf":[],"_links":{"self":[{"href":"https:\/\/esquell.eu\/fr\/wp-json\/wp\/v2\/product\/19539","targetHints":{"allow":["GET"]}}],"collection":[{"href":"https:\/\/esquell.eu\/fr\/wp-json\/wp\/v2\/product"}],"about":[{"href":"https:\/\/esquell.eu\/fr\/wp-json\/wp\/v2\/types\/product"}],"replies":[{"embeddable":true,"href":"https:\/\/esquell.eu\/fr\/wp-json\/wp\/v2\/comments?post=19539"}],"wp:featuredmedia":[{"embeddable":true,"href":"https:\/\/esquell.eu\/fr\/wp-json\/wp\/v2\/media\/6394"}],"wp:attachment":[{"href":"https:\/\/esquell.eu\/fr\/wp-json\/wp\/v2\/media?parent=19539"}],"wp:term":[{"taxonomy":"more","embeddable":true,"href":"https:\/\/esquell.eu\/fr\/wp-json\/wp\/v2\/more?post=19539"},{"taxonomy":"product_brand","embeddable":true,"href":"https:\/\/esquell.eu\/fr\/wp-json\/wp\/v2\/product_brand?post=19539"},{"taxonomy":"product_cat","embeddable":true,"href":"https:\/\/esquell.eu\/fr\/wp-json\/wp\/v2\/product_cat?post=19539"},{"taxonomy":"product_tag","embeddable":true,"href":"https:\/\/esquell.eu\/fr\/wp-json\/wp\/v2\/product_tag?post=19539"}],"curies":[{"name":"wp","href":"https:\/\/api.w.org\/{rel}","templated":true}]}}

<p>Oeil de pendentif Cuivre<br />
Par exemple pour la fixation dans l&rsquo;argile de cuivre.</p>
<p>Convient à la cuisson dans l&rsquo;argile de cuivre.<br />
Convient également à la résine UV, à la résine acrylique, à la résine époxy et à toutes sortes d&rsquo;argile.</p>
<p>Taille intérieure 6*3,9 mm Taille extérieure, y compris l&rsquo;épingle 11,7*5,9 mm</p>
