{"id":19496,"date":"2025-05-01T21:09:19","date_gmt":"2025-05-01T21:09:19","guid":{"rendered":"https:\/\/esquell.eu\/product\/oeil-plat-a-vis-en-cuivre-pour-la-cuisson-de-largile-au-cuivre-emballe-par-5-pieces\/"},"modified":"2025-11-11T20:20:05","modified_gmt":"2025-11-11T20:20:05","slug":"oeil-plat-a-vis-en-cuivre-pour-la-cuisson-de-largile-au-cuivre-emballe-par-5-pieces","status":"publish","type":"product","link":"https:\/\/esquell.eu\/fr\/produit\/oeil-plat-a-vis-en-cuivre-pour-la-cuisson-de-largile-au-cuivre-emballe-par-5-pieces\/","title":{"rendered":"Oeil plat \u00e0 vis en cuivre. Pour la cuisson de l&rsquo;argile au cuivre. Emball\u00e9 par 5 pi\u00e8ces"},"content":{"rendered":"<p>Oeil plat \u00e0 vis en cuivre. Convient pour la co-cuisson dans le cuivre argileux. <\/p>\n<p>Diam\u00e8tre de l&rsquo;\u0153il 2,5 mm<\/p>\n<p>Convient notamment \u00e0 la cocuisson dans l&rsquo;arguile d&rsquo;argent, l&rsquo;Art Clay Silver, l&rsquo;argile m\u00e9tallique, d&rsquo;autres argiles et la r\u00e9sine.<\/p>\n<p>Par 5 pi\u00e8ces<\/p>\n","protected":false},"excerpt":{"rendered":"<p>Oeil plat \u00e0 vis en cuivre. Convient pour la co-cuisson dans le cuivre argileux. <\/p>\n<p>Diam\u00e8tre de l&rsquo;\u0153il 2,5 mm<\/p>\n<p>Convient notamment \u00e0 la cocuisson dans l&rsquo;arguile d&rsquo;argent, l&rsquo;Art Clay Silver, l&rsquo;argile m\u00e9tallique, d&rsquo;autres argiles et la r\u00e9sine.<\/p>\n","protected":false},"featured_media":19499,"comment_status":"closed","ping_status":"closed","template":"","meta":{"_acf_changed":false,"_seopress_robots_primary_cat":"none","_seopress_titles_title":"","_seopress_titles_desc":"","_seopress_robots_index":""},"more":[],"product_brand":[6736,6521],"product_cat":[9873,12319,7468,10991],"product_tag":[6470,6960,7016,12945,16678,16677,10954,16674,6641,6389,6796,6412,7546,14346,16668,16667,8042,12322,6650,6423,12040,9797,16669,6635,16672,6369,6550,6634,6708,12329,16671,12554,10350,6774,14295,8831,16673,12320,12552,12816,7794,9566,14398,11534,16675,7506,6954,6778,14316,16676,9896,12770,16172,16670,7786,6964,6919,6776],"class_list":{"0":"post-19496","1":"product","2":"type-product","3":"status-publish","4":"has-post-thumbnail","6":"product_brand-des-outils-sympas","7":"product_brand-promethee","8":"product_cat-led-et-resine-uv","9":"product_cat-oeillets-de-pendentifs-bails-et-oeillets-a-vis","10":"product_cat-outils-et-fournitures-pour-le-verre","11":"product_cat-pieces-adaptees-a-la-cocuisson-avec-de-largile-metallique","12":"product_tag-6470","13":"product_tag-amende","14":"product_tag-amende-2","15":"product_tag-bijoux-en-bronze-3","16":"product_tag-bijoux-en-bronze-4","17":"product_tag-bijoux-en-cuivre","18":"product_tag-bijoux-en-verre-2","19":"product_tag-bijoux-en-verre-3","20":"product_tag-boucles-doreilles","21":"product_tag-boutique-en-ligne","22":"product_tag-boutique-en-ligne-2","23":"product_tag-bronze","24":"product_tag-bronze-3","25":"product_tag-cache","26":"product_tag-capuchon-2","27":"product_tag-casquette-perlee","28":"product_tag-casquettes-perlees","29":"product_tag-caution","30":"product_tag-cuivre","31":"product_tag-de","32":"product_tag-epingle","33":"product_tag-epoxy","34":"product_tag-fixation","35":"product_tag-fournitures","36":"product_tag-invisible-2","37":"product_tag-largent","38":"product_tag-largent-2","39":"product_tag-largent-3","40":"product_tag-mercerie","41":"product_tag-oeil-2","42":"product_tag-oeil-cache-en-pendentif","43":"product_tag-oeil-de-vis","44":"product_tag-oeillets-de-raccordement","45":"product_tag-pendentif","46":"product_tag-pendentif-3","47":"product_tag-pendentif-en-verre","48":"product_tag-pendentif-epoxy-bijoux-epoxy","49":"product_tag-pendentif-oeil","50":"product_tag-pendentif-oeil-2","51":"product_tag-pendentifs-diy","52":"product_tag-pendentifs-en-verre","53":"product_tag-perle","54":"product_tag-perle-4","55":"product_tag-perle-de-pierre-naturelle","56":"product_tag-pierres-precieuses-5","57":"product_tag-pour","58":"product_tag-pur-2","59":"product_tag-reel","60":"product_tag-renflouement","61":"product_tag-resine-3","62":"product_tag-resine-acrylique","63":"product_tag-ressort-de-saut","64":"product_tag-semi-perce","65":"product_tag-semi-perce-2","66":"product_tag-solide","67":"product_tag-sollid","68":"product_tag-sterling","69":"product_tag-vraiment","70":"product_shipping_class-standard","72":"first","73":"instock","74":"taxable","75":"shipping-taxable","76":"purchasable","77":"product-type-simple"},"acf":[],"_links":{"self":[{"href":"https:\/\/esquell.eu\/fr\/wp-json\/wp\/v2\/product\/19496","targetHints":{"allow":["GET"]}}],"collection":[{"href":"https:\/\/esquell.eu\/fr\/wp-json\/wp\/v2\/product"}],"about":[{"href":"https:\/\/esquell.eu\/fr\/wp-json\/wp\/v2\/types\/product"}],"replies":[{"embeddable":true,"href":"https:\/\/esquell.eu\/fr\/wp-json\/wp\/v2\/comments?post=19496"}],"wp:featuredmedia":[{"embeddable":true,"href":"https:\/\/esquell.eu\/fr\/wp-json\/wp\/v2\/media\/19499"}],"wp:attachment":[{"href":"https:\/\/esquell.eu\/fr\/wp-json\/wp\/v2\/media?parent=19496"}],"wp:term":[{"taxonomy":"more","embeddable":true,"href":"https:\/\/esquell.eu\/fr\/wp-json\/wp\/v2\/more?post=19496"},{"taxonomy":"product_brand","embeddable":true,"href":"https:\/\/esquell.eu\/fr\/wp-json\/wp\/v2\/product_brand?post=19496"},{"taxonomy":"product_cat","embeddable":true,"href":"https:\/\/esquell.eu\/fr\/wp-json\/wp\/v2\/product_cat?post=19496"},{"taxonomy":"product_tag","embeddable":true,"href":"https:\/\/esquell.eu\/fr\/wp-json\/wp\/v2\/product_tag?post=19496"}],"curies":[{"name":"wp","href":"https:\/\/api.w.org\/{rel}","templated":true}]}}

Oeil plat à vis en cuivre. Pour la cuisson de l&rsquo;argile au cuivre. Emballé par 5 pièces

<p>Oeil plat à vis en cuivre. Convient pour la co-cuisson dans le cuivre argileux. </p>
<p>Diamètre de l&rsquo;œil 2,5 mm</p>
<p>Convient notamment à la cocuisson dans l&rsquo;arguile d&rsquo;argent, l&rsquo;Art Clay Silver, l&rsquo;argile métallique, d&rsquo;autres argiles et la résine.</p>
<p>Par 5 pièces</p>

<p>Oeil plat à vis en cuivre. Convient pour la co-cuisson dans le cuivre argileux. </p>
<p>Diamètre de l&rsquo;œil 2,5 mm</p>
<p>Convient notamment à la cocuisson dans l&rsquo;arguile d&rsquo;argent, l&rsquo;Art Clay Silver, l&rsquo;argile métallique, d&rsquo;autres argiles et la résine.</p>
