{"id":19274,"date":"2025-05-03T11:38:42","date_gmt":"2025-05-03T11:38:42","guid":{"rendered":"https:\/\/esquell.eu\/product\/perles-de-culture-baroques-naturelles-sans-trou-assortiment-6-10-mm\/"},"modified":"2025-05-03T11:38:42","modified_gmt":"2025-05-03T11:38:42","slug":"perles-de-culture-baroques-naturelles-sans-trou-assortiment-6-10-mm","status":"publish","type":"product","link":"https:\/\/esquell.eu\/fr\/produit\/perles-de-culture-baroques-naturelles-sans-trou-assortiment-6-10-mm\/","title":{"rendered":"Perles de culture baroques naturelles. Sans trou. Assortiment 6-10 mm"},"content":{"rendered":"<p>Perle semi-perc\u00e9e.<br \/>\nPerle naturelle.<br \/>\nPerle cultiv\u00e9e, perle de culture.<\/p>\n<p>Perles irr\u00e9guli\u00e8res sans trou<\/p>\n<p>Mesures entre 6 et 10 mm<\/p>\n<p>Lot de 10 pi\u00e8ces.<\/p>\n<p>Les couleurs varient entre le blanc, le blanc cass\u00e9, le rose tendre et le gris tendre.<\/p>\n<p>Confirmez en appuyant sur la touche :<\/p>\n<p>De pr\u00e9f\u00e9rence avec Led et r\u00e9sine UV.<\/p>\n<p>Ou en utilisant la colle pour bijoux \u00e0 2 composants de Weicon<br \/>\n<u><strong><br \/>\n<\/strong><\/u>Comme il s&rsquo;agit de perles naturelles, les tailles et les formes peuvent varier l\u00e9g\u00e8rement d&rsquo;une perle \u00e0 l&rsquo;autre.<\/p>\n<p>&nbsp;<\/p>\n","protected":false},"excerpt":{"rendered":"<p>Perles irr\u00e9guli\u00e8res sans trou<\/p>\n<p>Dimensions entre 6 et 10 mm<\/p>\n<p>Lot de 10 pi\u00e8ces.<\/p>\n<p>Les couleurs vont du blanc au gris en passant par le blanc cass\u00e9 et le rose tendre.<\/p>\n","protected":false},"featured_media":6468,"comment_status":"closed","ping_status":"closed","template":"","meta":{"_acf_changed":false,"_seopress_robots_primary_cat":"none","_seopress_titles_title":"","_seopress_titles_desc":"","_seopress_robots_index":""},"more":[],"product_brand":[6398],"product_cat":[14248,6809],"product_tag":[15038,6645,6646,15965,6923,7098,6638,7590,6388,6473,6741,6404,6406,6420,7028,6378,6390,6405,8749,6565,6575,15953,16700,8620,16698,7654,6372,6642,7223,6402,8350,8737,15955,6641,8735,6958,6389,8355,8741,6941,6792,6409,6412,7430,16704,8739,6738,8424,8451,6650,15950,15956,16699,8065,6655,15948,6647,15957,16702,6374,6785,11525,11565,6849,6653,6651,6659,7659,7662,15958,8722,11582,8433,8733,6472,6403,8745,15947,15949,6789,7851,7650,13735,6708,6759,7031,10255,8747,7275,7428,15946,7657,6661,6567,6643,7405,6636,6726,6657,6714,7394,6665,9897,14398,15952,15951,15954,6485,16701,15966,15961,15960,15967,15959,7279,6483,6484,7029,8743,7506,8736,15944,6663,13123,6787,7102,6408,6667],"class_list":{"0":"post-19274","1":"product","2":"type-product","3":"status-publish","4":"has-post-thumbnail","6":"product_brand-l1","7":"product_cat-perles-naturelles","8":"product_cat-vente","9":"product_tag-voici","10":"product_tag-a","11":"product_tag-acheter","12":"product_tag-akoya","13":"product_tag-amsterdam","14":"product_tag-anneau","15":"product_tag-anneaux","16":"product_tag-argent-malleable-2","17":"product_tag-argile","18":"product_tag-argile-2","19":"product_tag-argile-3","20":"product_tag-argile-argentee","21":"product_tag-argile-aurifere","22":"product_tag-argile-bronze","23":"product_tag-argile-cuivreuse","24":"product_tag-argile-metallique","25":"product_tag-argile-metallique-2","26":"product_tag-artclay","27":"product_tag-assecoires","28":"product_tag-atelier","29":"product_tag-ateliers","30":"product_tag-bague-en-perle","31":"product_tag-baroque","32":"product_tag-base-de-connaissances","33":"product_tag-bien-sur","34":"product_tag-bijoux-5","35":"product_tag-bijoux","36":"product_tag-bijoux-2","37":"product_tag-bleu","38":"product_tag-bon-marche","39":"product_tag-boucle-doreille","40":"product_tag-boucle-doreille-2","41":"product_tag-boucle-doreille-en-perle","42":"product_tag-boucles-doreilles","43":"product_tag-boutique-2","44":"product_tag-boutique","45":"product_tag-boutique-en-ligne","46":"product_tag-bouton-doreille","47":"product_tag-bouton-doreille-2","48":"product_tag-brabant","49":"product_tag-bracelet","50":"product_tag-bricolage","51":"product_tag-bronze","52":"product_tag-cabochon","53":"product_tag-cite","54":"product_tag-clous-doreilles-2","55":"product_tag-cool","56":"product_tag-cooltools","57":"product_tag-coquilles","58":"product_tag-cuivre","59":"product_tag-cultive","60":"product_tag-cultive-2","61":"product_tag-cultive-3","62":"product_tag-de-2","63":"product_tag-drenthe","64":"product_tag-eau-douce","65":"product_tag-en-ligne","66":"product_tag-enfilage-de-perles","67":"product_tag-faconne","68":"product_tag-faire","69":"product_tag-flevoland","70":"product_tag-fore","71":"product_tag-fore-3","72":"product_tag-formulaires","73":"product_tag-frise","74":"product_tag-groningue","75":"product_tag-gueldre","76":"product_tag-hollande-du-nord","77":"product_tag-hollande-du-sud","78":"product_tag-huitres","79":"product_tag-internet","80":"product_tag-irregulier-2","81":"product_tag-kits-de-demarrage","82":"product_tag-kits-de-demarrage-2","83":"product_tag-lart","84":"product_tag-lor","85":"product_tag-la-texture","86":"product_tag-lapiz","87":"product_tag-lasuli","88":"product_tag-limbourg","89":"product_tag-manuel","90":"product_tag-manuels","91":"product_tag-mastic","92":"product_tag-mercerie","93":"product_tag-metal","94":"product_tag-metal-2","95":"product_tag-mm","96":"product_tag-modeles","97":"product_tag-moitie","98":"product_tag-naturel","99":"product_tag-noir-3","100":"product_tag-nop","101":"product_tag-nord","102":"product_tag-offrir","103":"product_tag-ou","104":"product_tag-outil-2","105":"product_tag-outils","106":"product_tag-outils-2","107":"product_tag-overijssel","108":"product_tag-pack-de-demarrage","109":"product_tag-pack-de-demarrage-2","110":"product_tag-pays-bas-2","111":"product_tag-perle-2","112":"product_tag-perle-4","113":"product_tag-perle-5","114":"product_tag-perles-7","115":"product_tag-perles-8","116":"product_tag-perles","117":"product_tag-perles-baroques","118":"product_tag-perles-dakoya","119":"product_tag-perles-deau-douce","120":"product_tag-perles-de-culture","121":"product_tag-perles-de-culture-3","122":"product_tag-perles-naturelles","123":"product_tag-pierre-2","124":"product_tag-pierre-naturelle","125":"product_tag-pierre-precieuse","126":"product_tag-pmc","127":"product_tag-poncage","128":"product_tag-pour","129":"product_tag-presomptueux","130":"product_tag-reel-2","131":"product_tag-sud","132":"product_tag-synthetique-2","133":"product_tag-utrecht","134":"product_tag-vasieres","135":"product_tag-vous","136":"product_tag-zelande","137":"product_shipping_class-standard","138":"pa_afmeting-11-12mm","139":"pa_afmeting-2-3mm","140":"pa_afmeting-3-4mm","141":"pa_afmeting-4-5mm","142":"pa_afmeting-5-6mm","143":"pa_afmeting-6-7mm","144":"pa_afmeting-7-8mm","145":"pa_afmeting-8-9mm","146":"pa_afmeting-9-10mm","148":"first","149":"instock","150":"sale","151":"taxable","152":"shipping-taxable","153":"purchasable","154":"product-type-simple"},"acf":[],"_links":{"self":[{"href":"https:\/\/esquell.eu\/fr\/wp-json\/wp\/v2\/product\/19274","targetHints":{"allow":["GET"]}}],"collection":[{"href":"https:\/\/esquell.eu\/fr\/wp-json\/wp\/v2\/product"}],"about":[{"href":"https:\/\/esquell.eu\/fr\/wp-json\/wp\/v2\/types\/product"}],"replies":[{"embeddable":true,"href":"https:\/\/esquell.eu\/fr\/wp-json\/wp\/v2\/comments?post=19274"}],"wp:featuredmedia":[{"embeddable":true,"href":"https:\/\/esquell.eu\/fr\/wp-json\/wp\/v2\/media\/6468"}],"wp:attachment":[{"href":"https:\/\/esquell.eu\/fr\/wp-json\/wp\/v2\/media?parent=19274"}],"wp:term":[{"taxonomy":"more","embeddable":true,"href":"https:\/\/esquell.eu\/fr\/wp-json\/wp\/v2\/more?post=19274"},{"taxonomy":"product_brand","embeddable":true,"href":"https:\/\/esquell.eu\/fr\/wp-json\/wp\/v2\/product_brand?post=19274"},{"taxonomy":"product_cat","embeddable":true,"href":"https:\/\/esquell.eu\/fr\/wp-json\/wp\/v2\/product_cat?post=19274"},{"taxonomy":"product_tag","embeddable":true,"href":"https:\/\/esquell.eu\/fr\/wp-json\/wp\/v2\/product_tag?post=19274"}],"curies":[{"name":"wp","href":"https:\/\/api.w.org\/{rel}","templated":true}]}}

<p>Perle semi-percée.<br />
Perle naturelle.<br />
Perle cultivée, perle de culture.</p>
<p>Perles irrégulières sans trou</p>
<p>Mesures entre 6 et 10 mm</p>
<p>Lot de 10 pièces.</p>
<p>Les couleurs varient entre le blanc, le blanc cassé, le rose tendre et le gris tendre.</p>
<p>Confirmez en appuyant sur la touche :</p>
<p>De préférence avec Led et résine UV.</p>
<p>Ou en utilisant la colle pour bijoux à 2 composants de Weicon<br />
<u><strong><br />
</strong></u>Comme il s&rsquo;agit de perles naturelles, les tailles et les formes peuvent varier légèrement d&rsquo;une perle à l&rsquo;autre.</p>
<p>&nbsp;</p>

<p>Perles irrégulières sans trou</p>
<p>Dimensions entre 6 et 10 mm</p>
<p>Lot de 10 pièces.</p>
<p>Les couleurs vont du blanc au gris en passant par le blanc cassé et le rose tendre.</p>
