{"id":19175,"date":"2025-05-02T21:30:24","date_gmt":"2025-05-02T21:30:24","guid":{"rendered":"https:\/\/esquell.eu\/product\/perle-de-culture-naturelle-semi-percee-rose-differentes-tailles\/"},"modified":"2025-05-02T21:30:24","modified_gmt":"2025-05-02T21:30:24","slug":"perle-de-culture-naturelle-semi-percee-rose-differentes-tailles","status":"publish","type":"product","link":"https:\/\/esquell.eu\/fr\/produit\/perle-de-culture-naturelle-semi-percee-rose-differentes-tailles\/","title":{"rendered":"Perle de culture naturelle semi-perc\u00e9e. Rose Diff\u00e9rentes tailles"},"content":{"rendered":"<p>Perle semi-perc\u00e9e.<br \/>\nPerle naturelle.<br \/>\nPerle cultiv\u00e9e, perle de culture.<\/p>\n<p>La partie inf\u00e9rieure, du c\u00f4t\u00e9 du trou de per\u00e7age, est l\u00e9g\u00e8rement plate.<\/p>\n<p>Comme il s&rsquo;agit de perles naturelles, les tailles et les formes peuvent varier l\u00e9g\u00e8rement d&rsquo;une perle \u00e0 l&rsquo;autre.<\/p>\n<p><strong>Traitement des perles dans l&rsquo;argile \u00e0 l&rsquo;argent \/ Art Clay Silver.<\/strong><\/p>\n<p>Utilisez pour cela un petit morceau de fil d&rsquo;argent 999 d&rsquo;environ 1 mm.<\/p>\n<p>L&rsquo;\u00e9paisseur du fil doit correspondre au diam\u00e8tre du trou de forage de la perle.<br \/>\nSi n\u00e9cessaire, vous pouvez utiliser une lime pour adapter le fil aux perles dont le trou de forage est diff\u00e9rent.<\/p>\n<p>Placez le morceau de fil de fer au bon endroit dans l&rsquo;arguile d&rsquo;argent encore humide. S\u00e9chez-la et faites-la cuire. Le retrait de l&rsquo;argile fixera le fil.  <\/p>\n<p>Collez ensuite la perle sur l&rsquo;\u00e9pingle argent\u00e9e 999 \u00e0 l&rsquo;aide d&rsquo;un peu de colle \u00e0 bijoux.<\/p>\n<p>La colle \u00e0 deux composants de Weicon convient parfaitement \u00e0 cet effet.<\/p>\n<p>&nbsp;<\/p>\n","protected":false},"excerpt":{"rendered":"<p>Perle semi-perc\u00e9e. Perles de culture naturelles.<br \/>\nrose <\/p>\n<p>Perle semi-perc\u00e9e.<br \/>\nPerle naturelle.<br \/>\nPerle cultiv\u00e9e, perle de culture.<\/p>\n<p><strong>Traitement des perles dans l&rsquo;argile \u00e0 l&rsquo;argent \/ Art Clay Silver.<\/strong><\/p>\n","protected":false},"featured_media":6466,"comment_status":"closed","ping_status":"closed","template":"","meta":{"_acf_changed":false,"_seopress_robots_primary_cat":"none","_seopress_titles_title":"","_seopress_titles_desc":"","_seopress_robots_index":""},"more":[],"product_brand":[6398],"product_cat":[14248],"product_tag":[15038,6645,6646,15965,6923,7098,6638,7590,6388,6473,6741,6404,6406,6420,7028,6378,6390,6405,8749,6565,6575,15953,8620,6372,6642,7654,7223,6402,8350,8737,15955,6641,6958,8735,6389,8355,8741,6941,6792,6409,6412,7430,8739,6738,8424,8451,6650,15950,15956,8065,6655,15948,6647,15957,6374,6785,11525,11565,6849,6653,6651,6659,7659,7662,15958,8722,8433,8733,6472,6403,8745,15947,15949,6789,7851,7650,13735,6708,6759,7031,10255,8747,7275,7428,15946,7657,6661,6567,6643,7405,6636,6726,6657,6714,7394,6665,9897,14398,15952,6485,15951,15954,15966,15961,15960,15967,15959,7279,6483,6484,7029,8743,7506,8736,15944,6663,13123,6787,7102,6408,6667],"class_list":{"0":"post-19175","1":"product","2":"type-product","3":"status-publish","4":"has-post-thumbnail","6":"product_brand-l1","7":"product_cat-perles-naturelles","8":"product_tag-voici","9":"product_tag-a","10":"product_tag-acheter","11":"product_tag-akoya","12":"product_tag-amsterdam","13":"product_tag-anneau","14":"product_tag-anneaux","15":"product_tag-argent-malleable-2","16":"product_tag-argile","17":"product_tag-argile-2","18":"product_tag-argile-3","19":"product_tag-argile-argentee","20":"product_tag-argile-aurifere","21":"product_tag-argile-bronze","22":"product_tag-argile-cuivreuse","23":"product_tag-argile-metallique","24":"product_tag-argile-metallique-2","25":"product_tag-artclay","26":"product_tag-assecoires","27":"product_tag-atelier","28":"product_tag-ateliers","29":"product_tag-bague-en-perle","30":"product_tag-base-de-connaissances","31":"product_tag-bijoux","32":"product_tag-bijoux-2","33":"product_tag-bijoux-5","34":"product_tag-bleu","35":"product_tag-bon-marche","36":"product_tag-boucle-doreille","37":"product_tag-boucle-doreille-2","38":"product_tag-boucle-doreille-en-perle","39":"product_tag-boucles-doreilles","40":"product_tag-boutique","41":"product_tag-boutique-2","42":"product_tag-boutique-en-ligne","43":"product_tag-bouton-doreille","44":"product_tag-bouton-doreille-2","45":"product_tag-brabant","46":"product_tag-bracelet","47":"product_tag-bricolage","48":"product_tag-bronze","49":"product_tag-cabochon","50":"product_tag-clous-doreilles-2","51":"product_tag-cool","52":"product_tag-cooltools","53":"product_tag-coquilles","54":"product_tag-cuivre","55":"product_tag-cultive","56":"product_tag-cultive-2","57":"product_tag-de-2","58":"product_tag-drenthe","59":"product_tag-eau-douce","60":"product_tag-en-ligne","61":"product_tag-enfilage-de-perles","62":"product_tag-faire","63":"product_tag-flevoland","64":"product_tag-fore","65":"product_tag-fore-3","66":"product_tag-formulaires","67":"product_tag-frise","68":"product_tag-groningue","69":"product_tag-gueldre","70":"product_tag-hollande-du-nord","71":"product_tag-hollande-du-sud","72":"product_tag-huitres","73":"product_tag-internet","74":"product_tag-kits-de-demarrage","75":"product_tag-kits-de-demarrage-2","76":"product_tag-lart","77":"product_tag-lor","78":"product_tag-la-texture","79":"product_tag-lapiz","80":"product_tag-lasuli","81":"product_tag-limbourg","82":"product_tag-manuel","83":"product_tag-manuels","84":"product_tag-mastic","85":"product_tag-mercerie","86":"product_tag-metal","87":"product_tag-metal-2","88":"product_tag-mm","89":"product_tag-modeles","90":"product_tag-moitie","91":"product_tag-naturel","92":"product_tag-noir-3","93":"product_tag-nop","94":"product_tag-nord","95":"product_tag-offrir","96":"product_tag-ou","97":"product_tag-outil-2","98":"product_tag-outils","99":"product_tag-outils-2","100":"product_tag-overijssel","101":"product_tag-pack-de-demarrage","102":"product_tag-pack-de-demarrage-2","103":"product_tag-pays-bas-2","104":"product_tag-perle-2","105":"product_tag-perle-4","106":"product_tag-perle-5","107":"product_tag-perles","108":"product_tag-perles-7","109":"product_tag-perles-8","110":"product_tag-perles-dakoya","111":"product_tag-perles-deau-douce","112":"product_tag-perles-de-culture","113":"product_tag-perles-de-culture-3","114":"product_tag-perles-naturelles","115":"product_tag-pierre-2","116":"product_tag-pierre-naturelle","117":"product_tag-pierre-precieuse","118":"product_tag-pmc","119":"product_tag-poncage","120":"product_tag-pour","121":"product_tag-presomptueux","122":"product_tag-reel-2","123":"product_tag-sud","124":"product_tag-synthetique-2","125":"product_tag-utrecht","126":"product_tag-vasieres","127":"product_tag-vous","128":"product_tag-zelande","129":"product_shipping_class-standard","130":"pa_afmeting-11-12mm","131":"pa_afmeting-2-3mm","132":"pa_afmeting-3-4mm","133":"pa_afmeting-4-5mm","134":"pa_afmeting-5-6mm","135":"pa_afmeting-7-8mm","136":"pa_afmeting-8-9mm","137":"pa_afmeting-9-10mm","139":"first","140":"instock","141":"taxable","142":"shipping-taxable","143":"purchasable","144":"product-type-variable"},"acf":[],"_links":{"self":[{"href":"https:\/\/esquell.eu\/fr\/wp-json\/wp\/v2\/product\/19175","targetHints":{"allow":["GET"]}}],"collection":[{"href":"https:\/\/esquell.eu\/fr\/wp-json\/wp\/v2\/product"}],"about":[{"href":"https:\/\/esquell.eu\/fr\/wp-json\/wp\/v2\/types\/product"}],"replies":[{"embeddable":true,"href":"https:\/\/esquell.eu\/fr\/wp-json\/wp\/v2\/comments?post=19175"}],"wp:featuredmedia":[{"embeddable":true,"href":"https:\/\/esquell.eu\/fr\/wp-json\/wp\/v2\/media\/6466"}],"wp:attachment":[{"href":"https:\/\/esquell.eu\/fr\/wp-json\/wp\/v2\/media?parent=19175"}],"wp:term":[{"taxonomy":"more","embeddable":true,"href":"https:\/\/esquell.eu\/fr\/wp-json\/wp\/v2\/more?post=19175"},{"taxonomy":"product_brand","embeddable":true,"href":"https:\/\/esquell.eu\/fr\/wp-json\/wp\/v2\/product_brand?post=19175"},{"taxonomy":"product_cat","embeddable":true,"href":"https:\/\/esquell.eu\/fr\/wp-json\/wp\/v2\/product_cat?post=19175"},{"taxonomy":"product_tag","embeddable":true,"href":"https:\/\/esquell.eu\/fr\/wp-json\/wp\/v2\/product_tag?post=19175"}],"curies":[{"name":"wp","href":"https:\/\/api.w.org\/{rel}","templated":true}]}}

Perle de culture naturelle semi-percée. Rose Différentes tailles

<p>Perle semi-percée.<br />
Perle naturelle.<br />
Perle cultivée, perle de culture.</p>
<p>La partie inférieure, du côté du trou de perçage, est légèrement plate.</p>
<p>Comme il s&rsquo;agit de perles naturelles, les tailles et les formes peuvent varier légèrement d&rsquo;une perle à l&rsquo;autre.</p>
<p><strong>Traitement des perles dans l&rsquo;argile à l&rsquo;argent / Art Clay Silver.</strong></p>
<p>Utilisez pour cela un petit morceau de fil d&rsquo;argent 999 d&rsquo;environ 1 mm.</p>
<p>L&rsquo;épaisseur du fil doit correspondre au diamètre du trou de forage de la perle.<br />
Si nécessaire, vous pouvez utiliser une lime pour adapter le fil aux perles dont le trou de forage est différent.</p>
<p>Placez le morceau de fil de fer au bon endroit dans l&rsquo;arguile d&rsquo;argent encore humide. Séchez-la et faites-la cuire. Le retrait de l&rsquo;argile fixera le fil.  </p>
<p>Collez ensuite la perle sur l&rsquo;épingle argentée 999 à l&rsquo;aide d&rsquo;un peu de colle à bijoux.</p>
<p>La colle à deux composants de Weicon convient parfaitement à cet effet.</p>
<p>&nbsp;</p>

<p>Perle semi-percée. Perles de culture naturelles.<br />
rose </p>
<p>Perle semi-percée.<br />
Perle naturelle.<br />
Perle cultivée, perle de culture.</p>
<p><strong>Traitement des perles dans l&rsquo;argile à l&rsquo;argent / Art Clay Silver.</strong></p>
