{"id":18508,"date":"2025-08-31T08:52:36","date_gmt":"2025-08-31T08:52:36","guid":{"rendered":"https:\/\/esquell.eu\/product\/pierre-naturelle-cabochon-rond-onyx-differentes-tailles\/"},"modified":"2025-11-09T09:59:04","modified_gmt":"2025-11-09T09:59:04","slug":"pierre-naturelle-cabochon-rond-onyx-differentes-tailles","status":"publish","type":"product","link":"https:\/\/esquell.eu\/fr\/produit\/pierre-naturelle-cabochon-rond-onyx-differentes-tailles\/","title":{"rendered":"Pierre naturelle Cabochon rond Onyx Diff\u00e9rentes tailles."},"content":{"rendered":"<p>Cabochon en pierre naturelle de diff\u00e9rentes tailles<\/p>\n<p>Ovale. Fond plat <\/p>\n<p><strong>*Comme il s&rsquo;agit d&rsquo;une pierre naturelle, tous les cabochons pr\u00e9sentent des diff\u00e9rences de couleur et de motif.  <\/strong><\/p>\n<p>Dans la boutique, vous trouverez des plateaux et des bo\u00eetes \u00e0 sertir assortis en argent 925, en argent 999 et dans d&rsquo;autres m\u00e9taux,<\/p>\n<p>Des fils \u00e0 sertir en argent, en bronze et en cuivre sont \u00e9galement disponibles pour r\u00e9aliser vos propres sertissages.<\/p>\n<p>Un acier de sertissage est utilis\u00e9 pour sertir les pierres dans les sertis.<\/p>\n<p>Lorsqu&rsquo;il est utilis\u00e9 en combinaison avec l&rsquo;argile m\u00e9tallique :<\/p>\n<p>R\u00e9novation de la pierre.<\/p>\n<p>Ne faites pas cuire des pierres naturelles avec de l&rsquo;argile m\u00e9tallique. Les pierres naturelles ne r\u00e9sistent g\u00e9n\u00e9ralement pas \u00e0 la temp\u00e9rature de cuisson de l&rsquo;argile m\u00e9tallique. <\/p>\n<p>Vous souhaitez une fixation organique de l&rsquo;argile argent\u00e9e ? Utilisez alors le compos\u00e9 anti-r\u00e9tr\u00e9cissement. <\/p>\n<p>La protection de la pierre naturelle contre les temp\u00e9ratures \u00e9lev\u00e9es, par exemple lors du soudage, peut \u00eatre r\u00e9alis\u00e9e avec Technoflux<\/p>\n<p>Vous trouverez ici des colles adapt\u00e9es au collage des cabochons.<\/p>\n","protected":false},"excerpt":{"rendered":"<p>Cabochon en pierre naturelle de diff\u00e9rentes tailles<\/p>\n<p>Ovale. Fond plat <\/p>\n<p><strong>*Comme il s&rsquo;agit d&rsquo;une pierre naturelle, tous les cabochons pr\u00e9sentent des diff\u00e9rences de couleur et de motif.  <\/strong><\/p>\n<p>Pour la fabrication de bijoux<\/p>\n<p>Rose<\/p>\n","protected":false},"featured_media":8775,"comment_status":"closed","ping_status":"closed","template":"","meta":{"_acf_changed":false,"_seopress_robots_primary_cat":"none","_seopress_titles_title":"","_seopress_titles_desc":"","_seopress_robots_index":""},"more":[],"product_brand":[6398,12224],"product_cat":[12014],"product_tag":[12934,8983,12940,12898,12896,6372,9352,10341,12938,7223,12914,7418,6480,12950,13018,6409,8055,9660,12930,7430,9919,12928,12926,12575,12576,10080,12892,6374,12390,12900,12922,12902,12918,12894,12916,11577,6637,10082,6652,8211,12942,6483,12936,6484,12904,12932,7602,12910,11133,7420,12912,8351,8059,12924,8056,10996,12908],"class_list":{"0":"post-18508","1":"product","2":"type-product","3":"status-publish","4":"has-post-thumbnail","6":"product_brand-l1","7":"product_brand-mtn","8":"product_cat-cabochons-ronds","9":"product_tag-23-bijoux","10":"product_tag-artclay-argent-2","11":"product_tag-bague-en-pierre-naturelle","12":"product_tag-bijou-moderne","13":"product_tag-bijoumodern","14":"product_tag-bijoux","15":"product_tag-bijoux-diy","16":"product_tag-bijoux-en-pierre-naturelle","17":"product_tag-bijoux-en-pierre-naturelle-2","18":"product_tag-bleu","19":"product_tag-bleu-3","20":"product_tag-boite-de-reglage","21":"product_tag-boites-de-composition","22":"product_tag-boucles-doreilles-en-pierre-naturelle","23":"product_tag-boucles-doreilles-en-pierre-naturelle-2","24":"product_tag-bricolage","25":"product_tag-broche","26":"product_tag-brun","27":"product_tag-brun-2","28":"product_tag-cabochon","29":"product_tag-colle","30":"product_tag-colle-a-cabochon","31":"product_tag-colle-pour-pierres-precieuses","32":"product_tag-couronnement","33":"product_tag-dents","34":"product_tag-fabrication-de-bijoux-2","35":"product_tag-fabriquez-vos-propres-bijoux","36":"product_tag-faire","37":"product_tag-fil-de-reglage","38":"product_tag-giethoorn","39":"product_tag-guerison","40":"product_tag-lapis","41":"product_tag-lazuli","42":"product_tag-messieurs-et-mesdames","43":"product_tag-mtn","44":"product_tag-oeil-de-tigre","45":"product_tag-orfevre","46":"product_tag-orfevre-3","47":"product_tag-orfevres","48":"product_tag-pate-2","49":"product_tag-pendentif-en-pierre-naturelle","50":"product_tag-pierre-naturelle","51":"product_tag-pierre-naturelle-cabochon-2","52":"product_tag-pierre-precieuse","53":"product_tag-pierre-semi-precieuse","54":"product_tag-pierres-dagate","55":"product_tag-pierres-precieuses","56":"product_tag-pierres-precieuses-3","57":"product_tag-pierres-semi-precieuses","58":"product_tag-plateau-de-brassage","59":"product_tag-proprietes","60":"product_tag-reglage-2","61":"product_tag-reglage-des-griffes","62":"product_tag-sens","63":"product_tag-sertissage","64":"product_tag-strass-4","65":"product_tag-strass-5","66":"pa_afmeting-1014-mm","67":"pa_afmeting-10mm","68":"pa_afmeting-12mm","69":"pa_afmeting-1318-mm","70":"pa_afmeting-14mm","72":"pa_afmeting-1520mm","73":"pa_afmeting-1825-mm","74":"pa_afmeting-2030-mm","75":"pa_afmeting-20mm","76":"pa_afmeting-46-mm","77":"pa_afmeting-4mm","78":"pa_afmeting-5mm","79":"pa_afmeting-68-mm","80":"pa_afmeting-6mm","81":"pa_afmeting-79-mm","82":"pa_afmeting-810-mm","83":"pa_afmeting-8mm","85":"first","86":"instock","87":"taxable","88":"shipping-taxable","89":"purchasable","90":"product-type-variable"},"acf":[],"_links":{"self":[{"href":"https:\/\/esquell.eu\/fr\/wp-json\/wp\/v2\/product\/18508","targetHints":{"allow":["GET"]}}],"collection":[{"href":"https:\/\/esquell.eu\/fr\/wp-json\/wp\/v2\/product"}],"about":[{"href":"https:\/\/esquell.eu\/fr\/wp-json\/wp\/v2\/types\/product"}],"replies":[{"embeddable":true,"href":"https:\/\/esquell.eu\/fr\/wp-json\/wp\/v2\/comments?post=18508"}],"wp:featuredmedia":[{"embeddable":true,"href":"https:\/\/esquell.eu\/fr\/wp-json\/wp\/v2\/media\/8775"}],"wp:attachment":[{"href":"https:\/\/esquell.eu\/fr\/wp-json\/wp\/v2\/media?parent=18508"}],"wp:term":[{"taxonomy":"more","embeddable":true,"href":"https:\/\/esquell.eu\/fr\/wp-json\/wp\/v2\/more?post=18508"},{"taxonomy":"product_brand","embeddable":true,"href":"https:\/\/esquell.eu\/fr\/wp-json\/wp\/v2\/product_brand?post=18508"},{"taxonomy":"product_cat","embeddable":true,"href":"https:\/\/esquell.eu\/fr\/wp-json\/wp\/v2\/product_cat?post=18508"},{"taxonomy":"product_tag","embeddable":true,"href":"https:\/\/esquell.eu\/fr\/wp-json\/wp\/v2\/product_tag?post=18508"}],"curies":[{"name":"wp","href":"https:\/\/api.w.org\/{rel}","templated":true}]}}

Pierre naturelle Cabochon rond Onyx Différentes tailles.

<p>Cabochon en pierre naturelle de différentes tailles</p>
<p>Ovale. Fond plat </p>
<p><strong>*Comme il s&rsquo;agit d&rsquo;une pierre naturelle, tous les cabochons présentent des différences de couleur et de motif.  </strong></p>
<p>Dans la boutique, vous trouverez des plateaux et des boîtes à sertir assortis en argent 925, en argent 999 et dans d&rsquo;autres métaux,</p>
<p>Des fils à sertir en argent, en bronze et en cuivre sont également disponibles pour réaliser vos propres sertissages.</p>
<p>Un acier de sertissage est utilisé pour sertir les pierres dans les sertis.</p>
<p>Lorsqu&rsquo;il est utilisé en combinaison avec l&rsquo;argile métallique :</p>
<p>Rénovation de la pierre.</p>
<p>Ne faites pas cuire des pierres naturelles avec de l&rsquo;argile métallique. Les pierres naturelles ne résistent généralement pas à la température de cuisson de l&rsquo;argile métallique. </p>
<p>Vous souhaitez une fixation organique de l&rsquo;argile argentée ? Utilisez alors le composé anti-rétrécissement. </p>
<p>La protection de la pierre naturelle contre les températures élevées, par exemple lors du soudage, peut être réalisée avec Technoflux</p>
<p>Vous trouverez ici des colles adaptées au collage des cabochons.</p>

<p>Cabochon en pierre naturelle de différentes tailles</p>
<p>Ovale. Fond plat </p>
<p><strong>*Comme il s&rsquo;agit d&rsquo;une pierre naturelle, tous les cabochons présentent des différences de couleur et de motif.  </strong></p>
<p>Pour la fabrication de bijoux</p>
<p>Rose</p>
