{"id":18178,"date":"2025-09-05T20:24:44","date_gmt":"2025-09-05T20:24:44","guid":{"rendered":"https:\/\/esquell.eu\/product\/support-de-plateau-multifonctionnel-compact-et-clairement-agence\/"},"modified":"2025-09-05T20:24:44","modified_gmt":"2025-09-05T20:24:44","slug":"support-de-plateau-multifonctionnel-compact-et-clairement-agence","status":"publish","type":"product","link":"https:\/\/esquell.eu\/fr\/produit\/support-de-plateau-multifonctionnel-compact-et-clairement-agence\/","title":{"rendered":"Support de plateau multifonctionnel, compact et clairement agenc\u00e9"},"content":{"rendered":"<p>Gardez tous vos petits outils et accessoires bien rang\u00e9s gr\u00e2ce \u00e0 ce porte-outils intelligent et \u00e9tag\u00e9. Gr\u00e2ce aux multiples rang\u00e9es de trous, vous pouvez facilement ranger les perceuses, les meules, les brosses et autres outils de pr\u00e9cision. <\/p>\n<p>Id\u00e9al pour les bijoutiers, les mod\u00e9listes et les amateurs.<\/p>\n<p>116 petites cavit\u00e9s convenant \u00e0 de petits outils tels que des pi\u00e8ces pour dremel ou outil similaire<\/p>\n<p>Au centre, un logement pour les outils plus volumineux tels que les stylos, les pinces, les limes, etc.<\/p>\n","protected":false},"excerpt":{"rendered":"<p>Gardez tous vos petits outils et accessoires bien rang\u00e9s gr\u00e2ce \u00e0 ce porte-outils intelligent et \u00e9tag\u00e9. Gr\u00e2ce aux multiples rang\u00e9es de trous, vous pouvez facilement ranger les perceuses, les meules, les brosses et autres outils de pr\u00e9cision. Id\u00e9al pour les bijoutiers, les mod\u00e9listes et les amateurs. 116 petites cavit\u00e9s convenant \u00e0 de petits outils tels&#8230;<\/p>\n","protected":false},"featured_media":8872,"comment_status":"closed","ping_status":"closed","template":"","meta":{"_acf_changed":false,"_seopress_robots_primary_cat":"","_seopress_titles_title":"","_seopress_titles_desc":"","_seopress_robots_index":""},"more":[],"product_brand":[6398],"product_cat":[7412,7397,6366],"product_tag":[13610,16241,14458,9836,16239,7405,16240,8248,8301,10488,15194],"class_list":{"0":"post-18178","1":"product","2":"type-product","3":"status-publish","4":"has-post-thumbnail","6":"product_brand-l1","7":"product_cat-outils-de-base","8":"product_cat-pince-et-pince-a-epiler","9":"product_cat-poncage-limage-et-polissage","10":"product_tag-asseccoires","11":"product_tag-compact","12":"product_tag-dremel","13":"product_tag-multitool","14":"product_tag-organisateur","15":"product_tag-outil-2","16":"product_tag-porte-outil","17":"product_tag-pratique","18":"product_tag-precision","19":"product_tag-rotatif","20":"product_tag-titulaire","22":"first","23":"instock","24":"taxable","25":"shipping-taxable","26":"purchasable","27":"product-type-simple"},"acf":[],"_links":{"self":[{"href":"https:\/\/esquell.eu\/fr\/wp-json\/wp\/v2\/product\/18178","targetHints":{"allow":["GET"]}}],"collection":[{"href":"https:\/\/esquell.eu\/fr\/wp-json\/wp\/v2\/product"}],"about":[{"href":"https:\/\/esquell.eu\/fr\/wp-json\/wp\/v2\/types\/product"}],"replies":[{"embeddable":true,"href":"https:\/\/esquell.eu\/fr\/wp-json\/wp\/v2\/comments?post=18178"}],"wp:featuredmedia":[{"embeddable":true,"href":"https:\/\/esquell.eu\/fr\/wp-json\/wp\/v2\/media\/8872"}],"wp:attachment":[{"href":"https:\/\/esquell.eu\/fr\/wp-json\/wp\/v2\/media?parent=18178"}],"wp:term":[{"taxonomy":"more","embeddable":true,"href":"https:\/\/esquell.eu\/fr\/wp-json\/wp\/v2\/more?post=18178"},{"taxonomy":"product_brand","embeddable":true,"href":"https:\/\/esquell.eu\/fr\/wp-json\/wp\/v2\/product_brand?post=18178"},{"taxonomy":"product_cat","embeddable":true,"href":"https:\/\/esquell.eu\/fr\/wp-json\/wp\/v2\/product_cat?post=18178"},{"taxonomy":"product_tag","embeddable":true,"href":"https:\/\/esquell.eu\/fr\/wp-json\/wp\/v2\/product_tag?post=18178"}],"curies":[{"name":"wp","href":"https:\/\/api.w.org\/{rel}","templated":true}]}}

Support de plateau multifonctionnel, compact et clairement agencé

<p>Gardez tous vos petits outils et accessoires bien rangés grâce à ce porte-outils intelligent et étagé. Grâce aux multiples rangées de trous, vous pouvez facilement ranger les perceuses, les meules, les brosses et autres outils de précision. </p>
<p>Idéal pour les bijoutiers, les modélistes et les amateurs.</p>
<p>116 petites cavités convenant à de petits outils tels que des pièces pour dremel ou outil similaire</p>
<p>Au centre, un logement pour les outils plus volumineux tels que les stylos, les pinces, les limes, etc.</p>

<p>Gardez tous vos petits outils et accessoires bien rangés grâce à ce porte-outils intelligent et étagé. Grâce aux multiples rangées de trous, vous pouvez facilement ranger les perceuses, les meules, les brosses et autres outils de précision. Idéal pour les bijoutiers, les modélistes et les amateurs. 116 petites cavités convenant à de petits outils tels&#8230;</p>
