{"id":17572,"date":"2025-09-08T17:26:53","date_gmt":"2025-09-08T17:26:53","guid":{"rendered":"https:\/\/esquell.eu\/product\/perle-de-culture-perle-naturelle-3-4mm-blanchie-par-cordon\/"},"modified":"2025-11-06T12:45:50","modified_gmt":"2025-11-06T12:45:50","slug":"perle-de-culture-perle-naturelle-3-4mm-blanchie-par-cordon","status":"publish","type":"product","link":"https:\/\/esquell.eu\/fr\/produit\/perle-de-culture-perle-naturelle-3-4mm-blanchie-par-cordon\/","title":{"rendered":"Perle de culture, perle naturelle 3-4mm, blanchie ; par cordon"},"content":{"rendered":"<p>Forme : Irr\u00e9guli\u00e8re, d\u00e9chiquet\u00e9e<\/p>\n<p>Perle. Enti\u00e8rement perc\u00e9e.<br \/>\nTaille : 3 &#8211; 4mm<br \/>\nCouleur : blanc cass\u00e9 <\/p>\n<p>Perles de culture naturelles<\/p>\n<p>Emballage par brin<\/p>\n<p>Longueur du cordon : environ 32 cm<\/p>\n<p>Nombre de perles par brin environ 100<\/p>\n","protected":false},"excerpt":{"rendered":"<p>Forme : Perles Keishi irr\u00e9guli\u00e8res et fantaisistes<\/p>\n<p>Perle. Enti\u00e8rement perc\u00e9e.<br \/>\nTaille : environ 5*3,5 mm<br \/>\nCouleur : blanc cass\u00e9 <\/p>\n<p>Naturel cultiv\u00e9<\/p>\n<p>&nbsp;<\/p>\n","protected":false},"featured_media":9133,"comment_status":"closed","ping_status":"closed","template":"","meta":{"_acf_changed":false,"_seopress_robots_primary_cat":"none","_seopress_titles_title":"","_seopress_titles_desc":"","_seopress_robots_index":""},"more":[],"product_brand":[6398],"product_cat":[14248],"product_tag":[15038,6645,6646,15965,6923,7098,6638,7590,6388,6473,6741,6404,6406,6420,7028,6378,6390,6405,8749,6565,6575,15953,8620,6372,6642,7654,7223,6402,8350,8737,15955,6641,6958,8735,6389,8355,8741,6941,6792,6409,6412,7430,8739,6738,8424,8451,6650,15950,15956,8065,6655,15948,6647,15957,6374,6785,11525,11565,6849,6653,6651,6659,7659,7662,15958,8722,8433,8733,6472,6403,8745,15947,15949,6789,7851,7650,13735,6708,6759,7031,10255,8747,7275,7428,10239,15946,7657,6661,6567,6643,7405,6636,6726,6657,6714,7394,15971,6665,9897,14398,15952,15970,6485,15951,15954,15966,15961,15960,15967,15973,15959,15969,7279,6483,6484,15974,7029,8743,7506,8736,15944,11340,15968,6663,13123,6787,7102,6408,6667],"class_list":{"0":"post-17572","1":"product","2":"type-product","3":"status-publish","4":"has-post-thumbnail","6":"product_brand-l1","7":"product_cat-perles-naturelles","8":"product_tag-voici","9":"product_tag-a","10":"product_tag-acheter","11":"product_tag-akoya","12":"product_tag-amsterdam","13":"product_tag-anneau","14":"product_tag-anneaux","15":"product_tag-argent-malleable-2","16":"product_tag-argile","17":"product_tag-argile-2","18":"product_tag-argile-3","19":"product_tag-argile-argentee","20":"product_tag-argile-aurifere","21":"product_tag-argile-bronze","22":"product_tag-argile-cuivreuse","23":"product_tag-argile-metallique","24":"product_tag-argile-metallique-2","25":"product_tag-artclay","26":"product_tag-assecoires","27":"product_tag-atelier","28":"product_tag-ateliers","29":"product_tag-bague-en-perle","30":"product_tag-base-de-connaissances","31":"product_tag-bijoux","32":"product_tag-bijoux-2","33":"product_tag-bijoux-5","34":"product_tag-bleu","35":"product_tag-bon-marche","36":"product_tag-boucle-doreille","37":"product_tag-boucle-doreille-2","38":"product_tag-boucle-doreille-en-perle","39":"product_tag-boucles-doreilles","40":"product_tag-boutique","41":"product_tag-boutique-2","42":"product_tag-boutique-en-ligne","43":"product_tag-bouton-doreille","44":"product_tag-bouton-doreille-2","45":"product_tag-brabant","46":"product_tag-bracelet","47":"product_tag-bricolage","48":"product_tag-bronze","49":"product_tag-cabochon","50":"product_tag-clous-doreilles-2","51":"product_tag-cool","52":"product_tag-cooltools","53":"product_tag-coquilles","54":"product_tag-cuivre","55":"product_tag-cultive","56":"product_tag-cultive-2","57":"product_tag-de-2","58":"product_tag-drenthe","59":"product_tag-eau-douce","60":"product_tag-en-ligne","61":"product_tag-enfilage-de-perles","62":"product_tag-faire","63":"product_tag-flevoland","64":"product_tag-fore","65":"product_tag-fore-3","66":"product_tag-formulaires","67":"product_tag-frise","68":"product_tag-groningue","69":"product_tag-gueldre","70":"product_tag-hollande-du-nord","71":"product_tag-hollande-du-sud","72":"product_tag-huitres","73":"product_tag-internet","74":"product_tag-kits-de-demarrage","75":"product_tag-kits-de-demarrage-2","76":"product_tag-lart","77":"product_tag-lor","78":"product_tag-la-texture","79":"product_tag-lapiz","80":"product_tag-lasuli","81":"product_tag-limbourg","82":"product_tag-manuel","83":"product_tag-manuels","84":"product_tag-mastic","85":"product_tag-mercerie","86":"product_tag-metal","87":"product_tag-metal-2","88":"product_tag-mm","89":"product_tag-modeles","90":"product_tag-moitie","91":"product_tag-naturel","92":"product_tag-noir-2","93":"product_tag-noir-3","94":"product_tag-nop","95":"product_tag-nord","96":"product_tag-offrir","97":"product_tag-ou","98":"product_tag-outil-2","99":"product_tag-outils","100":"product_tag-outils-2","101":"product_tag-overijssel","102":"product_tag-pack-de-demarrage","103":"product_tag-pack-de-demarrage-2","104":"product_tag-paons","105":"product_tag-pays-bas-2","106":"product_tag-perle-2","107":"product_tag-perle-4","108":"product_tag-perle-5","109":"product_tag-perle-de-paon","110":"product_tag-perles","111":"product_tag-perles-7","112":"product_tag-perles-8","113":"product_tag-perles-dakoya","114":"product_tag-perles-deau-douce","115":"product_tag-perles-de-culture","116":"product_tag-perles-de-culture-3","117":"product_tag-perles-de-paon-2","118":"product_tag-perles-naturelles","119":"product_tag-perles-sombres","120":"product_tag-pierre-2","121":"product_tag-pierre-naturelle","122":"product_tag-pierre-precieuse","123":"product_tag-plume-de-paon-2","124":"product_tag-pmc","125":"product_tag-poncage","126":"product_tag-pour","127":"product_tag-presomptueux","128":"product_tag-reel-2","129":"product_tag-sombre","130":"product_tag-sombre-2","131":"product_tag-sud","132":"product_tag-synthetique-2","133":"product_tag-utrecht","134":"product_tag-vasieres","135":"product_tag-vous","136":"product_tag-zelande","137":"product_shipping_class-standard","138":"pa_afmeting-11-12mm","139":"pa_afmeting-2-3mm","140":"pa_afmeting-3-4mm","141":"pa_afmeting-4-5mm","142":"pa_afmeting-5-6mm","143":"pa_afmeting-6-7mm","144":"pa_afmeting-7-8mm","145":"pa_afmeting-8-9mm","146":"pa_afmeting-9-10mm","148":"first","149":"instock","150":"taxable","151":"shipping-taxable","152":"purchasable","153":"product-type-simple"},"acf":[],"_links":{"self":[{"href":"https:\/\/esquell.eu\/fr\/wp-json\/wp\/v2\/product\/17572","targetHints":{"allow":["GET"]}}],"collection":[{"href":"https:\/\/esquell.eu\/fr\/wp-json\/wp\/v2\/product"}],"about":[{"href":"https:\/\/esquell.eu\/fr\/wp-json\/wp\/v2\/types\/product"}],"replies":[{"embeddable":true,"href":"https:\/\/esquell.eu\/fr\/wp-json\/wp\/v2\/comments?post=17572"}],"wp:featuredmedia":[{"embeddable":true,"href":"https:\/\/esquell.eu\/fr\/wp-json\/wp\/v2\/media\/9133"}],"wp:attachment":[{"href":"https:\/\/esquell.eu\/fr\/wp-json\/wp\/v2\/media?parent=17572"}],"wp:term":[{"taxonomy":"more","embeddable":true,"href":"https:\/\/esquell.eu\/fr\/wp-json\/wp\/v2\/more?post=17572"},{"taxonomy":"product_brand","embeddable":true,"href":"https:\/\/esquell.eu\/fr\/wp-json\/wp\/v2\/product_brand?post=17572"},{"taxonomy":"product_cat","embeddable":true,"href":"https:\/\/esquell.eu\/fr\/wp-json\/wp\/v2\/product_cat?post=17572"},{"taxonomy":"product_tag","embeddable":true,"href":"https:\/\/esquell.eu\/fr\/wp-json\/wp\/v2\/product_tag?post=17572"}],"curies":[{"name":"wp","href":"https:\/\/api.w.org\/{rel}","templated":true}]}}

<p>Forme : Irrégulière, déchiquetée</p>
<p>Perle. Entièrement percée.<br />
Taille : 3 &#8211; 4mm<br />
Couleur : blanc cassé </p>
<p>Perles de culture naturelles</p>
<p>Emballage par brin</p>
<p>Longueur du cordon : environ 32 cm</p>
<p>Nombre de perles par brin environ 100</p>

<p>Forme : Perles Keishi irrégulières et fantaisistes</p>
<p>Perle. Entièrement percée.<br />
Taille : environ 5*3,5 mm<br />
Couleur : blanc cassé </p>
<p>Naturel cultivé</p>
<p>&nbsp;</p>
