{"id":16962,"date":"2025-09-11T08:41:18","date_gmt":"2025-09-11T08:41:18","guid":{"rendered":"https:\/\/esquell.eu\/product\/cabochon-en-verre-dichroique-bleu-fonce-opalecent-10-14-mm\/"},"modified":"2025-11-09T10:08:28","modified_gmt":"2025-11-09T10:08:28","slug":"cabochon-en-verre-dichroique-bleu-fonce-opalecent-10-14-mm","status":"publish","type":"product","link":"https:\/\/esquell.eu\/fr\/produit\/cabochon-en-verre-dichroique-bleu-fonce-opalecent-10-14-mm\/","title":{"rendered":"Cabochon en verre dichro\u00efque bleu fonc\u00e9 opalecent 10-14 mm"},"content":{"rendered":"<p>Les cabochons en verre conviennent \u00e0 la cuisson en p\u00e2te \u00e0 modeler.<\/p>\n<p>Cabochons en verre dichro\u00efque<\/p>\n<p>Les cabochons en verre \u00e9tant fabriqu\u00e9s \u00e0 la main, ils peuvent pr\u00e9senter de l\u00e9g\u00e8res diff\u00e9rences de taille.<\/p>\n","protected":false},"excerpt":{"rendered":"<p>Les cabochons en verre conviennent \u00e0 la cuisson en p\u00e2te \u00e0 modeler.<\/p>\n<p>Cabochons en verre dichro\u00efque<\/p>\n<p>Les cabochons en verre \u00e9tant fabriqu\u00e9s \u00e0 la main, ils peuvent pr\u00e9senter de l\u00e9g\u00e8res diff\u00e9rences de taille.<\/p>\n","protected":false},"featured_media":9445,"comment_status":"closed","ping_status":"closed","template":"","meta":{"_acf_changed":false,"_seopress_robots_primary_cat":"none","_seopress_titles_title":"","_seopress_titles_desc":"","_seopress_robots_index":""},"more":[],"product_brand":[6736],"product_cat":[12014,11931],"product_tag":[12037,12026,12032,12185,6378,6390,9668,6372,7430,10907,10955,12035,11090,10804,10959,15698,6374,12019,6859,6849,12015,12023,12041,7398,6652,6644,6428,7403,6483,12030,11078,7426,7774,10996,10802,10963,12033],"class_list":{"0":"post-16962","1":"product","2":"type-product","3":"status-publish","4":"has-post-thumbnail","6":"product_brand-des-outils-sympas","7":"product_cat-cabochons-ronds","8":"product_cat-nouveau","9":"product_tag-a-facettes","10":"product_tag-ambre","11":"product_tag-ambre-2","12":"product_tag-ambre-3","13":"product_tag-argile-metallique","14":"product_tag-argile-metallique-2","15":"product_tag-autour-de","16":"product_tag-bijoux","17":"product_tag-cabochon","18":"product_tag-cabochon-en-verre","19":"product_tag-cabochons-en-verre","20":"product_tag-cabocon","21":"product_tag-carre-3","22":"product_tag-dichro","23":"product_tag-dichroique","24":"product_tag-dicro","25":"product_tag-faire","26":"product_tag-fond","27":"product_tag-formulaire","28":"product_tag-formulaires","29":"product_tag-fournitures-pour-bijoux-5","30":"product_tag-jaspe","31":"product_tag-jaspe-2","32":"product_tag-mettre","33":"product_tag-orfevres","34":"product_tag-pieces","35":"product_tag-pierre","36":"product_tag-pierre-de-taille","37":"product_tag-pierre-naturelle","38":"product_tag-pierre-naturelle-cabochon","39":"product_tag-plat-2","40":"product_tag-reglage","41":"product_tag-resine","42":"product_tag-strass-4","43":"product_tag-verre-2","44":"product_tag-verre-dichroique","45":"product_tag-wieber","46":"pa_doorsnede-10mm","47":"pa_doorsnede-15mm","48":"pa_doorsnede-4mm","49":"pa_doorsnede-5mm","50":"pa_doorsnede-6mm","51":"pa_doorsnede-8mm","53":"first","54":"instock","55":"taxable","56":"shipping-taxable","57":"purchasable","58":"product-type-simple"},"acf":[],"_links":{"self":[{"href":"https:\/\/esquell.eu\/fr\/wp-json\/wp\/v2\/product\/16962","targetHints":{"allow":["GET"]}}],"collection":[{"href":"https:\/\/esquell.eu\/fr\/wp-json\/wp\/v2\/product"}],"about":[{"href":"https:\/\/esquell.eu\/fr\/wp-json\/wp\/v2\/types\/product"}],"replies":[{"embeddable":true,"href":"https:\/\/esquell.eu\/fr\/wp-json\/wp\/v2\/comments?post=16962"}],"wp:featuredmedia":[{"embeddable":true,"href":"https:\/\/esquell.eu\/fr\/wp-json\/wp\/v2\/media\/9445"}],"wp:attachment":[{"href":"https:\/\/esquell.eu\/fr\/wp-json\/wp\/v2\/media?parent=16962"}],"wp:term":[{"taxonomy":"more","embeddable":true,"href":"https:\/\/esquell.eu\/fr\/wp-json\/wp\/v2\/more?post=16962"},{"taxonomy":"product_brand","embeddable":true,"href":"https:\/\/esquell.eu\/fr\/wp-json\/wp\/v2\/product_brand?post=16962"},{"taxonomy":"product_cat","embeddable":true,"href":"https:\/\/esquell.eu\/fr\/wp-json\/wp\/v2\/product_cat?post=16962"},{"taxonomy":"product_tag","embeddable":true,"href":"https:\/\/esquell.eu\/fr\/wp-json\/wp\/v2\/product_tag?post=16962"}],"curies":[{"name":"wp","href":"https:\/\/api.w.org\/{rel}","templated":true}]}}

Cabochon en verre dichroïque bleu foncé opalecent 10-14 mm

<p>Les cabochons en verre conviennent à la cuisson en pâte à modeler.</p>
<p>Cabochons en verre dichroïque</p>
<p>Les cabochons en verre étant fabriqués à la main, ils peuvent présenter de légères différences de taille.</p>
