{"id":15730,"date":"2025-04-03T09:21:38","date_gmt":"2025-04-03T09:21:38","guid":{"rendered":"https:\/\/esquell.eu\/product\/plaques-a-decouper-flexi\/"},"modified":"2025-04-03T09:21:38","modified_gmt":"2025-04-03T09:21:38","slug":"plaques-a-decouper-flexi","status":"publish","type":"product","link":"https:\/\/esquell.eu\/fr\/produit\/plaques-a-decouper-flexi\/","title":{"rendered":"Plaques \u00e0 d\u00e9couper Flexi"},"content":{"rendered":"<p>Avec Flexi Carving, vous cr\u00e9ez votre propre tapis de texture pour l&rsquo;argile m\u00e9tallique.<\/p>\n<p>Utilisez les mini <strong><u>lames de gravure<\/u><\/strong> pour appliquer les motifs.<\/p>\n<p>Les deux c\u00f4t\u00e9s de la plaque peuvent \u00eatre utilis\u00e9s.<\/p>\n<p>Les textures d\u00e9coup\u00e9es permettent de cr\u00e9er de magnifiques motifs pour la texture de l&rsquo;argile m\u00e9tallique. Elles conviennent \u00e9galement \u00e0 la cr\u00e9ation de motifs pour l&rsquo;\u00e9maillage ou l&rsquo;incrustation. <\/p>\n<p>Dessinez votre motif au crayon ou au stylo, ou d\u00e9coupez \u00e0 main lev\u00e9e.<\/p>\n<p>La taille de la plaque est de 7,5* 7,5 et l&rsquo;\u00e9paisseur est de 1,2 mm.<\/p>\n<p>Aucun agent antiadh\u00e9sif n&rsquo;est n\u00e9cessaire lorsqu&rsquo;il est utilis\u00e9 avec de l&rsquo;argile m\u00e9tallique.<\/p>\n","protected":false},"excerpt":{"rendered":"<p>Avec Flexi Carving, vous cr\u00e9ez votre propre tapis de texture pour l&rsquo;argile m\u00e9tallique.<\/p>\n<p>Utilisez les mini <a href=\"https:\/\/www.esquell.nl\/p\/mini-mesjes-voor-graveren\"><strong><u>lames de gravure<\/u><\/strong><\/a> pour appliquer les motifs.<\/p>\n<p>&nbsp;<\/p>\n<p>Les deux c\u00f4t\u00e9s de la plaque peuvent \u00eatre utilis\u00e9s.<\/p>\n<p>&nbsp;<\/p>\n<p>Les textures d\u00e9coup\u00e9es permettent de cr\u00e9er de magnifiques motifs pour la texture de l&rsquo;argile m\u00e9tallique. Elles conviennent \u00e9galement \u00e0 la cr\u00e9ation de motifs pour l&rsquo;\u00e9maillage ou l&rsquo;incrustation. <\/p>\n<p>&nbsp;<\/p>\n<p>Dessinez votre motif au crayon ou au stylo, ou d\u00e9coupez \u00e0 main lev\u00e9e.<\/p>\n<p>La taille de la plaque est de 7,5* 7,5 et l&rsquo;\u00e9paisseur est de 1,2 mm.<\/p>\n<p>&nbsp;<\/p>\n<p>Aucun agent antiadh\u00e9sif n&rsquo;est n\u00e9cessaire lorsqu&rsquo;il est utilis\u00e9 avec de l&rsquo;argile m\u00e9tallique.<\/p>\n","protected":false},"featured_media":7524,"comment_status":"closed","ping_status":"closed","template":"","meta":{"_acf_changed":false,"_seopress_robots_primary_cat":"none","_seopress_titles_title":"","_seopress_titles_desc":"","_seopress_robots_index":""},"more":[],"product_brand":[6736],"product_cat":[7504,6364],"product_tag":[6409,8457,6374,15053,15026,15051,15056,14735,15058,11337,7427,7431,6408],"class_list":{"0":"post-15730","1":"product","2":"type-product","3":"status-publish","4":"has-post-thumbnail","6":"product_brand-des-outils-sympas","7":"product_cat-argile","8":"product_cat-materiel-supplementaire","9":"product_tag-bricolage","10":"product_tag-couper","11":"product_tag-faire","12":"product_tag-flexi","13":"product_tag-modeles-2","14":"product_tag-sculpture","15":"product_tag-secours","16":"product_tag-silicone","17":"product_tag-tapis","18":"product_tag-tapis-de-texture","19":"product_tag-textures","20":"product_tag-timbres","21":"product_tag-vous","22":"product_shipping_class-standard","24":"first","25":"instock","26":"taxable","27":"shipping-taxable","28":"purchasable","29":"product-type-simple"},"acf":[],"_links":{"self":[{"href":"https:\/\/esquell.eu\/fr\/wp-json\/wp\/v2\/product\/15730","targetHints":{"allow":["GET"]}}],"collection":[{"href":"https:\/\/esquell.eu\/fr\/wp-json\/wp\/v2\/product"}],"about":[{"href":"https:\/\/esquell.eu\/fr\/wp-json\/wp\/v2\/types\/product"}],"replies":[{"embeddable":true,"href":"https:\/\/esquell.eu\/fr\/wp-json\/wp\/v2\/comments?post=15730"}],"wp:featuredmedia":[{"embeddable":true,"href":"https:\/\/esquell.eu\/fr\/wp-json\/wp\/v2\/media\/7524"}],"wp:attachment":[{"href":"https:\/\/esquell.eu\/fr\/wp-json\/wp\/v2\/media?parent=15730"}],"wp:term":[{"taxonomy":"more","embeddable":true,"href":"https:\/\/esquell.eu\/fr\/wp-json\/wp\/v2\/more?post=15730"},{"taxonomy":"product_brand","embeddable":true,"href":"https:\/\/esquell.eu\/fr\/wp-json\/wp\/v2\/product_brand?post=15730"},{"taxonomy":"product_cat","embeddable":true,"href":"https:\/\/esquell.eu\/fr\/wp-json\/wp\/v2\/product_cat?post=15730"},{"taxonomy":"product_tag","embeddable":true,"href":"https:\/\/esquell.eu\/fr\/wp-json\/wp\/v2\/product_tag?post=15730"}],"curies":[{"name":"wp","href":"https:\/\/api.w.org\/{rel}","templated":true}]}}

Plaques à découper Flexi

<p>Avec Flexi Carving, vous créez votre propre tapis de texture pour l&rsquo;argile métallique.</p>
<p>Utilisez les mini <strong><u>lames de gravure</u></strong> pour appliquer les motifs.</p>
<p>Les deux côtés de la plaque peuvent être utilisés.</p>
<p>Les textures découpées permettent de créer de magnifiques motifs pour la texture de l&rsquo;argile métallique. Elles conviennent également à la création de motifs pour l&rsquo;émaillage ou l&rsquo;incrustation. </p>
<p>Dessinez votre motif au crayon ou au stylo, ou découpez à main levée.</p>
<p>La taille de la plaque est de 7,5* 7,5 et l&rsquo;épaisseur est de 1,2 mm.</p>
<p>Aucun agent antiadhésif n&rsquo;est nécessaire lorsqu&rsquo;il est utilisé avec de l&rsquo;argile métallique.</p>

<p>Avec Flexi Carving, vous créez votre propre tapis de texture pour l&rsquo;argile métallique.</p>
<p>Utilisez les mini <a href="https://www.esquell.nl/p/mini-mesjes-voor-graveren"><strong><u>lames de gravure</u></strong></a> pour appliquer les motifs.</p>
<p>&nbsp;</p>
<p>Les deux côtés de la plaque peuvent être utilisés.</p>
<p>&nbsp;</p>
<p>Les textures découpées permettent de créer de magnifiques motifs pour la texture de l&rsquo;argile métallique. Elles conviennent également à la création de motifs pour l&rsquo;émaillage ou l&rsquo;incrustation. </p>
<p>&nbsp;</p>
<p>Dessinez votre motif au crayon ou au stylo, ou découpez à main levée.</p>
<p>La taille de la plaque est de 7,5* 7,5 et l&rsquo;épaisseur est de 1,2 mm.</p>
<p>&nbsp;</p>
<p>Aucun agent antiadhésif n&rsquo;est nécessaire lorsqu&rsquo;il est utilisé avec de l&rsquo;argile métallique.</p>
