{"id":15517,"date":"2025-04-03T09:22:03","date_gmt":"2025-04-03T09:22:03","guid":{"rendered":"https:\/\/esquell.eu\/product\/dossier-professionnel-pour-les-plastiques-les-matieres-plastiques-et-les-metaux\/"},"modified":"2025-04-03T09:22:03","modified_gmt":"2025-04-03T09:22:03","slug":"dossier-professionnel-pour-les-plastiques-les-matieres-plastiques-et-les-metaux","status":"publish","type":"product","link":"https:\/\/esquell.eu\/fr\/produit\/dossier-professionnel-pour-les-plastiques-les-matieres-plastiques-et-les-metaux\/","title":{"rendered":"Dossier professionnel pour les plastiques, les mati\u00e8res plastiques et les m\u00e9taux"},"content":{"rendered":"<p>Lime professionnelle pour limer les plastiques, les mati\u00e8res plastiques et les m\u00e9taux<\/p>\n<p>Taille 230*16*3 mm<\/p>\n<p>2 grosseurs diff\u00e9rentes<\/p>\n<p>Convient parfaitement au travail avec la r\u00e9sine UV et la r\u00e9sine Led_Resin<\/p>\n","protected":false},"excerpt":{"rendered":"<p>Lime professionnelle pour limer les plastiques, les mati\u00e8res plastiques et les m\u00e9taux<\/p>\n<p>Taille 230*16*3 mm<\/p>\n<p>2 grosseurs diff\u00e9rentes<\/p>\n<p>Convient parfaitement au travail avec la r\u00e9sine UV et la r\u00e9sine Led_Resin<\/p>\n<p>&nbsp;<\/p>\n<p>&nbsp;<\/p>\n<p>&nbsp;<\/p>\n<p>&nbsp;<\/p>\n","protected":false},"featured_media":7467,"comment_status":"closed","ping_status":"closed","template":"","meta":{"_acf_changed":false,"_seopress_robots_primary_cat":"none","_seopress_titles_title":"","_seopress_titles_desc":"","_seopress_robots_index":""},"more":[],"product_brand":[6382],"product_cat":[6366],"product_tag":[8441,6372,9797,6374,14618,10192,14624,9124,6381,14622,7405,7926,8678,14619,14626,6749,8603,9894,9896,6443,14620],"class_list":{"0":"post-15517","1":"product","2":"type-product","3":"status-publish","4":"has-post-thumbnail","6":"product_brand-acs","7":"product_cat-poncage-limage-et-polissage","8":"product_tag-3d","9":"product_tag-bijoux","10":"product_tag-epoxy","11":"product_tag-faire","12":"product_tag-fichier","13":"product_tag-fichiers","14":"product_tag-impression-3d","15":"product_tag-imprimer-2","16":"product_tag-japon","17":"product_tag-limpression","18":"product_tag-outil-2","19":"product_tag-plastique","20":"product_tag-plastique-2","21":"product_tag-plastiques","22":"product_tag-pour-la-resine","23":"product_tag-professionnel","24":"product_tag-professionnel-3","25":"product_tag-resine-2","26":"product_tag-resine-acrylique","27":"product_tag-resine-uv","28":"product_tag-resine-lumiere","29":"product_shipping_class-standard","31":"first","32":"instock","33":"taxable","34":"shipping-taxable","35":"purchasable","36":"product-type-simple"},"acf":[],"_links":{"self":[{"href":"https:\/\/esquell.eu\/fr\/wp-json\/wp\/v2\/product\/15517","targetHints":{"allow":["GET"]}}],"collection":[{"href":"https:\/\/esquell.eu\/fr\/wp-json\/wp\/v2\/product"}],"about":[{"href":"https:\/\/esquell.eu\/fr\/wp-json\/wp\/v2\/types\/product"}],"replies":[{"embeddable":true,"href":"https:\/\/esquell.eu\/fr\/wp-json\/wp\/v2\/comments?post=15517"}],"wp:featuredmedia":[{"embeddable":true,"href":"https:\/\/esquell.eu\/fr\/wp-json\/wp\/v2\/media\/7467"}],"wp:attachment":[{"href":"https:\/\/esquell.eu\/fr\/wp-json\/wp\/v2\/media?parent=15517"}],"wp:term":[{"taxonomy":"more","embeddable":true,"href":"https:\/\/esquell.eu\/fr\/wp-json\/wp\/v2\/more?post=15517"},{"taxonomy":"product_brand","embeddable":true,"href":"https:\/\/esquell.eu\/fr\/wp-json\/wp\/v2\/product_brand?post=15517"},{"taxonomy":"product_cat","embeddable":true,"href":"https:\/\/esquell.eu\/fr\/wp-json\/wp\/v2\/product_cat?post=15517"},{"taxonomy":"product_tag","embeddable":true,"href":"https:\/\/esquell.eu\/fr\/wp-json\/wp\/v2\/product_tag?post=15517"}],"curies":[{"name":"wp","href":"https:\/\/api.w.org\/{rel}","templated":true}]}}

Dossier professionnel pour les plastiques, les matières plastiques et les métaux

<p>Lime professionnelle pour limer les plastiques, les matières plastiques et les métaux</p>
<p>Taille 230*16*3 mm</p>
<p>2 grosseurs différentes</p>
<p>Convient parfaitement au travail avec la résine UV et la résine Led_Resin</p>

<p>Lime professionnelle pour limer les plastiques, les matières plastiques et les métaux</p>
<p>Taille 230*16*3 mm</p>
<p>2 grosseurs différentes</p>
<p>Convient parfaitement au travail avec la résine UV et la résine Led_Resin</p>
<p>&nbsp;</p>
<p>&nbsp;</p>
<p>&nbsp;</p>
<p>&nbsp;</p>
