{"id":15506,"date":"2025-04-03T09:22:03","date_gmt":"2025-04-03T09:22:03","guid":{"rendered":"https:\/\/esquell.eu\/product\/micro-couteau-16-mm\/"},"modified":"2025-04-03T09:22:03","modified_gmt":"2025-04-03T09:22:03","slug":"micro-couteau-16-mm","status":"publish","type":"product","link":"https:\/\/esquell.eu\/fr\/produit\/micro-couteau-16-mm\/","title":{"rendered":"Micro-couteau 1,6 mm"},"content":{"rendered":"<p>Micro-couteau 1,6 mm<\/p>\n<p>Micro-couteau professionnel en acier rapide.<\/p>\n<p>Queue 2,35 mm<\/p>\n<p>Couteau de qualit\u00e9 pour la gravure, la sculpture et le routage m\u00e9ticuleux dans l&rsquo;argile, le bois, le plastique et les m\u00e9taux doux tels que l&rsquo;argent.<\/p>\n<p>Convient au mandrin de perceuse, \u00e0 la perceuse \u00e0 main ou aux outils rotatifs tels que dremel ou d&rsquo;autres marques d&rsquo;outils multi-fonctionnels.<\/p>\n<p>&nbsp;<\/p>\n","protected":false},"excerpt":{"rendered":"<p>Micro-couteau 1,6 mm<\/p>\n<p>Micro-couteau professionnel en acier rapide.<\/p>\n<p>Queue 2,35 mm<\/p>\n<p>Couteau de qualit\u00e9 pour la gravure, la sculpture et le d\u00e9tourage m\u00e9ticuleux dans l&rsquo;argile, le bois, le plastique et les m\u00e9taux tendres tels que l&rsquo;argent.<\/p>\n<p>Convient au mandrin de perceuse, \u00e0 la perceuse \u00e0 main ou aux outils rotatifs tels que dremel ou d&rsquo;autres marques d&rsquo;outils multiples.<\/p>\n<p>Mandrin de 2,35 mm de diam\u00e8tre.<\/p>\n<p>&nbsp;<\/p>\n<p>&nbsp;<\/p>\n","protected":false},"featured_media":4321,"comment_status":"closed","ping_status":"closed","template":"","meta":{"_acf_changed":false,"_seopress_robots_primary_cat":"none","_seopress_titles_title":"","_seopress_titles_desc":"","_seopress_robots_index":""},"more":[],"product_brand":[6398],"product_cat":[7504,10216,6366],"product_tag":[9296,8450,6645,6646,6386,14502,6378,6393,6396,6372,6958,6389,6796,6409,6706,14611,6743,13289,6374,6635,14609,6401,7479,14613,6381,10354,6559,6400,6759,9105,6821,10255,6643,6636,6391],"class_list":{"0":"post-15506","1":"product","2":"type-product","3":"status-publish","4":"has-post-thumbnail","6":"product_brand-l1","7":"product_cat-argile","8":"product_cat-metal","9":"product_cat-poncage-limage-et-polissage","10":"product_tag-9296","11":"product_tag-8450","12":"product_tag-a","13":"product_tag-acheter","14":"product_tag-aida","15":"product_tag-arbre-2","16":"product_tag-argile-metallique","17":"product_tag-belgique","18":"product_tag-belgique-2","19":"product_tag-bijoux","20":"product_tag-boutique","21":"product_tag-boutique-en-ligne","22":"product_tag-boutique-en-ligne-2","23":"product_tag-bricolage","24":"product_tag-commerce-de-gros","25":"product_tag-cutter-3","26":"product_tag-distributeur","27":"product_tag-editer","28":"product_tag-faire","29":"product_tag-fournitures","30":"product_tag-fraisage","31":"product_tag-france","32":"product_tag-france-2","33":"product_tag-hss","34":"product_tag-japon","35":"product_tag-leurope-2","36":"product_tag-lignes-dartisanat","37":"product_tag-luxembourg","38":"product_tag-metal","39":"product_tag-micro","40":"product_tag-mini","41":"product_tag-mm","42":"product_tag-ou","43":"product_tag-outils","44":"product_tag-pays-bas","45":"product_shipping_class-standard","47":"first","48":"instock","49":"taxable","50":"shipping-taxable","51":"purchasable","52":"product-type-simple"},"acf":[],"_links":{"self":[{"href":"https:\/\/esquell.eu\/fr\/wp-json\/wp\/v2\/product\/15506","targetHints":{"allow":["GET"]}}],"collection":[{"href":"https:\/\/esquell.eu\/fr\/wp-json\/wp\/v2\/product"}],"about":[{"href":"https:\/\/esquell.eu\/fr\/wp-json\/wp\/v2\/types\/product"}],"replies":[{"embeddable":true,"href":"https:\/\/esquell.eu\/fr\/wp-json\/wp\/v2\/comments?post=15506"}],"wp:featuredmedia":[{"embeddable":true,"href":"https:\/\/esquell.eu\/fr\/wp-json\/wp\/v2\/media\/4321"}],"wp:attachment":[{"href":"https:\/\/esquell.eu\/fr\/wp-json\/wp\/v2\/media?parent=15506"}],"wp:term":[{"taxonomy":"more","embeddable":true,"href":"https:\/\/esquell.eu\/fr\/wp-json\/wp\/v2\/more?post=15506"},{"taxonomy":"product_brand","embeddable":true,"href":"https:\/\/esquell.eu\/fr\/wp-json\/wp\/v2\/product_brand?post=15506"},{"taxonomy":"product_cat","embeddable":true,"href":"https:\/\/esquell.eu\/fr\/wp-json\/wp\/v2\/product_cat?post=15506"},{"taxonomy":"product_tag","embeddable":true,"href":"https:\/\/esquell.eu\/fr\/wp-json\/wp\/v2\/product_tag?post=15506"}],"curies":[{"name":"wp","href":"https:\/\/api.w.org\/{rel}","templated":true}]}}

<p>Micro-couteau 1,6 mm</p>
<p>Micro-couteau professionnel en acier rapide.</p>
<p>Queue 2,35 mm</p>
<p>Couteau de qualité pour la gravure, la sculpture et le routage méticuleux dans l&rsquo;argile, le bois, le plastique et les métaux doux tels que l&rsquo;argent.</p>
<p>Convient au mandrin de perceuse, à la perceuse à main ou aux outils rotatifs tels que dremel ou d&rsquo;autres marques d&rsquo;outils multi-fonctionnels.</p>
<p>&nbsp;</p>

<p>Micro-couteau 1,6 mm</p>
<p>Micro-couteau professionnel en acier rapide.</p>
<p>Queue 2,35 mm</p>
<p>Couteau de qualité pour la gravure, la sculpture et le détourage méticuleux dans l&rsquo;argile, le bois, le plastique et les métaux tendres tels que l&rsquo;argent.</p>
<p>Convient au mandrin de perceuse, à la perceuse à main ou aux outils rotatifs tels que dremel ou d&rsquo;autres marques d&rsquo;outils multiples.</p>
<p>Mandrin de 2,35 mm de diamètre.</p>
<p>&nbsp;</p>
<p>&nbsp;</p>
