{"id":15496,"date":"2025-04-03T09:22:03","date_gmt":"2025-04-03T09:22:03","guid":{"rendered":"https:\/\/esquell.eu\/product\/brosse-en-acier-inoxydable-eiger-super-fine-double-face-f-0276\/"},"modified":"2025-12-22T11:10:42","modified_gmt":"2025-12-22T11:10:42","slug":"brosse-en-acier-inoxydable-eiger-super-fine-double-face-f-0276","status":"publish","type":"product","link":"https:\/\/esquell.eu\/fr\/produit\/brosse-en-acier-inoxydable-eiger-super-fine-double-face-f-0276\/","title":{"rendered":"Brosse en acier inoxydable Eiger Super Fine Double Face F-0276"},"content":{"rendered":"<p>Les poils m\u00e9talliques ont un diam\u00e8tre de 0,05 mm et sont creux \u00e0 l&rsquo;int\u00e9rieur.<\/p>\n<p>Le pinceau mesure 110 x 3 mm, p\u00e8se 5 grammes et est double face.<\/p>\n","protected":false},"excerpt":{"rendered":"<p>Les poils m\u00e9talliques ont un diam\u00e8tre de 0,05 mm et sont creux \u00e0 l&rsquo;int\u00e9rieur. Le pinceau mesure 110 x 3 mm, p\u00e8se 5 grammes et est double face. <\/p>\n","protected":false},"featured_media":15497,"comment_status":"closed","ping_status":"closed","template":"","meta":{"_acf_changed":false,"_seopress_robots_primary_cat":"none","_seopress_titles_title":"","_seopress_titles_desc":"","_seopress_robots_index":""},"more":[],"product_brand":[6382],"product_cat":[6366],"product_tag":[7409,6386,7016,6372,6642,8179,14586,14591,6650,14587,6635,6381,8682,6559,6759,6636,6536,7933,6644,10185,8861,7506,8301,8304,14589],"class_list":{"0":"post-15496","1":"product","2":"type-product","3":"status-publish","4":"has-post-thumbnail","6":"product_brand-acs","7":"product_cat-poncage-limage-et-polissage","8":"product_tag-acier","9":"product_tag-aida","10":"product_tag-amende-2","11":"product_tag-bijoux","12":"product_tag-bijoux-2","13":"product_tag-brosse","14":"product_tag-brosse-a-polir-2","15":"product_tag-brosses-2","16":"product_tag-cuivre","17":"product_tag-exactement","18":"product_tag-fournitures","19":"product_tag-japon","20":"product_tag-laiton","21":"product_tag-lignes-dartisanat","22":"product_tag-metal","23":"product_tag-outils","24":"product_tag-petit","25":"product_tag-petit-2","26":"product_tag-pieces","27":"product_tag-polir-3","28":"product_tag-polissage","29":"product_tag-pour","30":"product_tag-precision","31":"product_tag-travail","32":"product_tag-travaux","33":"product_shipping_class-standard","35":"first","36":"instock","37":"taxable","38":"shipping-taxable","39":"purchasable","40":"product-type-simple"},"acf":[],"_links":{"self":[{"href":"https:\/\/esquell.eu\/fr\/wp-json\/wp\/v2\/product\/15496","targetHints":{"allow":["GET"]}}],"collection":[{"href":"https:\/\/esquell.eu\/fr\/wp-json\/wp\/v2\/product"}],"about":[{"href":"https:\/\/esquell.eu\/fr\/wp-json\/wp\/v2\/types\/product"}],"replies":[{"embeddable":true,"href":"https:\/\/esquell.eu\/fr\/wp-json\/wp\/v2\/comments?post=15496"}],"wp:featuredmedia":[{"embeddable":true,"href":"https:\/\/esquell.eu\/fr\/wp-json\/wp\/v2\/media\/15497"}],"wp:attachment":[{"href":"https:\/\/esquell.eu\/fr\/wp-json\/wp\/v2\/media?parent=15496"}],"wp:term":[{"taxonomy":"more","embeddable":true,"href":"https:\/\/esquell.eu\/fr\/wp-json\/wp\/v2\/more?post=15496"},{"taxonomy":"product_brand","embeddable":true,"href":"https:\/\/esquell.eu\/fr\/wp-json\/wp\/v2\/product_brand?post=15496"},{"taxonomy":"product_cat","embeddable":true,"href":"https:\/\/esquell.eu\/fr\/wp-json\/wp\/v2\/product_cat?post=15496"},{"taxonomy":"product_tag","embeddable":true,"href":"https:\/\/esquell.eu\/fr\/wp-json\/wp\/v2\/product_tag?post=15496"}],"curies":[{"name":"wp","href":"https:\/\/api.w.org\/{rel}","templated":true}]}}

<p>Les poils métalliques ont un diamètre de 0,05 mm et sont creux à l&rsquo;intérieur.</p>
<p>Le pinceau mesure 110 x 3 mm, pèse 5 grammes et est double face.</p>

<p>Les poils métalliques ont un diamètre de 0,05 mm et sont creux à l&rsquo;intérieur. Le pinceau mesure 110 x 3 mm, pèse 5 grammes et est double face. </p>
