{"id":15349,"date":"2025-04-03T09:14:17","date_gmt":"2025-04-03T09:14:17","guid":{"rendered":"https:\/\/esquell.eu\/product\/bouchon-de-perle-en-argent-925-interieur-en-caoutchouc\/"},"modified":"2025-04-03T09:14:17","modified_gmt":"2025-04-03T09:14:17","slug":"bouchon-de-perle-en-argent-925-interieur-en-caoutchouc","status":"publish","type":"product","link":"https:\/\/esquell.eu\/fr\/produit\/bouchon-de-perle-en-argent-925-interieur-en-caoutchouc\/","title":{"rendered":"Bouchon de perle en argent 925. Int\u00e9rieur en caoutchouc"},"content":{"rendered":"<p>Perles, toutes lisses et brillantes<br \/>\nDim. 7.5x4mm, trou d&rsquo;environ 3mm <\/p>\n<p>Le trou de b\u00e2ti est flexible gr\u00e2ce \u00e0 l&rsquo;int\u00e9rieur en caoutchouc.<\/p>\n<p>Veuillez noter qu&rsquo;un maximum de 2,5 mm peut passer \u00e0 travers le caoutchouc.<\/p>\n<p>&nbsp;<\/p>\n","protected":false},"excerpt":{"rendered":"<p>Perle, bouchon, tous lisses et rhodi\u00e9s<br \/>\nTaille 7,5x4mm, trou d&rsquo;environ 3mm<\/p>\n<p>Argent 925<br \/>\nLe trou est flexible gr\u00e2ce au caoutchouc \u00e0 l&rsquo;int\u00e9rieur.<\/p>\n","protected":false},"featured_media":7023,"comment_status":"closed","ping_status":"closed","template":"","meta":{"_acf_changed":false,"_seopress_robots_primary_cat":"none","_seopress_titles_title":"","_seopress_titles_desc":"","_seopress_robots_index":""},"more":[],"product_brand":[6953,6914],"product_cat":[11514],"product_tag":[6470,14375,14321,14319,11335,6772,14325,6369,6550,6544,9566,14328,14376,10118,14326,6922,6954,9284,6778,6964,6919,6776],"class_list":{"0":"post-15349","1":"product","2":"type-product","3":"status-publish","4":"has-post-thumbnail","6":"product_brand-925-artisanat","7":"product_brand-ayu","8":"product_cat-perles","9":"product_tag-6470","10":"product_tag-a-linterieur-2","11":"product_tag-alesage","12":"product_tag-bouchon","13":"product_tag-caoutchouc-2","14":"product_tag-charme","15":"product_tag-deplacer","16":"product_tag-largent","17":"product_tag-largent-2","18":"product_tag-pas","19":"product_tag-perle","20":"product_tag-perle-darret","21":"product_tag-perle-darret-2","22":"product_tag-peut","23":"product_tag-plus-2","24":"product_tag-pur","25":"product_tag-pur-2","26":"product_tag-pur-3","27":"product_tag-reel","28":"product_tag-sollid","29":"product_tag-sterling","30":"product_tag-vraiment","31":"product_shipping_class-standard","33":"first","34":"instock","35":"taxable","36":"shipping-taxable","37":"purchasable","38":"product-type-simple"},"acf":[],"_links":{"self":[{"href":"https:\/\/esquell.eu\/fr\/wp-json\/wp\/v2\/product\/15349","targetHints":{"allow":["GET"]}}],"collection":[{"href":"https:\/\/esquell.eu\/fr\/wp-json\/wp\/v2\/product"}],"about":[{"href":"https:\/\/esquell.eu\/fr\/wp-json\/wp\/v2\/types\/product"}],"replies":[{"embeddable":true,"href":"https:\/\/esquell.eu\/fr\/wp-json\/wp\/v2\/comments?post=15349"}],"wp:featuredmedia":[{"embeddable":true,"href":"https:\/\/esquell.eu\/fr\/wp-json\/wp\/v2\/media\/7023"}],"wp:attachment":[{"href":"https:\/\/esquell.eu\/fr\/wp-json\/wp\/v2\/media?parent=15349"}],"wp:term":[{"taxonomy":"more","embeddable":true,"href":"https:\/\/esquell.eu\/fr\/wp-json\/wp\/v2\/more?post=15349"},{"taxonomy":"product_brand","embeddable":true,"href":"https:\/\/esquell.eu\/fr\/wp-json\/wp\/v2\/product_brand?post=15349"},{"taxonomy":"product_cat","embeddable":true,"href":"https:\/\/esquell.eu\/fr\/wp-json\/wp\/v2\/product_cat?post=15349"},{"taxonomy":"product_tag","embeddable":true,"href":"https:\/\/esquell.eu\/fr\/wp-json\/wp\/v2\/product_tag?post=15349"}],"curies":[{"name":"wp","href":"https:\/\/api.w.org\/{rel}","templated":true}]}}

Bouchon de perle en argent 925. Intérieur en caoutchouc

<p>Perles, toutes lisses et brillantes<br />
Dim. 7.5x4mm, trou d&rsquo;environ 3mm </p>
<p>Le trou de bâti est flexible grâce à l&rsquo;intérieur en caoutchouc.</p>
<p>Veuillez noter qu&rsquo;un maximum de 2,5 mm peut passer à travers le caoutchouc.</p>
<p>&nbsp;</p>

<p>Perle, bouchon, tous lisses et rhodiés<br />
Taille 7,5x4mm, trou d&rsquo;environ 3mm</p>
<p>Argent 925<br />
Le trou est flexible grâce au caoutchouc à l&rsquo;intérieur.</p>
