{"id":15013,"date":"2025-04-03T09:20:37","date_gmt":"2025-04-03T09:20:37","guid":{"rendered":"https:\/\/esquell.eu\/product\/pierre-a-souder-refractaire-resistant-a-la-chaleur-vermiculite-environ-20012025\/"},"modified":"2025-11-18T08:10:23","modified_gmt":"2025-11-18T08:10:23","slug":"pierre-a-souder-refractaire-resistant-a-la-chaleur-vermiculite-environ-20012025","status":"publish","type":"product","link":"https:\/\/esquell.eu\/fr\/produit\/pierre-a-souder-refractaire-resistant-a-la-chaleur-vermiculite-environ-20012025\/","title":{"rendered":"Pierre \u00e0 souder. R\u00e9fractaire, r\u00e9sistant \u00e0 la chaleur. Vermiculite environ 200*120*25"},"content":{"rendered":"<p>Pierre \u00e0 souder r\u00e9fractaire, r\u00e9sistante \u00e0 la chaleur. Vermiculite.  <\/p>\n<p>S&rsquo;utilise comme support pour la soudure.<br \/>\nConvient \u00e9galement comme support pour la cuisson de l&rsquo;argile m\u00e9tallique.<\/p>\n","protected":false},"excerpt":{"rendered":"<p>Pierre \u00e0 souder r\u00e9fractaire. Vermiculite. <\/p>\n<p>A utiliser comme support lors de la soudure ou de la cuisson de l&rsquo;argile au chalumeau.<\/p>\n<p>Dimensions approx.<\/p>\n<p>environ 200*120*25<\/p>\n","protected":false},"featured_media":15018,"comment_status":"closed","ping_status":"closed","template":"","meta":{"_acf_changed":false,"_seopress_robots_primary_cat":"none","_seopress_titles_title":"","_seopress_titles_desc":"","_seopress_robots_index":""},"more":[],"product_brand":[13644],"product_cat":[9823,7412,10058],"product_tag":[6470,6476,6645,7295,6646,10252,13654,6386,7024,6960,7016,6923,6931,6404,6378,6390,6405,6376,6565,7863,7867,6393,6372,6402,13544,11814,6958,6796,6941,6409,13543,7770,11640,7871,13645,8065,7652,6743,13655,6655,13651,6647,6374,6798,13545,8058,11027,6653,6933,6651,6659,6801,6381,8063,13652,6369,6634,7026,6789,6426,7851,7879,6661,6567,6637,6652,7353,13648,6643,7405,6399,6657,12833,11756,6391,6665,7279,11634,7094,6922,13538,13122,6925,7964,6805,8078,11637,11625,6663,8647,6787,7102,13647,6803,6807,6667,7032],"class_list":{"0":"post-15013","1":"product","2":"type-product","3":"status-publish","4":"has-post-thumbnail","6":"product_brand-diender","7":"product_cat-bake-off","8":"product_cat-outils-de-base","9":"product_cat-soudure","10":"product_tag-6470","11":"product_tag-6476","12":"product_tag-a","13":"product_tag-a-2","14":"product_tag-acheter","15":"product_tag-acide","16":"product_tag-agreable","17":"product_tag-aida","18":"product_tag-almere","19":"product_tag-amende","20":"product_tag-amende-2","21":"product_tag-amsterdam","22":"product_tag-anvers","23":"product_tag-argile-argentee","24":"product_tag-argile-metallique","25":"product_tag-argile-metallique-2","26":"product_tag-artclay","27":"product_tag-artclaysilver","28":"product_tag-atelier","29":"product_tag-atelier-dargile-argentee","30":"product_tag-atelier-de-bijouterie","31":"product_tag-belgique","32":"product_tag-bijoux","33":"product_tag-bon-marche","34":"product_tag-borax","35":"product_tag-boraxine","36":"product_tag-boutique","37":"product_tag-boutique-en-ligne-2","38":"product_tag-brabant","39":"product_tag-bricolage","40":"product_tag-bruleur","41":"product_tag-camps","42":"product_tag-charbon-de-bois","43":"product_tag-creatif","44":"product_tag-creatif-2","45":"product_tag-de-2","46":"product_tag-description-du-travail","47":"product_tag-distributeur","48":"product_tag-douillet","49":"product_tag-drenthe","50":"product_tag-emplacement","51":"product_tag-en-ligne","52":"product_tag-faire","53":"product_tag-faire-2","54":"product_tag-fil-de-soudure","55":"product_tag-fille","56":"product_tag-forgeage","57":"product_tag-frise","58":"product_tag-gentilhomme","59":"product_tag-groningue","60":"product_tag-gueldre","61":"product_tag-il","62":"product_tag-japon","63":"product_tag-jour-a","64":"product_tag-journee-des-petites-amies","65":"product_tag-largent","66":"product_tag-largent-3","67":"product_tag-lelystad","68":"product_tag-limbourg","69":"product_tag-malleable","70":"product_tag-manuel","71":"product_tag-mere","72":"product_tag-nord","73":"product_tag-offrir","74":"product_tag-orfevre","75":"product_tag-orfevres","76":"product_tag-orfevres-3","77":"product_tag-orteils","78":"product_tag-ou","79":"product_tag-outil-2","80":"product_tag-outil","81":"product_tag-overijssel","82":"product_tag-paquet-2","83":"product_tag-pate-a-souder","84":"product_tag-pays-bas","85":"product_tag-pays-bas-2","86":"product_tag-pierre-2","87":"product_tag-plaque-de-soudure","88":"product_tag-pont","89":"product_tag-pur","90":"product_tag-refractaire","91":"product_tag-resistant-a-la-chaleur","92":"product_tag-rotterdam","93":"product_tag-site-web","94":"product_tag-soi","95":"product_tag-soudure","96":"product_tag-soudure-a-largent","97":"product_tag-substrat","98":"product_tag-sud","99":"product_tag-torche","100":"product_tag-utrecht","101":"product_tag-vasieres","102":"product_tag-vermiculite-2","103":"product_tag-votre","104":"product_tag-vous-2","105":"product_tag-zelande","106":"product_tag-zwolle","107":"product_shipping_class-standard","109":"first","110":"instock","111":"taxable","112":"shipping-taxable","113":"purchasable","114":"product-type-simple"},"acf":[],"_links":{"self":[{"href":"https:\/\/esquell.eu\/fr\/wp-json\/wp\/v2\/product\/15013","targetHints":{"allow":["GET"]}}],"collection":[{"href":"https:\/\/esquell.eu\/fr\/wp-json\/wp\/v2\/product"}],"about":[{"href":"https:\/\/esquell.eu\/fr\/wp-json\/wp\/v2\/types\/product"}],"replies":[{"embeddable":true,"href":"https:\/\/esquell.eu\/fr\/wp-json\/wp\/v2\/comments?post=15013"}],"wp:featuredmedia":[{"embeddable":true,"href":"https:\/\/esquell.eu\/fr\/wp-json\/wp\/v2\/media\/15018"}],"wp:attachment":[{"href":"https:\/\/esquell.eu\/fr\/wp-json\/wp\/v2\/media?parent=15013"}],"wp:term":[{"taxonomy":"more","embeddable":true,"href":"https:\/\/esquell.eu\/fr\/wp-json\/wp\/v2\/more?post=15013"},{"taxonomy":"product_brand","embeddable":true,"href":"https:\/\/esquell.eu\/fr\/wp-json\/wp\/v2\/product_brand?post=15013"},{"taxonomy":"product_cat","embeddable":true,"href":"https:\/\/esquell.eu\/fr\/wp-json\/wp\/v2\/product_cat?post=15013"},{"taxonomy":"product_tag","embeddable":true,"href":"https:\/\/esquell.eu\/fr\/wp-json\/wp\/v2\/product_tag?post=15013"}],"curies":[{"name":"wp","href":"https:\/\/api.w.org\/{rel}","templated":true}]}}

Pierre à souder. Réfractaire, résistant à la chaleur. Vermiculite environ 200*120*25

<p>Pierre à souder réfractaire, résistante à la chaleur. Vermiculite.  </p>
<p>S&rsquo;utilise comme support pour la soudure.<br />
Convient également comme support pour la cuisson de l&rsquo;argile métallique.</p>

<p>Pierre à souder réfractaire. Vermiculite. </p>
<p>A utiliser comme support lors de la soudure ou de la cuisson de l&rsquo;argile au chalumeau.</p>
<p>Dimensions approx.</p>
<p>environ 200*120*25</p>
