{"id":14950,"date":"2025-04-03T09:20:55","date_gmt":"2025-04-03T09:20:55","guid":{"rendered":"https:\/\/esquell.eu\/product\/planche-en-ceramique-pour-le-fusing-du-verre-1011-cm\/"},"modified":"2025-04-03T09:20:55","modified_gmt":"2025-04-03T09:20:55","slug":"planche-en-ceramique-pour-le-fusing-du-verre-1011-cm","status":"publish","type":"product","link":"https:\/\/esquell.eu\/fr\/produit\/planche-en-ceramique-pour-le-fusing-du-verre-1011-cm\/","title":{"rendered":"Planche en c\u00e9ramique pour le fusing du verre 10*11 cm"},"content":{"rendered":"<p>Cette feuille de c\u00e9ramique peut r\u00e9sister \u00e0 des temp\u00e9ratures de 950 degr\u00e9s.<br \/>\nElle est facile \u00e0 travailler (couper, poncer, etc.) pour lui donner la forme que vous souhaitez.<\/p>\n<p>Cr\u00e9er des moules et donner des textures et du relief au verre en cours de fusion.<\/p>\n","protected":false},"excerpt":{"rendered":"<p>Cette plaque de c\u00e9ramique peut r\u00e9sister \u00e0 une temp\u00e9rature de 950 degr\u00e9s.<br \/>\nElle est facile \u00e0 travailler (couper, poncer, etc.) pour lui donner la forme que vous souhaitez.<\/p>\n<p>Cr\u00e9er des moules et donner des textures et du relief au verre en cours de fusion<\/p>\n<p>&nbsp;<\/p>\n<p>&nbsp;<\/p>\n","protected":false},"featured_media":7607,"comment_status":"closed","ping_status":"closed","template":"","meta":{"_acf_changed":false,"_seopress_robots_primary_cat":"none","_seopress_titles_title":"","_seopress_titles_desc":"","_seopress_robots_index":""},"more":[],"product_brand":[10819],"product_cat":[7468],"product_tag":[6404,6378,6390,12479,6393,6396,8238,11642,8641,6647,8222,8644,6401,7479,13467,8220,10354,6478,6400,6656,13468,13465,6391,6418,9924],"class_list":{"0":"post-14950","1":"product","2":"type-product","3":"status-publish","4":"has-post-thumbnail","6":"product_brand-div","7":"product_cat-outils-et-fournitures-pour-le-verre","8":"product_tag-argile-argentee","9":"product_tag-argile-metallique","10":"product_tag-argile-metallique-2","11":"product_tag-assiette","12":"product_tag-belgique","13":"product_tag-belgique-2","14":"product_tag-benelux","15":"product_tag-chaleur-2","16":"product_tag-cuisson","17":"product_tag-en-ligne","18":"product_tag-eu","19":"product_tag-four","20":"product_tag-france","21":"product_tag-france-2","22":"product_tag-kpe","23":"product_tag-leurope","24":"product_tag-leurope-2","25":"product_tag-lunette","26":"product_tag-luxembourg","27":"product_tag-luxembourg-2","28":"product_tag-materiau-en-feuille","29":"product_tag-panneau-de-fibres","30":"product_tag-pays-bas","31":"product_tag-promethee","32":"product_tag-protection","33":"product_shipping_class-standard","35":"first","36":"instock","37":"taxable","38":"shipping-taxable","39":"purchasable","40":"product-type-simple"},"acf":[],"_links":{"self":[{"href":"https:\/\/esquell.eu\/fr\/wp-json\/wp\/v2\/product\/14950","targetHints":{"allow":["GET"]}}],"collection":[{"href":"https:\/\/esquell.eu\/fr\/wp-json\/wp\/v2\/product"}],"about":[{"href":"https:\/\/esquell.eu\/fr\/wp-json\/wp\/v2\/types\/product"}],"replies":[{"embeddable":true,"href":"https:\/\/esquell.eu\/fr\/wp-json\/wp\/v2\/comments?post=14950"}],"wp:featuredmedia":[{"embeddable":true,"href":"https:\/\/esquell.eu\/fr\/wp-json\/wp\/v2\/media\/7607"}],"wp:attachment":[{"href":"https:\/\/esquell.eu\/fr\/wp-json\/wp\/v2\/media?parent=14950"}],"wp:term":[{"taxonomy":"more","embeddable":true,"href":"https:\/\/esquell.eu\/fr\/wp-json\/wp\/v2\/more?post=14950"},{"taxonomy":"product_brand","embeddable":true,"href":"https:\/\/esquell.eu\/fr\/wp-json\/wp\/v2\/product_brand?post=14950"},{"taxonomy":"product_cat","embeddable":true,"href":"https:\/\/esquell.eu\/fr\/wp-json\/wp\/v2\/product_cat?post=14950"},{"taxonomy":"product_tag","embeddable":true,"href":"https:\/\/esquell.eu\/fr\/wp-json\/wp\/v2\/product_tag?post=14950"}],"curies":[{"name":"wp","href":"https:\/\/api.w.org\/{rel}","templated":true}]}}

Planche en céramique pour le fusing du verre 10*11 cm

<p>Cette feuille de céramique peut résister à des températures de 950 degrés.<br />
Elle est facile à travailler (couper, poncer, etc.) pour lui donner la forme que vous souhaitez.</p>
<p>Créer des moules et donner des textures et du relief au verre en cours de fusion.</p>

<p>Cette plaque de céramique peut résister à une température de 950 degrés.<br />
Elle est facile à travailler (couper, poncer, etc.) pour lui donner la forme que vous souhaitez.</p>
<p>Créer des moules et donner des textures et du relief au verre en cours de fusion</p>
<p>&nbsp;</p>
<p>&nbsp;</p>
