{"id":14922,"date":"2025-04-03T09:20:55","date_gmt":"2025-04-03T09:20:55","guid":{"rendered":"https:\/\/esquell.eu\/product\/pate-de-fibres-pate-de-fibres-70-g-pour-la-reparation-des-fours-d-0013\/"},"modified":"2026-01-10T17:03:41","modified_gmt":"2026-01-10T17:03:41","slug":"pate-de-fibres-pate-de-fibres-70-g-pour-la-reparation-des-fours-d-0013","status":"publish","type":"product","link":"https:\/\/esquell.eu\/fr\/produit\/pate-de-fibres-pate-de-fibres-70-g-pour-la-reparation-des-fours-d-0013\/","title":{"rendered":"P\u00e2te de fibres, p\u00e2te de fibres 70 g. Pour la r\u00e9paration des fours (D-0013)"},"content":{"rendered":"<div class=\"product-addition-content\">\n<p>P\u00e2te de r\u00e9paration pour les travaux de r\u00e9paration sur les rev\u00eatements de four.<\/p>\n<p>Voir photo 2 :<\/p>\n<p>Appliquer uniquement dans un four froid et d\u00e9poussi\u00e9rer d&rsquo;abord la surface \u00e0 r\u00e9parer.<\/p>\n<p>\u00c9taler ensuite la p\u00e2te sur la zone \u00e0 r\u00e9parer et laisser s\u00e9cher compl\u00e8tement<br \/>\nLa p\u00e2te de r\u00e9paration doit \u00eatre conserv\u00e9e dans un endroit frais, sec et \u00e0 l&rsquo;abri du gel.<\/p>\n<\/div>\n","protected":false},"excerpt":{"rendered":"<p>P\u00e2te de r\u00e9paration pour les travaux de r\u00e9paration sur les rev\u00eatements de four.<\/p>\n<p>Voir photo 2 :<\/p>\n<p>Appliquer uniquement dans un four froid et d\u00e9poussi\u00e9rer d&rsquo;abord la surface \u00e0 r\u00e9parer.<\/p>\n<p>\u00c9taler ensuite la p\u00e2te sur la zone \u00e0 r\u00e9parer et laisser s\u00e9cher compl\u00e8tement<br \/>\nLa p\u00e2te de r\u00e9paration doit \u00eatre conserv\u00e9e dans un endroit frais, sec et \u00e0 l&rsquo;abri du gel.<\/p>\n","protected":false},"featured_media":14923,"comment_status":"closed","ping_status":"closed","template":"","meta":{"_acf_changed":false,"_seopress_robots_primary_cat":"none","_seopress_titles_title":"","_seopress_titles_desc":"","_seopress_robots_index":""},"more":[],"product_brand":[6382],"product_cat":[9823,11384],"product_tag":[6404,11386,13403,8644,11385,13379,11411,8167,8165,6418,7580,13401],"class_list":{"0":"post-14922","1":"product","2":"type-product","3":"status-publish","4":"has-post-thumbnail","6":"product_brand-acs","7":"product_cat-bake-off","8":"product_cat-fours","9":"product_tag-argile-argentee","10":"product_tag-ceramique-4","11":"product_tag-fibre","12":"product_tag-four","13":"product_tag-four-2","14":"product_tag-four-a-verre","15":"product_tag-fours","16":"product_tag-pate","17":"product_tag-pates","18":"product_tag-promethee","19":"product_tag-reparation-2","20":"product_tag-reparation-3","21":"product_shipping_class-standard","23":"first","24":"instock","25":"taxable","26":"shipping-taxable","27":"purchasable","28":"product-type-simple"},"acf":[],"_links":{"self":[{"href":"https:\/\/esquell.eu\/fr\/wp-json\/wp\/v2\/product\/14922","targetHints":{"allow":["GET"]}}],"collection":[{"href":"https:\/\/esquell.eu\/fr\/wp-json\/wp\/v2\/product"}],"about":[{"href":"https:\/\/esquell.eu\/fr\/wp-json\/wp\/v2\/types\/product"}],"replies":[{"embeddable":true,"href":"https:\/\/esquell.eu\/fr\/wp-json\/wp\/v2\/comments?post=14922"}],"wp:featuredmedia":[{"embeddable":true,"href":"https:\/\/esquell.eu\/fr\/wp-json\/wp\/v2\/media\/14923"}],"wp:attachment":[{"href":"https:\/\/esquell.eu\/fr\/wp-json\/wp\/v2\/media?parent=14922"}],"wp:term":[{"taxonomy":"more","embeddable":true,"href":"https:\/\/esquell.eu\/fr\/wp-json\/wp\/v2\/more?post=14922"},{"taxonomy":"product_brand","embeddable":true,"href":"https:\/\/esquell.eu\/fr\/wp-json\/wp\/v2\/product_brand?post=14922"},{"taxonomy":"product_cat","embeddable":true,"href":"https:\/\/esquell.eu\/fr\/wp-json\/wp\/v2\/product_cat?post=14922"},{"taxonomy":"product_tag","embeddable":true,"href":"https:\/\/esquell.eu\/fr\/wp-json\/wp\/v2\/product_tag?post=14922"}],"curies":[{"name":"wp","href":"https:\/\/api.w.org\/{rel}","templated":true}]}}

Pâte de fibres, pâte de fibres 70 g. Pour la réparation des fours (D-0013)

<div class="product-addition-content">
<p>Pâte de réparation pour les travaux de réparation sur les revêtements de four.</p>
<p>Voir photo 2 :</p>
<p>Appliquer uniquement dans un four froid et dépoussiérer d&rsquo;abord la surface à réparer.</p>
<p>Étaler ensuite la pâte sur la zone à réparer et laisser sécher complètement<br />
La pâte de réparation doit être conservée dans un endroit frais, sec et à l&rsquo;abri du gel.</p>
</div>

<p>Pâte de réparation pour les travaux de réparation sur les revêtements de four.</p>
<p>Voir photo 2 :</p>
<p>Appliquer uniquement dans un four froid et dépoussiérer d&rsquo;abord la surface à réparer.</p>
<p>Étaler ensuite la pâte sur la zone à réparer et laisser sécher complètement<br />
La pâte de réparation doit être conservée dans un endroit frais, sec et à l&rsquo;abri du gel.</p>
