{"id":14870,"date":"2025-04-03T09:21:06","date_gmt":"2025-04-03T09:21:06","guid":{"rendered":"https:\/\/esquell.eu\/product\/marteau-en-nylon-25-mm\/"},"modified":"2025-11-08T09:39:39","modified_gmt":"2025-11-08T09:39:39","slug":"marteau-en-nylon-25-mm","status":"publish","type":"product","link":"https:\/\/esquell.eu\/fr\/produit\/marteau-en-nylon-25-mm\/","title":{"rendered":"Marteau en nylon 25 mm"},"content":{"rendered":"<p>Id\u00e9al pour le travail des m\u00e9taux, le fa\u00e7onnage des m\u00e9taux.<br \/>\nGr\u00e2ce \u00e0 la t\u00eate souple, le m\u00e9tal n&rsquo;est pas endommag\u00e9.<br \/>\nCe marteau en nylon a une double t\u00eate, avec une pi\u00e8ce centrale en acier.<br \/>\nLe marteau est sans recul.<\/p>\n","protected":false},"excerpt":{"rendered":"<p>Id\u00e9al pour le travail des m\u00e9taux, le fa\u00e7onnage des m\u00e9taux. En effet, la t\u00eate souple n&rsquo;endommage pas le m\u00e9tal. Ce marteau en nylon a une double t\u00eate, avec une pi\u00e8ce centrale en acier. Le marteau est r\u00e9sistant aux chocs   <\/p>\n","protected":false},"featured_media":7584,"comment_status":"closed","ping_status":"closed","template":"","meta":{"_acf_changed":false,"_seopress_robots_primary_cat":"none","_seopress_titles_title":"","_seopress_titles_desc":"","_seopress_robots_index":""},"more":[],"product_brand":[6363],"product_cat":[13248,10216],"product_tag":[6645,8284,6646,6939,6397,7045,6923,7098,6638,6931,7096,6404,6376,6949,6393,6372,6402,6641,6389,6796,6941,7582,6409,6412,6935,7770,6706,6650,6423,7047,13291,6655,8503,13289,8509,8492,6647,7043,6724,13278,6374,6785,11027,6849,6401,6653,6933,6712,12024,9093,6651,6659,6951,7120,9011,6369,6403,6930,8501,7030,7768,6789,7042,13245,13286,8837,8497,6759,13293,7040,7695,13276,6661,12604,6567,13280,7313,10082,6652,7353,6643,6636,6657,6544,6391,6665,6710,6927,7094,13284,6925,17153,13282,17152,6407,6663,13288,7764,6787,8495,6408,6667,14956,7032],"class_list":{"0":"post-14870","1":"product","2":"type-product","3":"status-publish","4":"has-post-thumbnail","6":"product_brand-bm","7":"product_cat-marteaux","8":"product_cat-metal","9":"product_tag-a","10":"product_tag-achats-3","11":"product_tag-acheter","12":"product_tag-acheter-2","13":"product_tag-allemagne","14":"product_tag-almelo","15":"product_tag-amsterdam","16":"product_tag-anneau","17":"product_tag-anneaux","18":"product_tag-anvers","19":"product_tag-apeldoorn","20":"product_tag-argile-argentee","21":"product_tag-artclaysilver","22":"product_tag-assen","23":"product_tag-belgique","24":"product_tag-bijoux","25":"product_tag-bon-marche","26":"product_tag-boucles-doreilles","27":"product_tag-boutique-en-ligne","28":"product_tag-boutique-en-ligne-2","29":"product_tag-brabant","30":"product_tag-breda","31":"product_tag-bricolage","32":"product_tag-bronze","33":"product_tag-bruxelles","34":"product_tag-camps","35":"product_tag-commerce-de-gros","36":"product_tag-cuivre","37":"product_tag-de","38":"product_tag-delft","39":"product_tag-dommages","40":"product_tag-drenthe","41":"product_tag-dronten","42":"product_tag-editer","43":"product_tag-emmeloord","44":"product_tag-emmen","45":"product_tag-en-ligne","46":"product_tag-enschede","47":"product_tag-envoyer","48":"product_tag-fabrication-de-bagues","49":"product_tag-faire","50":"product_tag-flevoland","51":"product_tag-forgeage","52":"product_tag-formulaires","53":"product_tag-france","54":"product_tag-frise","55":"product_tag-gentilhomme","56":"product_tag-gratuit","57":"product_tag-gratuit-2","58":"product_tag-gronigen","59":"product_tag-groningue","60":"product_tag-gueldre","61":"product_tag-heerenveen","62":"product_tag-hoogeveen","63":"product_tag-iles-wadden","64":"product_tag-largent","65":"product_tag-lor","66":"product_tag-leeuwarden","67":"product_tag-lemmer","68":"product_tag-liege","69":"product_tag-liege-2","70":"product_tag-limbourg","71":"product_tag-maastricht","72":"product_tag-marteau-2","73":"product_tag-marteau-en-nylon","74":"product_tag-meilleur","75":"product_tag-meppel","76":"product_tag-metal","77":"product_tag-metallurgie-3","78":"product_tag-middelburg","79":"product_tag-modelisation-2","80":"product_tag-non-2","81":"product_tag-nord","82":"product_tag-nylon","83":"product_tag-offrir","84":"product_tag-oosterhout","85":"product_tag-orfevre-2","86":"product_tag-orfevre-3","87":"product_tag-orfevres","88":"product_tag-orfevres-3","89":"product_tag-ou","90":"product_tag-outils","91":"product_tag-overijssel","92":"product_tag-pas","93":"product_tag-pays-bas","94":"product_tag-pays-bas-2","95":"product_tag-pendentifs","96":"product_tag-plomb","97":"product_tag-pont","98":"product_tag-retroaction","99":"product_tag-rotterdam","100":"product_tag-saltelande","101":"product_tag-sans","102":"product_tag-schiedam","103":"product_tag-silverclay-co-uk","104":"product_tag-sud","105":"product_tag-tete-en-nylon","106":"product_tag-urk","107":"product_tag-utrecht","108":"product_tag-venlo","109":"product_tag-vous","110":"product_tag-zelande","111":"product_tag-zilverkleinderland","112":"product_tag-zwolle","113":"product_shipping_class-standard","115":"first","116":"instock","117":"taxable","118":"shipping-taxable","119":"purchasable","120":"product-type-simple"},"acf":[],"_links":{"self":[{"href":"https:\/\/esquell.eu\/fr\/wp-json\/wp\/v2\/product\/14870","targetHints":{"allow":["GET"]}}],"collection":[{"href":"https:\/\/esquell.eu\/fr\/wp-json\/wp\/v2\/product"}],"about":[{"href":"https:\/\/esquell.eu\/fr\/wp-json\/wp\/v2\/types\/product"}],"replies":[{"embeddable":true,"href":"https:\/\/esquell.eu\/fr\/wp-json\/wp\/v2\/comments?post=14870"}],"wp:featuredmedia":[{"embeddable":true,"href":"https:\/\/esquell.eu\/fr\/wp-json\/wp\/v2\/media\/7584"}],"wp:attachment":[{"href":"https:\/\/esquell.eu\/fr\/wp-json\/wp\/v2\/media?parent=14870"}],"wp:term":[{"taxonomy":"more","embeddable":true,"href":"https:\/\/esquell.eu\/fr\/wp-json\/wp\/v2\/more?post=14870"},{"taxonomy":"product_brand","embeddable":true,"href":"https:\/\/esquell.eu\/fr\/wp-json\/wp\/v2\/product_brand?post=14870"},{"taxonomy":"product_cat","embeddable":true,"href":"https:\/\/esquell.eu\/fr\/wp-json\/wp\/v2\/product_cat?post=14870"},{"taxonomy":"product_tag","embeddable":true,"href":"https:\/\/esquell.eu\/fr\/wp-json\/wp\/v2\/product_tag?post=14870"}],"curies":[{"name":"wp","href":"https:\/\/api.w.org\/{rel}","templated":true}]}}

<p>Idéal pour le travail des métaux, le façonnage des métaux.<br />
Grâce à la tête souple, le métal n&rsquo;est pas endommagé.<br />
Ce marteau en nylon a une double tête, avec une pièce centrale en acier.<br />
Le marteau est sans recul.</p>

<p>Idéal pour le travail des métaux, le façonnage des métaux. En effet, la tête souple n&rsquo;endommage pas le métal. Ce marteau en nylon a une double tête, avec une pièce centrale en acier. Le marteau est résistant aux chocs   </p>
