{"id":14489,"date":"2025-04-03T09:13:12","date_gmt":"2025-04-03T09:13:12","guid":{"rendered":"https:\/\/esquell.eu\/product\/oeil-plat-a-vis-en-cuivre-pour-la-co-cuisson-avec-la-pate-de-cuivre-par-5-pieces\/"},"modified":"2025-04-03T09:13:12","modified_gmt":"2025-04-03T09:13:12","slug":"oeil-plat-a-vis-en-cuivre-pour-la-co-cuisson-avec-la-pate-de-cuivre-par-5-pieces","status":"publish","type":"product","link":"https:\/\/esquell.eu\/fr\/produit\/oeil-plat-a-vis-en-cuivre-pour-la-co-cuisson-avec-la-pate-de-cuivre-par-5-pieces\/","title":{"rendered":"Oeil plat \u00e0 vis en cuivre. Pour la co-cuisson avec la p\u00e2te de cuivre.  Par 5 pi\u00e8ces"},"content":{"rendered":"<p>Oeil plat \u00e0 vis en cuivre. Convient pour la co-cuisson dans le cuivre argileux. <\/p>\n<p>diam\u00e8tre de l&rsquo;\u0153il 2,5 mm<\/p>\n<p>Convient \u00e9galement, par exemple, pour les bijoux en r\u00e9sine UV, en r\u00e9sine ou en p\u00e2te polym\u00e8re.<\/p>\n","protected":false},"excerpt":{"rendered":"<p>Oeil plat \u00e0 vis en cuivre. Convient pour la co-cuisson dans le cuivre argileux. <\/p>\n<p>diam\u00e8tre de l&rsquo;\u0153il 2,5 mm<\/p>\n<p>&nbsp;<\/p>\n<p>Convient \u00e9galement, par exemple, pour les bijoux en r\u00e9sine UV, en r\u00e9sine ou en p\u00e2te polym\u00e8re.<\/p>\n","protected":false},"featured_media":0,"comment_status":"closed","ping_status":"closed","template":"","meta":{"_acf_changed":false,"_seopress_robots_primary_cat":"none","_seopress_titles_title":"","_seopress_titles_desc":"","_seopress_robots_index":""},"more":[],"product_brand":[6736],"product_cat":[12592,10991],"product_tag":[6404,7028,6378,6390,6372,6374,12512,6708,9894,6443,9892,11627],"class_list":{"0":"post-14489","1":"product","2":"type-product","3":"status-publish","5":"product_brand-des-outils-sympas","6":"product_cat-autres-metaux-2","7":"product_cat-pieces-adaptees-a-la-cocuisson-avec-de-largile-metallique","8":"product_tag-argile-argentee","9":"product_tag-argile-cuivreuse","10":"product_tag-argile-metallique","11":"product_tag-argile-metallique-2","12":"product_tag-bijoux","13":"product_tag-faire","14":"product_tag-frite-le-long-de-la-route","15":"product_tag-mercerie","16":"product_tag-resine-2","17":"product_tag-resine-uv","18":"product_tag-uv","19":"product_tag-uvresin","20":"product_shipping_class-standard","22":"first","23":"instock","24":"taxable","25":"shipping-taxable","26":"purchasable","27":"product-type-simple"},"acf":[],"_links":{"self":[{"href":"https:\/\/esquell.eu\/fr\/wp-json\/wp\/v2\/product\/14489","targetHints":{"allow":["GET"]}}],"collection":[{"href":"https:\/\/esquell.eu\/fr\/wp-json\/wp\/v2\/product"}],"about":[{"href":"https:\/\/esquell.eu\/fr\/wp-json\/wp\/v2\/types\/product"}],"replies":[{"embeddable":true,"href":"https:\/\/esquell.eu\/fr\/wp-json\/wp\/v2\/comments?post=14489"}],"wp:attachment":[{"href":"https:\/\/esquell.eu\/fr\/wp-json\/wp\/v2\/media?parent=14489"}],"wp:term":[{"taxonomy":"more","embeddable":true,"href":"https:\/\/esquell.eu\/fr\/wp-json\/wp\/v2\/more?post=14489"},{"taxonomy":"product_brand","embeddable":true,"href":"https:\/\/esquell.eu\/fr\/wp-json\/wp\/v2\/product_brand?post=14489"},{"taxonomy":"product_cat","embeddable":true,"href":"https:\/\/esquell.eu\/fr\/wp-json\/wp\/v2\/product_cat?post=14489"},{"taxonomy":"product_tag","embeddable":true,"href":"https:\/\/esquell.eu\/fr\/wp-json\/wp\/v2\/product_tag?post=14489"}],"curies":[{"name":"wp","href":"https:\/\/api.w.org\/{rel}","templated":true}]}}

Oeil plat à vis en cuivre. Pour la co-cuisson avec la pâte de cuivre.  Par 5 pièces

<p>Oeil plat à vis en cuivre. Convient pour la co-cuisson dans le cuivre argileux. </p>
<p>diamètre de l&rsquo;œil 2,5 mm</p>
<p>Convient également, par exemple, pour les bijoux en résine UV, en résine ou en pâte polymère.</p>

<p>Oeil plat à vis en cuivre. Convient pour la co-cuisson dans le cuivre argileux. </p>
<p>diamètre de l&rsquo;œil 2,5 mm</p>
<p>&nbsp;</p>
<p>Convient également, par exemple, pour les bijoux en résine UV, en résine ou en pâte polymère.</p>
