{"id":13843,"date":"2025-04-03T09:18:36","date_gmt":"2025-04-03T09:18:36","guid":{"rendered":"https:\/\/esquell.eu\/product\/perles-de-verre-verre-tcheque-demi-perce-lot-de-24-perles\/"},"modified":"2025-04-03T09:18:36","modified_gmt":"2025-04-03T09:18:36","slug":"perles-de-verre-verre-tcheque-demi-perce-lot-de-24-perles","status":"publish","type":"product","link":"https:\/\/esquell.eu\/fr\/produit\/perles-de-verre-verre-tcheque-demi-perce-lot-de-24-perles\/","title":{"rendered":"Perles de verre verre tch\u00e8que. Demi-perc\u00e9. Lot de 24 perles."},"content":{"rendered":"<p>Verre tch\u00e8que.<\/p>\n<p>Gouttes irr\u00e9guli\u00e8res<\/p>\n<p>Taille des perles 8*12 mm<\/p>\n<p>Demi-perc\u00e9.<\/p>\n<p>Lot de 24 perles<\/p>\n<p>6x champagne<\/p>\n<p>6x fuchsia<\/p>\n<p>6x rouge<\/p>\n<p>3x rose clair<\/p>\n<p>3x lilas<\/p>\n<p>Les perles semi-perc\u00e9es sont parfaites pour les boucles d&rsquo;oreilles ou les pendentifs.<\/p>\n","protected":false},"excerpt":{"rendered":"<p>Verre tch\u00e8que.<\/p>\n<p>Gouttes irr\u00e9guli\u00e8res<\/p>\n<p>Taille des perles 8*12 mm<\/p>\n<p>Demi-perc\u00e9.<\/p>\n<p>Lot de 24 perles<\/p>\n<p>6x champagne<\/p>\n<p>6x fuchsia<\/p>\n<p>6x rouge<\/p>\n<p>3x rose clair<\/p>\n<p>3x lilas<\/p>\n<p>&nbsp;<\/p>\n<p>Les perles semi-perc\u00e9es sont parfaites pour les boucles d&rsquo;oreilles ou les pendentifs.<\/p>\n<p>&nbsp;<\/p>\n","protected":false},"featured_media":7864,"comment_status":"closed","ping_status":"closed","template":"","meta":{"_acf_changed":false,"_seopress_robots_primary_cat":"none","_seopress_titles_title":"","_seopress_titles_desc":"","_seopress_robots_index":""},"more":[],"product_brand":[6398],"product_cat":[11514],"product_tag":[7683,11561,11525,11565,9216,9214,11562,7275,6966,9569,11567,11563,7055,10802],"class_list":{"0":"post-13843","1":"product","2":"type-product","3":"status-publish","4":"has-post-thumbnail","6":"product_brand-l1","7":"product_cat-perles","8":"product_tag-chute","9":"product_tag-chute-2","10":"product_tag-fore","11":"product_tag-fore-3","12":"product_tag-goutte-a-goutte","13":"product_tag-goutte-deau","14":"product_tag-irregulier","15":"product_tag-moitie","16":"product_tag-perles-2","17":"product_tag-perles-4","18":"product_tag-ruisseler","19":"product_tag-tcheque","20":"product_tag-verre","21":"product_tag-verre-2","22":"product_shipping_class-standard","24":"first","25":"instock","26":"taxable","27":"shipping-taxable","28":"purchasable","29":"product-type-simple"},"acf":[],"_links":{"self":[{"href":"https:\/\/esquell.eu\/fr\/wp-json\/wp\/v2\/product\/13843","targetHints":{"allow":["GET"]}}],"collection":[{"href":"https:\/\/esquell.eu\/fr\/wp-json\/wp\/v2\/product"}],"about":[{"href":"https:\/\/esquell.eu\/fr\/wp-json\/wp\/v2\/types\/product"}],"replies":[{"embeddable":true,"href":"https:\/\/esquell.eu\/fr\/wp-json\/wp\/v2\/comments?post=13843"}],"wp:featuredmedia":[{"embeddable":true,"href":"https:\/\/esquell.eu\/fr\/wp-json\/wp\/v2\/media\/7864"}],"wp:attachment":[{"href":"https:\/\/esquell.eu\/fr\/wp-json\/wp\/v2\/media?parent=13843"}],"wp:term":[{"taxonomy":"more","embeddable":true,"href":"https:\/\/esquell.eu\/fr\/wp-json\/wp\/v2\/more?post=13843"},{"taxonomy":"product_brand","embeddable":true,"href":"https:\/\/esquell.eu\/fr\/wp-json\/wp\/v2\/product_brand?post=13843"},{"taxonomy":"product_cat","embeddable":true,"href":"https:\/\/esquell.eu\/fr\/wp-json\/wp\/v2\/product_cat?post=13843"},{"taxonomy":"product_tag","embeddable":true,"href":"https:\/\/esquell.eu\/fr\/wp-json\/wp\/v2\/product_tag?post=13843"}],"curies":[{"name":"wp","href":"https:\/\/api.w.org\/{rel}","templated":true}]}}

Perles de verre verre tchèque. Demi-percé. Lot de 24 perles.

<p>Verre tchèque.</p>
<p>Gouttes irrégulières</p>
<p>Taille des perles 8*12 mm</p>
<p>Demi-percé.</p>
<p>Lot de 24 perles</p>
<p>6x champagne</p>
<p>6x fuchsia</p>
<p>6x rouge</p>
<p>3x rose clair</p>
<p>3x lilas</p>
<p>Les perles semi-percées sont parfaites pour les boucles d&rsquo;oreilles ou les pendentifs.</p>

<p>Verre tchèque.</p>
<p>Gouttes irrégulières</p>
<p>Taille des perles 8*12 mm</p>
<p>Demi-percé.</p>
<p>Lot de 24 perles</p>
<p>6x champagne</p>
<p>6x fuchsia</p>
<p>6x rouge</p>
<p>3x rose clair</p>
<p>3x lilas</p>
<p>&nbsp;</p>
<p>Les perles semi-percées sont parfaites pour les boucles d&rsquo;oreilles ou les pendentifs.</p>
<p>&nbsp;</p>
