{"id":13465,"date":"2025-04-03T09:15:31","date_gmt":"2025-04-03T09:15:31","guid":{"rendered":"https:\/\/esquell.eu\/product\/mastic-cuivre-ovale-molete-108\/"},"modified":"2025-04-03T09:15:31","modified_gmt":"2025-04-03T09:15:31","slug":"mastic-cuivre-ovale-molete-108","status":"publish","type":"product","link":"https:\/\/esquell.eu\/fr\/produit\/mastic-cuivre-ovale-molete-108\/","title":{"rendered":"Mastic cuivre ovale molet\u00e9 10*8"},"content":{"rendered":"<p>Plateau \u00e0 sertir en cuivre.<\/p>\n<p>Ovale<\/p>\n<p>10*8 mm<\/p>\n<p>Avec bord dentel\u00e9.<\/p>\n<p>Pour sertir les pierres<\/p>\n<p>Convient \u00e9galement au remplissage avec, par exemple, de la Led et de la r\u00e9sine UV ou de l&rsquo;\u00e9mail<\/p>\n<p>Compl\u00e9tez votre projet en le soudant ou en le co-cuisant avec de la p\u00e2te \u00e0 modeler en cuivre.<\/p>\n","protected":false},"excerpt":{"rendered":"<p>Plateau \u00e0 sertir en cuivre.<\/p>\n<p>Ovale 10*8<\/p>\n<p>Bord molet\u00e9<\/p>\n<p>Pour sertir les pierres<\/p>\n<p>Convient \u00e9galement au remplissage avec, par exemple, de la r\u00e9sine UV ou de l&rsquo;\u00e9mail<\/p>\n<p>Compl\u00e9tez votre projet en le soudant ou en le co-cuisant avec de la p\u00e2te de cuivre.<\/p>\n","protected":false},"featured_media":5894,"comment_status":"closed","ping_status":"closed","template":"","meta":{"_acf_changed":false,"_seopress_robots_primary_cat":"none","_seopress_titles_title":"","_seopress_titles_desc":"","_seopress_robots_index":""},"more":[],"product_brand":[7186],"product_cat":[10990],"product_tag":[7760,6397,7028,6393,6396,6372,6642,7418,6389,6796,6650,7104,7498,6395,6743,7229,6647,6374,11132,6401,6481,6478,6400,7428,6637,10082,11134,6652,10992,6428,7279,6483,6484,11133,7420,7426,8351,6443],"class_list":{"0":"post-13465","1":"product","2":"type-product","3":"status-publish","4":"has-post-thumbnail","6":"product_brand-rio","7":"product_cat-reglements-et-chatons","8":"product_tag-achats-2","9":"product_tag-allemagne","10":"product_tag-argile-cuivreuse","11":"product_tag-belgique","12":"product_tag-belgique-2","13":"product_tag-bijoux","14":"product_tag-bijoux-2","15":"product_tag-boite-de-reglage","16":"product_tag-boutique-en-ligne","17":"product_tag-boutique-en-ligne-2","18":"product_tag-cuivre","19":"product_tag-cuivre-2","20":"product_tag-cuivre-3","21":"product_tag-deutsland","22":"product_tag-distributeur","23":"product_tag-email","24":"product_tag-en-ligne","25":"product_tag-faire","26":"product_tag-ferronnier-dart","27":"product_tag-france","28":"product_tag-galets","29":"product_tag-lunette","30":"product_tag-luxembourg","31":"product_tag-naturel","32":"product_tag-orfevre","33":"product_tag-orfevre-3","34":"product_tag-orfevre-pays-bas","35":"product_tag-orfevres","36":"product_tag-parametres","37":"product_tag-pierre","38":"product_tag-pierre-2","39":"product_tag-pierre-naturelle","40":"product_tag-pierre-precieuse","41":"product_tag-pierres-semi-precieuses","42":"product_tag-plateau-de-brassage","43":"product_tag-reglage","44":"product_tag-reglage-2","45":"product_tag-resine-uv","46":"product_shipping_class-standard","47":"pa_afmeting-68-mm","48":"pa_afmeting-810-mm","50":"first","51":"instock","52":"taxable","53":"shipping-taxable","54":"purchasable","55":"product-type-simple"},"acf":[],"_links":{"self":[{"href":"https:\/\/esquell.eu\/fr\/wp-json\/wp\/v2\/product\/13465","targetHints":{"allow":["GET"]}}],"collection":[{"href":"https:\/\/esquell.eu\/fr\/wp-json\/wp\/v2\/product"}],"about":[{"href":"https:\/\/esquell.eu\/fr\/wp-json\/wp\/v2\/types\/product"}],"replies":[{"embeddable":true,"href":"https:\/\/esquell.eu\/fr\/wp-json\/wp\/v2\/comments?post=13465"}],"wp:featuredmedia":[{"embeddable":true,"href":"https:\/\/esquell.eu\/fr\/wp-json\/wp\/v2\/media\/5894"}],"wp:attachment":[{"href":"https:\/\/esquell.eu\/fr\/wp-json\/wp\/v2\/media?parent=13465"}],"wp:term":[{"taxonomy":"more","embeddable":true,"href":"https:\/\/esquell.eu\/fr\/wp-json\/wp\/v2\/more?post=13465"},{"taxonomy":"product_brand","embeddable":true,"href":"https:\/\/esquell.eu\/fr\/wp-json\/wp\/v2\/product_brand?post=13465"},{"taxonomy":"product_cat","embeddable":true,"href":"https:\/\/esquell.eu\/fr\/wp-json\/wp\/v2\/product_cat?post=13465"},{"taxonomy":"product_tag","embeddable":true,"href":"https:\/\/esquell.eu\/fr\/wp-json\/wp\/v2\/product_tag?post=13465"}],"curies":[{"name":"wp","href":"https:\/\/api.w.org\/{rel}","templated":true}]}}

Mastic cuivre ovale moleté 10*8

<p>Plateau à sertir en cuivre.</p>
<p>Ovale</p>
<p>10*8 mm</p>
<p>Avec bord dentelé.</p>
<p>Pour sertir les pierres</p>
<p>Convient également au remplissage avec, par exemple, de la Led et de la résine UV ou de l&rsquo;émail</p>
<p>Complétez votre projet en le soudant ou en le co-cuisant avec de la pâte à modeler en cuivre.</p>

<p>Plateau à sertir en cuivre.</p>
<p>Ovale 10*8</p>
<p>Bord moleté</p>
<p>Pour sertir les pierres</p>
<p>Convient également au remplissage avec, par exemple, de la résine UV ou de l&rsquo;émail</p>
<p>Complétez votre projet en le soudant ou en le co-cuisant avec de la pâte de cuivre.</p>
