{"id":13231,"date":"2025-04-03T09:15:49","date_gmt":"2025-04-03T09:15:49","guid":{"rendered":"https:\/\/esquell.eu\/product\/glastac-adhesif-temporaire-pour-le-fusing-et-lemaillage-du-verre\/"},"modified":"2025-11-30T11:28:41","modified_gmt":"2025-11-30T11:28:41","slug":"glastac-adhesif-temporaire-pour-le-fusing-et-lemaillage-du-verre","status":"publish","type":"product","link":"https:\/\/esquell.eu\/fr\/produit\/glastac-adhesif-temporaire-pour-le-fusing-et-lemaillage-du-verre\/","title":{"rendered":"Glastac Adh\u00e9sif temporaire pour le fusing et l&rsquo;\u00e9maillage du verre"},"content":{"rendered":"<div class=\"product-addition-content\">\n<p>Colle temporaire pour le fusing \/ \u00e9maillage du verre<\/p>\n<p>120 ml<\/p>\n<p>A base d&rsquo;eau<\/p>\n<p>Qualit\u00e9 professionnelle.<\/p>\n<p>Cette colle est sp\u00e9cialement con\u00e7ue pour coller des morceaux de verre avant qu&rsquo;ils ne soient fusionn\u00e9s.<\/p>\n<\/div>\n","protected":false},"excerpt":{"rendered":"<p>Colle temporaire pour le fusing \/ \u00e9maillage du verre<\/p>\n<p>120 ml<\/p>\n<p>A base d&rsquo;eau<\/p>\n<p>Qualit\u00e9 professionnelle.<\/p>\n<p>Cette colle est sp\u00e9cialement con\u00e7ue pour coller des morceaux de verre avant qu&rsquo;ils ne soient fusionn\u00e9s.<\/p>\n","protected":false},"featured_media":7771,"comment_status":"closed","ping_status":"closed","template":"","meta":{"_acf_changed":false,"_seopress_robots_primary_cat":"none","_seopress_titles_title":"","_seopress_titles_desc":"","_seopress_robots_index":""},"more":[],"product_brand":[10869],"product_cat":[7468],"product_tag":[6939,6372,7400,9919,6647,6374,10839,10849,10929,10931,8211,10933,7055,6408],"class_list":{"0":"post-13231","1":"product","2":"type-product","3":"status-publish","4":"has-post-thumbnail","6":"product_brand-atelier-de-verre","7":"product_cat-outils-et-fournitures-pour-le-verre","8":"product_tag-acheter-2","9":"product_tag-bijoux","10":"product_tag-cabochons","11":"product_tag-colle","12":"product_tag-en-ligne","13":"product_tag-faire","14":"product_tag-fusion","15":"product_tag-fusion-2","16":"product_tag-glastac","17":"product_tag-oeil-de-boeuf","18":"product_tag-pate-2","19":"product_tag-pieces-3","20":"product_tag-verre","21":"product_tag-vous","22":"product_shipping_class-standard","24":"first","25":"instock","26":"taxable","27":"shipping-taxable","28":"purchasable","29":"product-type-simple"},"acf":[],"_links":{"self":[{"href":"https:\/\/esquell.eu\/fr\/wp-json\/wp\/v2\/product\/13231","targetHints":{"allow":["GET"]}}],"collection":[{"href":"https:\/\/esquell.eu\/fr\/wp-json\/wp\/v2\/product"}],"about":[{"href":"https:\/\/esquell.eu\/fr\/wp-json\/wp\/v2\/types\/product"}],"replies":[{"embeddable":true,"href":"https:\/\/esquell.eu\/fr\/wp-json\/wp\/v2\/comments?post=13231"}],"wp:featuredmedia":[{"embeddable":true,"href":"https:\/\/esquell.eu\/fr\/wp-json\/wp\/v2\/media\/7771"}],"wp:attachment":[{"href":"https:\/\/esquell.eu\/fr\/wp-json\/wp\/v2\/media?parent=13231"}],"wp:term":[{"taxonomy":"more","embeddable":true,"href":"https:\/\/esquell.eu\/fr\/wp-json\/wp\/v2\/more?post=13231"},{"taxonomy":"product_brand","embeddable":true,"href":"https:\/\/esquell.eu\/fr\/wp-json\/wp\/v2\/product_brand?post=13231"},{"taxonomy":"product_cat","embeddable":true,"href":"https:\/\/esquell.eu\/fr\/wp-json\/wp\/v2\/product_cat?post=13231"},{"taxonomy":"product_tag","embeddable":true,"href":"https:\/\/esquell.eu\/fr\/wp-json\/wp\/v2\/product_tag?post=13231"}],"curies":[{"name":"wp","href":"https:\/\/api.w.org\/{rel}","templated":true}]}}

Glastac Adhésif temporaire pour le fusing et l&rsquo;émaillage du verre

<div class="product-addition-content">
<p>Colle temporaire pour le fusing / émaillage du verre</p>
<p>120 ml</p>
<p>A base d&rsquo;eau</p>
<p>Qualité professionnelle.</p>
<p>Cette colle est spécialement conçue pour coller des morceaux de verre avant qu&rsquo;ils ne soient fusionnés.</p>
</div>

<p>Colle temporaire pour le fusing / émaillage du verre</p>
<p>120 ml</p>
<p>A base d&rsquo;eau</p>
<p>Qualité professionnelle.</p>
<p>Cette colle est spécialement conçue pour coller des morceaux de verre avant qu&rsquo;ils ne soient fusionnés.</p>
