{"id":13129,"date":"2025-04-03T09:12:28","date_gmt":"2025-04-03T09:12:28","guid":{"rendered":"https:\/\/esquell.eu\/product\/tamis-a-poudre-pour-email-ou-fritte-de-verre-diametre-6-5-cm\/"},"modified":"2025-04-03T09:12:28","modified_gmt":"2025-04-03T09:12:28","slug":"tamis-a-poudre-pour-email-ou-fritte-de-verre-diametre-6-5-cm","status":"publish","type":"product","link":"https:\/\/esquell.eu\/fr\/produit\/tamis-a-poudre-pour-email-ou-fritte-de-verre-diametre-6-5-cm\/","title":{"rendered":"Tamis \u00e0 poudre pour \u00e9mail ou fritte de verre. diam\u00e8tre 6.5 cm"},"content":{"rendered":"<p>Tamis \u00e0 poudre \u00e0 maille fine pour \u00e9mail ou fritte de verre<\/p>\n<p>Diam\u00e8tre 6,5 cm<\/p>\n","protected":false},"excerpt":{"rendered":"<p>Tamis \u00e0 poudre \u00e0 maille fine pour \u00e9mail ou fritte de verre<\/p>\n<p>Diam\u00e8tre 6,5 cm<\/p>\n<p>&nbsp;<\/p>\n","protected":false},"featured_media":7193,"comment_status":"closed","ping_status":"closed","template":"","meta":{"_acf_changed":false,"_seopress_robots_primary_cat":"none","_seopress_titles_title":"","_seopress_titles_desc":"","_seopress_robots_index":""},"more":[],"product_brand":[6521],"product_cat":[6705],"product_tag":[6386,7219,6405,7191,7210,7272,7223,9495,9464,9471,7188,9480,9484,7245,9685,7229,9449,8867,9476,7233,7231,9475,7236,9493,7261,7225,6381,7249,7242,7255,9459,6634,7215,6403,9485,6546,7268,6544,7224,7239,9741,8456,7274,9494,9491,9284,6954,6922,9454,7258,7252,9488,7270,10800,10796,10798,7266,9467,7248,7264,10799],"class_list":{"0":"post-13129","1":"product","2":"type-product","3":"status-publish","4":"has-post-thumbnail","6":"product_brand-promethee","7":"product_cat-outils-et-fournitures-pour-lemaillage","8":"product_tag-aida","9":"product_tag-art-clay","10":"product_tag-artclay","11":"product_tag-blanc-2","12":"product_tag-blanc-3","13":"product_tag-bleu-2","14":"product_tag-bleu","15":"product_tag-cerise","16":"product_tag-chaux","17":"product_tag-ciel","18":"product_tag-clair","19":"product_tag-clair-2","20":"product_tag-cobalt","21":"product_tag-couleurs","22":"product_tag-email-5","23":"product_tag-email","24":"product_tag-email-3","25":"product_tag-email-2","26":"product_tag-email-4","27":"product_tag-emaillage","28":"product_tag-emal","29":"product_tag-emaraude","30":"product_tag-emaux","31":"product_tag-feerie","32":"product_tag-gris-2","33":"product_tag-gris","34":"product_tag-japon","35":"product_tag-japonais-2","36":"product_tag-japonais","37":"product_tag-jaune","38":"product_tag-jaune-2","39":"product_tag-largent-3","40":"product_tag-lor-2","41":"product_tag-lor","42":"product_tag-marine","43":"product_tag-noir","44":"product_tag-opaque","45":"product_tag-pas","46":"product_tag-poudre","47":"product_tag-poudre-2","48":"product_tag-poudre-demail-2","49":"product_tag-poudres-demail","50":"product_tag-pourpre","51":"product_tag-prussien-2","52":"product_tag-prussien","53":"product_tag-pur-3","54":"product_tag-pur-2","55":"product_tag-pur","56":"product_tag-rose-2","57":"product_tag-rose","58":"product_tag-rouge","59":"product_tag-rouge-2","60":"product_tag-semi","61":"product_tag-sept","62":"product_tag-tamis","63":"product_tag-tamis-tamis","64":"product_tag-transparent","65":"product_tag-vert-2","66":"product_tag-vert","67":"product_tag-violet","68":"product_tag-zeve","69":"product_shipping_class-standard","71":"first","72":"instock","73":"taxable","74":"shipping-taxable","75":"purchasable","76":"product-type-simple"},"acf":[],"_links":{"self":[{"href":"https:\/\/esquell.eu\/fr\/wp-json\/wp\/v2\/product\/13129","targetHints":{"allow":["GET"]}}],"collection":[{"href":"https:\/\/esquell.eu\/fr\/wp-json\/wp\/v2\/product"}],"about":[{"href":"https:\/\/esquell.eu\/fr\/wp-json\/wp\/v2\/types\/product"}],"replies":[{"embeddable":true,"href":"https:\/\/esquell.eu\/fr\/wp-json\/wp\/v2\/comments?post=13129"}],"wp:featuredmedia":[{"embeddable":true,"href":"https:\/\/esquell.eu\/fr\/wp-json\/wp\/v2\/media\/7193"}],"wp:attachment":[{"href":"https:\/\/esquell.eu\/fr\/wp-json\/wp\/v2\/media?parent=13129"}],"wp:term":[{"taxonomy":"more","embeddable":true,"href":"https:\/\/esquell.eu\/fr\/wp-json\/wp\/v2\/more?post=13129"},{"taxonomy":"product_brand","embeddable":true,"href":"https:\/\/esquell.eu\/fr\/wp-json\/wp\/v2\/product_brand?post=13129"},{"taxonomy":"product_cat","embeddable":true,"href":"https:\/\/esquell.eu\/fr\/wp-json\/wp\/v2\/product_cat?post=13129"},{"taxonomy":"product_tag","embeddable":true,"href":"https:\/\/esquell.eu\/fr\/wp-json\/wp\/v2\/product_tag?post=13129"}],"curies":[{"name":"wp","href":"https:\/\/api.w.org\/{rel}","templated":true}]}}

Tamis à poudre pour émail ou fritte de verre. diamètre 6.5 cm

<p>Tamis à poudre à maille fine pour émail ou fritte de verre</p>
<p>Diamètre 6,5 cm</p>

<p>Tamis à poudre à maille fine pour émail ou fritte de verre</p>
<p>Diamètre 6,5 cm</p>
<p>&nbsp;</p>
